000
CXUS56 KMTR 192013
CLMSJC
CLIMATE REPORT
NATIONAL WEATHER SERVICE SAN FRANCISCO BAY AREA
1213 PM PST TUE DEC 19 2023
...................................
...THE SAN JOSE AIRPORT CLIMATE SUMMARY FOR THE MONTH OF FEBRUARY 2023...
CLIMATE NORMAL PERIOD: 1991 TO 2020
CLIMATE RECORD PERIOD: 1893 TO 2023
WEATHER OBSERVED NORMAL DEPART LAST YEAR`S
VALUE DATE(S) VALUE FROM VALUE DATE(S)
NORMAL
................................................................
TEMPERATURE (F)
RECORD
HIGH 81 02/26/1986
LOW 25 02/01/1917
02/02/1910
HIGHEST 69 02/20 81 02/12
LOWEST 33 02/01 33 02/24
02/18
AVG. MAXIMUM 59.3 62.4 -3.1 67.6
AVG. MINIMUM 39.6 43.9 -4.3 40.0
MEAN 49.4 53.8
DAYS MAX >= 90 0 0
DAYS MAX <= 32 0 0
DAYS MIN <= 32 0 0
DAYS MIN <= 0 0 0
PRECIPITATION (INCHES)
TOTALS 2.02R 2.69 -0.67 0.01
DAILY AVG. 0.07 0.10 -0.03 0.00
DAYS >= .01 11 1
DAYS >= .10 7 0
DAYS >= .50 1 0
DAYS >= 1.00 0 0
GREATEST
24 HR. TOTAL 0.64 02/23 TO 02/24 0.01 02/22 TO 02/22
DEGREE DAYS
HEATING TOTAL 429 332 97 307
SINCE 7/1 1222 1582 -360 MM
COOLING TOTAL 0 0 0 0
SINCE 1/1 0 0 0 MM
................................................................
WIND (MPH)
AVERAGE WIND SPEED 6.6
RESULTANT WIND SPEED/DIRECTION 1/280
HIGHEST WIND SPEED/DIRECTION 41/300 DATE 02/21
HIGHEST GUST SPEED/DIRECTION 61/310 DATE 02/21
SKY COVER
POSSIBLE SUNSHINE (PERCENT) MM
AVERAGE SKY COVER 0.52
NUMBER OF DAYS FAIR 8
NUMBER OF DAYS PC 13
NUMBER OF DAYS CLOUDY 7
AVERAGE RH (PERCENT) 62
WEATHER CONDITIONS. NUMBER OF DAYS WITH
THUNDERSTORM 3 MIXED PRECIP 0
HEAVY RAIN 4 RAIN 7
LIGHT RAIN 10 FREEZING RAIN 0
LT FREEZING RAIN 0 HAIL 0
HEAVY SNOW 0 SNOW 0
LIGHT SNOW 0 SLEET 0
FOG 8 FOG W/VIS <= 1/4 MILE 3
HAZE 3
- INDICATES NEGATIVE NUMBERS.
R INDICATES RECORD WAS SET OR TIED.
MM INDICATES DATA IS MISSING.
T INDICATES TRACE AMOUNT.
$$