000
CXUS45 KSLC 010812
CLMSLC
CLIMATE REPORT
NATIONAL WEATHER SERVICE SALT LAKE CITY UT
112 AM MST THU FEB 01 2024
...................................
...THE SALT LAKE CITY UT CLIMATE SUMMARY FOR THE MONTH OF JANUARY 2024...
CLIMATE NORMAL PERIOD 1991 TO 2020
CLIMATE RECORD PERIOD 1874 TO 2024
WEATHER OBSERVED NORMAL DEPART LAST YEAR`S
VALUE DATE(S) VALUE FROM VALUE DATE(S)
NORMAL
................................................................
TEMPERATURE (F)
RECORD
HIGH 63 01/31/2003
LOW -22 01/25/1949
HIGHEST 62 01/31 53 01/14
LOWEST 14 01/08 9 01/30
AVG. MAXIMUM 42.4 38.6 3.8 39.0
AVG. MINIMUM 27.2 24.2 3.0 28.0
MEAN 34.8 31.4 3.4 33.5
DAYS MAX >= 90 0 0.0 0.0 0
DAYS MAX <= 32 2 7.9 -5.9 5
DAYS MIN <= 32 24 27.4 -3.4 20
DAYS MIN <= 0 0 0.4 -0.4 0
PRECIPITATION (INCHES)
TOTALS 1.28 1.43 -0.15 2.71
DAYS >= .01 13 10.3 2.7 18
DAYS >= .10 4 4.5 -0.5 5
DAYS >= .50 0 0.6 -0.6 2
DAYS >= 1.00 0 0.0 0.0 0
SNOWFALL (INCHES)
TOTALS 13.0 12.7 0.3 10.1
SINCE 7/1 17.2 32.3 MM
DEGREE DAYS
HEATING TOTAL 931 1041 -110 967
SINCE 7/1 2745 3155 -410 MM
COOLING TOTAL 0 0 0 0
SINCE 1/1 0 0 0 MM
................................................................
WIND (MPH)
AVERAGE WIND SPEED 6.4
HIGHEST WIND SPEED/DIRECTION 46/330 DATE 01/09
HIGHEST GUST SPEED/DIRECTION 63/310 DATE 01/09
WEATHER CONDITIONS. NUMBER OF DAYS WITH
THUNDERSTORM 0 RAIN 0
HAIL 0 SNOW 4
FOG 22 FOG W/VIS <= 1/4 MILE 1
HAZE 17
- INDICATES NEGATIVE NUMBERS.
R INDICATES RECORD WAS SET OR TIED.
MM INDICATES DATA IS MISSING.
T INDICATES TRACE AMOUNT.
$$