000
CXUS56 KPQR 011201
CF6SLE
PRELIMINARY LOCAL CLIMATOLOGICAL DATA (WS FORM: F-6)
STATION: SALEM OR
MONTH: APRIL
YEAR: 2023
LATITUDE: 44 55 N
LONGITUDE: 123 0 W
TEMPERATURE IN F: :PCPN: SNOW: WIND :SUNSHINE: SKY :PK WND
================================================================================
1 2 3 4 5 6A 6B 7 8 9 10 11 12 13 14 15 16 17 18
12Z AVG MX 2MIN
DY MAX MIN AVG DEP HDD CDD WTR SNW DPTH SPD SPD DIR MIN PSBL S-S WX SPD DR
================================================================================
1 51 38 45 -4 20 0 0.24 M M 11.9 20 220 M M 9 18 26 260
2 46 35 41 -8 24 0 0.26 M M 8.7 22 300 M M 9 18 29 280
3 51 34 43 -6 22 0 0.05 M M 8.6 22 290 M M 8 18 28 310
4 49 35 42 -8 23 0 0.04 M M 6.4 20 320 M M 9 23 330
5 51 35 43 -7 22 0 0.08 M M 8.2 15 160 M M 9 20 150
6 57 46 52 2 13 0 0.67 M M 7.5 14 160 M M 10 1 18 150
7 57 43 50 0 15 0 0.30 M M 9.3 20 270 M M 8 1 26 250
8 58 42 50 0 15 0 T M M 5.6 16 210 M M 9 20 220
9 56 49 53 3 12 0 0.47 M M 7.0 21 160 M M 10 1 28 160
10 51 41 46 -4 19 0 1.36 M M 6.9 14 290 M M 10 1 18 300
11 52 40 46 -4 19 0 0.08 M M 8.6 18 270 M M 8 1 21 170
12 50 37 44 -6 21 0 0.08 M M 7.7 26 200 M M 8 1 37 190
13 55 36 46 -5 19 0 0.00 M M 3.4 13 350 M M 8 14 350
14 61 35 48 -3 17 0 0.00 M M 3.1 13 190 M M 2 15 220
15 58 38 48 -3 17 0 0.00 M M 5.3 14 140 M M 7 16 170
16 51 43 47 -4 18 0 0.21 M M 11.4 21 230 M M 7 18 28 220
17 51 39 45 -6 20 0 0.14 M M 12.9 25 200 M M 8 1 32 190
18 50 35 43 -9 22 0 0.22 M M 12.6 24 200 M M 9 1 32 210
19 52 38 45 -7 20 0 0.17 M M 11.2 20 240 M M 7 1 24 240
20 48 36 42 -10 23 0 0.53 M M 10.4 20 150 M M 9 1 27 160
21 58 47 53 1 12 0 T M M 6.9 16 200 M M 8 19 210
22 70 50 60 8 5 0 0.24 M M 3.8 17 280 M M 8 1 22 290
23 57 47 52 -1 13 0 0.03 M M 8.6 18 260 M M 10 18 22 250
24 58 42 50 -3 15 0 0.02 M M 6.3 15 310 M M 8 18 300
25 66 37 52 -1 13 0 0.00 M M 5.9 15 360 M M 1 21 360
26 75 42 59 6 6 0 0.00 M M 3.8 13 20 M M 0 16 340
27 78 50 64 10 1 0 0.00 M M 7.7 15 360 M M 0 20 360
28 91 49 70 16 0 5 0.00 M M 3.3 10 190 M M 0 13 250
29 81 52 67 13 0 2 0.00 M M 6.4 15 250 M M 0 20 200
30 62 50 56 2 9 0 0.00 M M 6.9 14 280 M M 8 18 290
================================================================================
SM 1751 1241 455 7 5.19 M 226.3 M 207
================================================================================
AV 58.4 41.4 7.5 FASTST M M 7 MAX(MPH)
MISC ----> 26 200 37 190
================================================================================
NOTES:
# LAST OF SEVERAL OCCURRENCES
COLUMN 17 PEAK WIND IN M.P.H.
PRELIMINARY LOCAL CLIMATOLOGICAL DATA (WS FORM: F-6) , PAGE 2
STATION: SALEM OR
MONTH: APRIL
YEAR: 2023
LATITUDE: 44 55 N
LONGITUDE: 123 0 W
[TEMPERATURE DATA] [PRECIPITATION DATA] SYMBOLS USED IN COLUMN 16
AVERAGE MONTHLY: 49.9 TOTAL FOR MONTH: 5.19 1 = FOG OR MIST
DPTR FM NORMAL: -1.4 DPTR FM NORMAL: 2.07 2 = FOG REDUCING VISIBILITY
HIGHEST: 91 ON 28 GRTST 24HR 1.44 ON 9-10 TO 1/4 MILE OR LESS
LOWEST: 34 ON 3 3 = THUNDER
SNOW, ICE PELLETS, HAIL 4 = ICE PELLETS
TOTAL MONTH: M 5 = HAIL
GRTST 24HR M ON M 6 = FREEZING RAIN OR DRIZZLE
GRTST DEPTH: M ON M 7 = DUSTSTORM OR SANDSTORM:
VSBY 1/2 MILE OR LESS
8 = SMOKE OR HAZE
[NO. OF DAYS WITH] [WEATHER - DAYS WITH] 9 = BLOWING SNOW
X = TORNADO
MAX 32 OR BELOW: 0 0.01 INCH OR MORE: 19
MAX 90 OR ABOVE: 1 0.10 INCH OR MORE: 12
MIN 32 OR BELOW: 0 0.50 INCH OR MORE: 3
MIN 0 OR BELOW: 0 1.00 INCH OR MORE: 1
[HDD (BASE 65) ]
TOTAL THIS MO. 455 CLEAR (SCALE 0-3) 6
DPTR FM NORMAL 43 PTCLDY (SCALE 4-7) 10
TOTAL FM JUL 1 4158 CLOUDY (SCALE 8-10) 14
DPTR FM NORMAL 165
[CDD (BASE 65) ]
TOTAL THIS MO. 7
DPTR FM NORMAL 6 [PRESSURE DATA]
TOTAL FM JAN 1 7 HIGHEST SLP 30.43 ON 21
DPTR FM NORMAL 6 LOWEST SLP 29.73 ON 17
[REMARKS]
#FINAL-04-23#