000
CXUS56 KLOX 011255
CF6SMX
PRELIMINARY LOCAL CLIMATOLOGICAL DATA (WS FORM: F-6)
STATION: SANTA MARIA AIRPORT CA
MONTH: DECEMBER
YEAR: 2021
LATITUDE: 34 54 N
LONGITUDE: 120 27 W
TEMPERATURE IN F: :PCPN: SNOW: WIND :SUNSHINE: SKY :PK WND
================================================================================
1 2 3 4 5 6A 6B 7 8 9 10 11 12 13 14 15 16 17 18
12Z AVG MX 2MIN
DY MAX MIN AVG DEP HDD CDD WTR SNW DPTH SPD SPD DIR MIN PSBL S-S WX SPD DR
================================================================================
1 82 42 62 8 3 0 0.00 M M 3.1 10 290 M M 1 128 12 300
2 62 39 51 -3 14 0 0.00 M M 2.7 10 330 M M 7 128 12 320
3 56 45 51 -2 14 0 0.00 M M 4.1 9 300 M M 9 1 11 60
4 60 43 52 -1 13 0 0.00 M M 4.8 15 300 M M 6 1 18 300
5 71 39 55 2 10 0 0.00 M M 5.2 18 310 M M 1 128 22 310
6 65 40 53 0 12 0 0.00 M M 3.9 18 310 M M 3 1 23 300
7 63 51 57 4 8 0 0.01 M M 3.3 12 240 M M 8 1 17 270
8 67 47 57 5 8 0 0.00 M M 4.4 20 300 M M 8 12 23 310
9 57 41 49 -3 16 0 0.14 M M 8.3 23 300 M M 7 18 30 310
10 62 37 50 -2 15 0 0.00 M M 6.3 18 300 M M 0 22 310
11 63 35 49 -3 16 0 0.00 M M 3.5 14 310 M M 0 15 310
12 62 34 48 -4 17 0 0.00 M M 3.7 12 300 M M 0 14 300
13 56 41 49 -3 16 0 0.85 M M 16.2 31 160 M M 7 1 38 170
14 57 39 48 -4 17 0 1.13 M M 9.5 26 300 M M 7 18 35 300
15 55 35 45 -7 20 0 0.01 M M 2.9 10 300 M M 3 13 280
16 59 38 49 -3 16 0 0.01 M M 7.1 16 300 M M 8 18 19 290
17 63 37 50 -2 15 0 0.00 M M 3.8 13 300 M M 0 16 40
18 62 33 48 -4 17 0 0.00 M M 3.3 10 300 M M 0 12 300
19 57 34 46 -6 19 0 0.00 M M 3.8 10 260 M M 3 1 14 260
20 55 43 49 -3 16 0 0.00 M M 4.1 10 100 M M 7 12 70
21 61 38 50 -2 15 0 0.00 M M 3.1 13 300 M M 2 16 300
22 62 42 52 0 13 0 0.45 M M 4.5 14 160 M M 9 1 17 150
23 58 55 57 5 8 0 1.08 M M 11.0 23 150 M M 10 1 30 170
24 59 49 54 2 11 0 0.03 M M 7.4 24 290 M M 9 18 29 290
25 58 43 51 -1 14 0 0.58 M M 7.7 20 290 M M 9 1 27 210
26 54 37 46 -6 19 0 T M M 5.6 15 300 M M 3 17 300
27 55 37 46 -6 19 0 0.35 M M 8.2 21 290 M M 7 18 28 290
28 54 39 47 -5 18 0 0.02 M M 4.1 13 290 M M 5 1 16 290
29 57 44 51 -1 14 0 0.02 M M 10.2 26 160 M M 8 1 35 160
30 61 42 52 0 13 0 0.01 M M 2.8 15 320 M M 7 18 18 320
31 57 37 47 -5 18 0 0.00 M M 9.3 22 330 M M 2 1 27 320
================================================================================
SM 1870 1256 444 0 4.69 M 177.9 M 156
================================================================================
AV 60.3 40.5 5.7 FASTST M M 5 MAX(MPH)
MISC ----> 31 160 38 170
================================================================================
NOTES:
# LAST OF SEVERAL OCCURRENCES
COLUMN 17 PEAK WIND IN M.P.H.
PRELIMINARY LOCAL CLIMATOLOGICAL DATA (WS FORM: F-6) , PAGE 2
STATION: SANTA MARIA AIRPORT CA
MONTH: DECEMBER
YEAR: 2021
LATITUDE: 34 54 N
LONGITUDE: 120 27 W
[TEMPERATURE DATA] [PRECIPITATION DATA] SYMBOLS USED IN COLUMN 16
AVERAGE MONTHLY: 50.4 TOTAL FOR MONTH: 4.69 1 = FOG OR MIST
DPTR FM NORMAL: -1.8 DPTR FM NORMAL: 2.64 2 = FOG REDUCING VISIBILITY
HIGHEST: 82 ON 1 GRTST 24HR 1.97 ON 13-14 TO 1/4 MILE OR LESS
LOWEST: 33 ON 18 3 = THUNDER
SNOW, ICE PELLETS, HAIL 4 = ICE PELLETS
TOTAL MONTH: M 5 = HAIL
GRTST 24HR M ON M 6 = FREEZING RAIN OR DRIZZLE
GRTST DEPTH: M ON M 7 = DUSTSTORM OR SANDSTORM:
VSBY 1/2 MILE OR LESS
8 = SMOKE OR HAZE
[NO. OF DAYS WITH] [WEATHER - DAYS WITH] 9 = BLOWING SNOW
X = TORNADO
MAX 32 OR BELOW: 0 0.01 INCH OR MORE: 14
MAX 90 OR ABOVE: 0 0.10 INCH OR MORE: 7
MIN 32 OR BELOW: 0 0.50 INCH OR MORE: 4
MIN 0 OR BELOW: 0 1.00 INCH OR MORE: 2
[HDD (BASE 65) ]
TOTAL THIS MO. 444 CLEAR (SCALE 0-3) 13
DPTR FM NORMAL 47 PTCLDY (SCALE 4-7) 13
TOTAL FM JUL 1 870 CLOUDY (SCALE 8-10) 5
DPTR FM NORMAL -50
[CDD (BASE 65) ]
TOTAL THIS MO. 0
DPTR FM NORMAL 0 [PRESSURE DATA]
TOTAL FM JAN 1 111 HIGHEST SLP 30.30 ON 15
DPTR FM NORMAL -56 LOWEST SLP 29.72 ON 24
[REMARKS]
#FINAL-12-21#