000
CXUS56 KMTR 010900
CF6SNS
PRELIMINARY LOCAL CLIMATOLOGICAL DATA (WS FORM: F-6)
STATION: SALINAS AIRPORT
MONTH: JULY
YEAR: 2023
LATITUDE: 36 40 N
LONGITUDE: 121 36 W
TEMPERATURE IN F: :PCPN: SNOW: WIND :SUNSHINE: SKY :PK WND
================================================================================
1 2 3 4 5 6A 6B 7 8 9 10 11 12 13 14 15 16 17 18
12Z AVG MX 2MIN
DY MAX MIN AVG DEP HDD CDD WTR SNW DPTH SPD SPD DIR MIN PSBL S-S WX SPD DR
================================================================================
1 77 55 66 4 0 1 0.00 M M 6.9 17 310 M M 3 128 22 320
2 76 56 66 4 0 1 0.00 M M 9.8 18 320 M M 3 128 24 320
3 72 59 66 4 0 1 0.00 M M 9.2 17 300 M M 7 18 24 310
4 72 58 65 3 0 0 0.00 M M 8.5 18 290 M M 6 8 25 310
5 69 56 63 1 2 0 0.00 M M 8.1 17 290 M M 7 25 320
6 70 59 65 2 0 0 0.00 M M 8.4 18 290 M M 8 25 280
7 68 57 63 0 2 0 0.00 M M 12.0 20 280 M M 7 18 27 270
8 69 58 64 1 1 0 0.00 M M 12.4 20 280 M M 6 27 280
9 69 58 64 1 1 0 0.00 M M 10.4 17 250 M M 5 24 300
10 73 56 65 2 0 0 0.00 M M 8.5 18 310 M M 6 18 24 300
11 72 55 64 1 1 0 0.00 M M 7.9 18 300 M M 6 18 24 290
12 71 55 63 0 2 0 0.00 M M 7.6 17 290 M M 5 18 24 320
13 77 54 66 3 0 1 0.00 M M 8.5 16 320 M M 4 128 22 290
14 72 56 64 1 1 0 0.00 M M 9.0 17 320 M M 5 18 23 280
15 76 56 66 3 0 1 0.00 M M 8.1 17 320 M M 5 128 23 290
16 72 57 65 2 0 0 0.00 M M 7.1 16 310 M M 2 18 22 310
17 73 56 65 2 0 0 0.00 M M 7.3 22 310 M M 2 18 29 300
18 72 57 65 2 0 0 0.00 M M 8.1 16 330 M M 3 18 26 320
19 69 56 63 0 2 0 0.00 M M 8.7 17 310 M M 7 18 23 310
20 74 55 65 2 0 0 0.00 M M 7.5 17 300 M M 5 18 24 310
21 73 56 65 2 0 0 0.00 M M 8.2 17 320 M M 3 128 22 320
22 75 53 64 1 1 0 0.00 M M 6.9 17 310 M M 3 12 23 290
23 71 57 64 1 1 0 0.00 M M 7.9 20 310 M M 2 27 320
24 74 57 66 3 0 1 0.00 M M 7.9 18 290 M M 4 18 23 290
25 77 55 66 3 0 1 0.00 M M 9.1 17 310 M M 0 23 320
26 70 58 64 1 1 0 T M M 9.6 18 300 M M 5 18 26 310
27 71 57 64 1 1 0 0.00 M M 8.1 17 310 M M 4 18 23 280
28 74 56 65 2 0 0 0.00 M M 9.0 17 280 M M 2 18 23 300
29 75 56 66 3 0 1 0.00 M M 8.6 16 340 M M 2 18 24 290
30 76 56 66 3 0 1 0.00 M M 8.5 15 320 M M 3 128 22 310
31 71 58 65 2 0 0 0.00 M M 9.0 17 320 M M 5 8 23 270
================================================================================
SM 2250 1748 16 9 T M 266.8 M 135
================================================================================
AV 72.6 56.4 8.6 FASTST M M 4 MAX(MPH)
MISC ----> 22 310 29 300
================================================================================
NOTES:
# LAST OF SEVERAL OCCURRENCES
COLUMN 17 PEAK WIND IN M.P.H.
PRELIMINARY LOCAL CLIMATOLOGICAL DATA (WS FORM: F-6) , PAGE 2
STATION: SALINAS AIRPORT
MONTH: JULY
YEAR: 2023
LATITUDE: 36 40 N
LONGITUDE: 121 36 W
[TEMPERATURE DATA] [PRECIPITATION DATA] SYMBOLS USED IN COLUMN 16
AVERAGE MONTHLY: 64.5 TOTAL FOR MONTH: T 1 = FOG OR MIST
DPTR FM NORMAL: 1.6 DPTR FM NORMAL: -0.01 2 = FOG REDUCING VISIBILITY
HIGHEST: 77 ON 25,13 GRTST 24HR T ON 26-26 TO 1/4 MILE OR LESS
LOWEST: 53 ON 22 3 = THUNDER
SNOW, ICE PELLETS, HAIL 4 = ICE PELLETS
TOTAL MONTH: M 5 = HAIL
GRTST 24HR M ON M 6 = FREEZING RAIN OR DRIZZLE
GRTST DEPTH: M ON M 7 = DUSTSTORM OR SANDSTORM:
VSBY 1/2 MILE OR LESS
8 = SMOKE OR HAZE
[NO. OF DAYS WITH] [WEATHER - DAYS WITH] 9 = BLOWING SNOW
X = TORNADO
MAX 32 OR BELOW: 0 0.01 INCH OR MORE: 0
MAX 90 OR ABOVE: 0 0.10 INCH OR MORE: 0
MIN 32 OR BELOW: 0 0.50 INCH OR MORE: 0
MIN 0 OR BELOW: 0 1.00 INCH OR MORE: 0
[HDD (BASE 65) ]
TOTAL THIS MO. 16 CLEAR (SCALE 0-3) 8
DPTR FM NORMAL -64 PTCLDY (SCALE 4-7) 22
TOTAL FM JUL 1 16 CLOUDY (SCALE 8-10) 1
DPTR FM NORMAL -64
[CDD (BASE 65) ]
TOTAL THIS MO. 9
DPTR FM NORMAL -4 [PRESSURE DATA]
TOTAL FM JAN 1 10 HIGHEST SLP M ON M
DPTR FM NORMAL -29 LOWEST SLP 29.86 ON 22
[REMARKS]
#FINAL-07-23#