000
CXUS56 KMTR 011813
CF6SNS
PRELIMINARY LOCAL CLIMATOLOGICAL DATA (WS FORM: F-6)
STATION: SALINAS AIRPORT
MONTH: JUNE
YEAR: 2020
LATITUDE: 36 40 N
LONGITUDE: 121 36 W
TEMPERATURE IN F: :PCPN: SNOW: WIND :SUNSHINE: SKY :PK WND
================================================================================
1 2 3 4 5 6A 6B 7 8 9 10 11 12 13 14 15 16 17 18
12Z AVG MX 2MIN
DY MAX MIN AVG DEP HDD CDD WTR SNW DPTH SPD SPD DIR MIN PSBL S-S WX SPD DR
================================================================================
1 69 58 64 4 1 0 0.00 M M 7.9 16 330 M M 4 21 330
2 86 54 70 9 0 5 0.00 M M 6.8 17 310 M M 0 18 20 320
3 90 58 74 13 0 9 0.00 M M 6.9 16 300 M M 0 8 22 300
4 80 57 69 8 0 4 0.00 M M 9.0 20 320 M M 3 18 25 320
5 64 57 61 0 4 0 T M M 9.2 20 280 M M 10 18 25 290
6 69 56 63 2 2 0 0.00 M M 10.7 22 280 M M 3 27 270
7 70 49 60 -1 5 0 0.00 M M 11.7 25 290 M M 0 33 290
8 76 48 62 1 3 0 0.00 M M 9.1 21 290 M M 0 25 280
9 82 48 65 4 0 0 0.00 M M 7.0 17 330 M M 0 22 330
10 79 56 68 7 0 3 0.00 M M 8.4 16 350 M M 0 20 290
11 78 55 67 6 0 2 0.00 M M 8.0 18 270 M M 3 12 23 280
12 72 58 65 4 0 0 0.00 M M 13.7 24 270 M M 3 29 270
13 71 57 64 2 1 0 0.00 M M 9.2 20 290 M M 3 26 310
14 74 55 65 3 0 0 0.00 M M 9.1 20 290 M M 0 25 290
15 76 56 66 4 0 1 0.00 M M 11.3 22 280 M M 1 128 27 280
16 72 57 65 3 0 0 0.00 M M 12.8 20 250 M M 0 24 280
17 81 49 65 3 0 0 0.00 M M 6.9 18 300 M M 0 24 300
18 80 54 67 5 0 2 0.00 M M 10.6 21 320 M M 1 1 25 320
19 70 55 63 1 2 0 0.00 M M 9.9 20 340 M M 8 1 24 320
20 68 56 62 0 3 0 0.00 M M 9.9 20 320 M M 8 1 24 320
21 71 57 64 2 1 0 0.00 M M 8.7 17 320 M M 6 1 22 320
22 71 58 65 3 0 0 T M M 9.1 20 330 M M 8 18 24 330
23 76 58 67 5 0 2 T M M 8.6 22 330 M M 7 18 27 340
24 71 58 65 3 0 0 0.00 M M 8.0 18 310 M M 8 1 24 330
25 72 58 65 3 0 0 T M M 8.0 21 330 M M 8 18 27 300
26 75 59 67 5 0 2 0.00 M M 8.5 20 310 M M 7 23 320
27 70 58 64 2 1 0 0.00 M M 10.4 21 320 M M 8 18 26 340
28 69 59 64 1 1 0 0.00 M M 11.9 22 300 M M 9 8 28 280
29 72 52 62 -1 3 0 0.00 M M 9.2 18 310 M M 2 18 23 300
30 76 54 65 2 0 0 0.00 M M 9.3 18 310 M M 4 128 22 320
================================================================================
SM 2230 1664 27 30 T M 279.8 M 114
================================================================================
AV 74.3 55.5 9.3 FASTST M M 4 MAX(MPH)
MISC ----> 25 290 33 290
================================================================================
NOTES:
# LAST OF SEVERAL OCCURRENCES
COLUMN 17 PEAK WIND IN M.P.H.
PRELIMINARY LOCAL CLIMATOLOGICAL DATA (WS FORM: F-6) , PAGE 2
STATION: SALINAS AIRPORT
MONTH: JUNE
YEAR: 2020
LATITUDE: 36 40 N
LONGITUDE: 121 36 W
[TEMPERATURE DATA] [PRECIPITATION DATA] SYMBOLS USED IN COLUMN 16
AVERAGE MONTHLY: 64.9 TOTAL FOR MONTH: T 1 = FOG OR MIST
DPTR FM NORMAL: 3.2 DPTR FM NORMAL: -0.09 2 = FOG REDUCING VISIBILITY
HIGHEST: 90 ON 3 GRTST 24HR T ON 31- 1 TO 1/4 MILE OR LESS
LOWEST: 48 ON 9, 8 3 = THUNDER
SNOW, ICE PELLETS, HAIL 4 = ICE PELLETS
TOTAL MONTH: M 5 = HAIL
GRTST 24HR M ON M 6 = FREEZING RAIN OR DRIZZLE
GRTST DEPTH: M ON M 7 = DUSTSTORM OR SANDSTORM:
VSBY 1/2 MILE OR LESS
8 = SMOKE OR HAZE
[NO. OF DAYS WITH] [WEATHER - DAYS WITH] 9 = BLOWING SNOW
X = TORNADO
MAX 32 OR BELOW: 0 0.01 INCH OR MORE: 0
MAX 90 OR ABOVE: 1 0.10 INCH OR MORE: 0
MIN 32 OR BELOW: 0 0.50 INCH OR MORE: 0
MIN 0 OR BELOW: 0 1.00 INCH OR MORE: 0
[HDD (BASE 65) ]
TOTAL THIS MO. 27 CLEAR (SCALE 0-3) 16
DPTR FM NORMAL -86 PTCLDY (SCALE 4-7) 11
TOTAL FM JUL 1 2269 CLOUDY (SCALE 8-10) 3
DPTR FM NORMAL -417
[CDD (BASE 65) ]
TOTAL THIS MO. 30
DPTR FM NORMAL 18 [PRESSURE DATA]
TOTAL FM JAN 1 59 HIGHEST SLP 30.20 ON 9
DPTR FM NORMAL 31 LOWEST SLP 29.80 ON 4
[REMARKS]
#FINAL-06-20#