000
CXUS56 KPQR 011610
CF6SPB
PRELIMINARY LOCAL CLIMATOLOGICAL DATA (WS FORM: F-6)
STATION: SCAPPOOSE OR
MONTH: JUNE
YEAR: 2022
LATITUDE: 45 46 N
LONGITUDE: 122 50 W
TEMPERATURE IN F: :PCPN: SNOW: WIND :SUNSHINE: SKY :PK WND
================================================================================
1 2 3 4 5 6A 6B 7 8 9 10 11 12 13 14 15 16 17 18
12Z AVG MX 2MIN
DY MAX MIN AVG DEP HDD CDD WTR SNW DPTH SPD SPD DIR MIN PSBL S-S WX SPD DR
================================================================================
1 78 54 66 6 0 1 0.00 M M 3.2 15 360 M M 1 20 360
2 78 51 65 5 0 0 T M M 3.2 10 20 M M 4 18 14 20
3 67 55 61 1 4 0 0.02 M M 5.0 15 210 M M 9 1 21 200
4 63 55 59 -1 6 0 0.82 M M 4.0 12 150 M M 10 1 14 130
5 71 57 64 4 1 0 0.05 M M 7.1 15 230 M M 9 1 22 250
6 67 53 60 0 5 0 0.00 M M 5.0 12 360 M M 7 15 10
7 75 45 60 0 5 0 0.00 M M 3.3 10 230 M M 3 13 180
8 76 58 67 6 0 2 0.00 M M 4.7 10 340 M M 4 13 70
9 65 55 60 -1 5 0 0.32 M M 3.4 13 140 M M 9 1 16 130
10 68 58 63 2 2 0 0.74 M M 2.2 9 190 M M 10 1 13 170
11 67 53 60 -1 5 0 0.13 M M 2.1 8 340 M M 9 1 12 360
12 61 51 56 -5 9 0 0.02 M M 4.8 15 280 M M 8 25 290
13 60 49 55 -6 10 0 T M M 4.1 15 270 M M 10 1 19 260
14 67 48 58 -3 7 0 0.02 M M 4.4 12 300 M M 7 1 17 320
15 70 46 58 -4 7 0 0.03 M M 1.7 12 30 M M 2 14 30
16 70 52 61 -1 4 0 T M M 5.4 13 340 M M 6 17 230
17 63 51 57 -5 8 0 0.10 M M 4.3 10 320 M M 7 1 15 340
18 M M M M M M M M M M M M M M M M M
19 M M M M M M M M M M M M M M M M M
20 M M M M M M 0.00 M M M M M M M M M M
21 M M M M M M M M M M M M M M M M M
22 77 54 66 3 0 1 0.00 M M 7.5 18 10 M M 0 23 10
23 76 48 62 -1 3 0 0.00 M M 7.0 14 10 M M 0 20 320
24 84 55 70 7 0 5 0.00 M M 7.9 16 340 M M 0 23 340
25 93 53 73 9 0 8 0.00 M M 4.9 14 80 M M 0 19 50
26 99 55 77 13 0 12 0.00 M M 3.7 8 290 M M 0 11 360
27 94 58 76 12 0 11 0.00 M M 3.5 15 230 M M 0 20 170
28 73 52 63 -1 2 0 0.00 M M 4.8 16 230 M M 4 22 240
29 75 50 63 -1 2 0 0.00 M M 5.3 18 360 M M 4 26 360
30 82 55 69 4 0 4 0.00 M M 7.2 15 10 M M 3 20 330
================================================================================
SM 1919 1371 85 44 2.25 M 119.7 M 126
================================================================================
AV 73.8 52.7 4.6 FASTST M M 5 MAX(MPH)
MISC ----> # 18 10 26 360
================================================================================
NOTES:
# LAST OF SEVERAL OCCURRENCES
COLUMN 17 PEAK WIND IN M.P.H.
PRELIMINARY LOCAL CLIMATOLOGICAL DATA (WS FORM: F-6) , PAGE 2
STATION: SCAPPOOSE OR
MONTH: JUNE
YEAR: 2022
LATITUDE: 45 46 N
LONGITUDE: 122 50 W
[TEMPERATURE DATA] [PRECIPITATION DATA] SYMBOLS USED IN COLUMN 16
AVERAGE MONTHLY: 63.3 TOTAL FOR MONTH: 2.25 1 = FOG OR MIST
DPTR FM NORMAL: 1.5 DPTR FM NORMAL: 0.88 2 = FOG REDUCING VISIBILITY
HIGHEST: 99 ON 26 GRTST 24HR 0.86 ON 9-10 TO 1/4 MILE OR LESS
LOWEST: 45 ON 7 3 = THUNDER
SNOW, ICE PELLETS, HAIL 4 = ICE PELLETS
TOTAL MONTH: M 5 = HAIL
GRTST 24HR M ON M 6 = FREEZING RAIN OR DRIZZLE
GRTST DEPTH: M ON M 7 = DUSTSTORM OR SANDSTORM:
VSBY 1/2 MILE OR LESS
8 = SMOKE OR HAZE
[NO. OF DAYS WITH] [WEATHER - DAYS WITH] 9 = BLOWING SNOW
X = TORNADO
MAX 32 OR BELOW: 0 0.01 INCH OR MORE: 10
MAX 90 OR ABOVE: 3 0.10 INCH OR MORE: 5
MIN 32 OR BELOW: 0 0.50 INCH OR MORE: 2
MIN 0 OR BELOW: 0 1.00 INCH OR MORE: 0
[HDD (BASE 65) ]
TOTAL THIS MO. 85 CLEAR (SCALE 0-3) 10
DPTR FM NORMAL -45 PTCLDY (SCALE 4-7) 8
TOTAL FM JUL 1 4487 CLOUDY (SCALE 8-10) 12
DPTR FM NORMAL -204
[CDD (BASE 65) ]
TOTAL THIS MO. 44
DPTR FM NORMAL 9 [PRESSURE DATA]
TOTAL FM JAN 1 44 HIGHEST SLP 30.24 ON 14
DPTR FM NORMAL -3 LOWEST SLP 29.61 ON 5
[REMARKS]
#FINAL-06-22#