000
CXUS55 KPUB 011210
CF6SPD
PRELIMINARY LOCAL CLIMATOLOGICAL DATA (WS FORM: F-6)
STATION: SPRINGFIELD CO
MONTH: AUGUST
YEAR: 2021
LATITUDE: 37 16 N
LONGITUDE: 102 37 W
TEMPERATURE IN F: :PCPN: SNOW: WIND :SUNSHINE: SKY :PK WND
================================================================================
1 2 3 4 5 6A 6B 7 8 9 10 11 12 13 14 15 16 17 18
12Z AVG MX 2MIN
DY MAX MIN AVG DEP HDD CDD WTR SNW DPTH SPD SPD DIR MIN PSBL S-S WX SPD DR
================================================================================
1 76 59 68 -7 0 3 0.17 M M 7.1 17 50 M M 0 24 60
2 82 56 69 -6 0 4 0.00 M M 9.0 16 140 M M 0 21 140
3 86 61 74 -1 0 9 0.00 M M 16.3 26 180 M M 0 37 170
4 75 58 67 -8 0 2 0.03 M M 10.8 18 220 M M 0 27 230
5 89 55 72 -3 0 7 0.00 M M 6.2 15 360 M M 0 19 360
6 97 57 77 2 0 12 0.00 M M 10.8 20 190 M M 0 28 180
7 95 62 79 4 0 14 0.00 M M 10.6 22 20 M M 0 30 230
8 91 56 74 -1 0 9 0.00 M M 6.7 16 150 M M 0 20 140
9 97 59 78 3 0 13 0.00 M M 6.8 21 200 M M 0 29 210
10 95 63 79 5 0 14 0.00 M M 7.6 18 310 M M 0 25 320
11 98 61 80 6 0 15 0.00 M M 7.2 18 180 M M 0 28 200
12 95 62 79 5 0 14 0.01 M M 9.8 25 10 M M 0 37 10
13 86 62 74 0 0 9 0.00 M M 7.0 22 180 M M 0 29 170
14 91 54 73 -1 0 8 0.00 M M 11.7 22 160 M M 0 30 240
15 93 57 75 1 0 10 0.08 M M 12.1 31 320 M M 0 43 310
16 91 59 75 1 0 10 0.00 M M 11.2 33 160 M M 0 42 160
17 91 54 73 -1 0 8 0.00 M M 12.3 28 140 M M 0 35 120
18 91 63 77 4 0 12 0.00 M M 19.6 29 150 M M 0 39 170
19 99 64 82 9 0 17 0.00 M M 16.1 25 190 M M 0 38 180
20 93 61 77 4 0 12 0.00 M M 9.8 22 50 M M 0 31 60
21 84 59 72 -1 0 7 0.00 M M 12.3 30 130 M M 0 38 130
22 100 63 82 9 0 17 0.00 M M 16.1 28 180 M M 0 41 180
23 100 70 85 12 0 20 0.00 M M 10.6 18 190 M M 0 25 200
24 101 66 84 12 0 19 0.00 M M 11.2 22 320 M M 0 30 320
25 99 63 81 9 0 16 1.34 M M 10.0 29 190 M M 0 40 200
26 95 65 80 8 0 15 0.00 M M 15.4 29 170 M M 0 44 170
27 95 59 77 5 0 12 0.01 M M 12.7 39 170 M M 0 52 160
28 96 65 81 9 0 16 0.00 M M 16.1 25 190 M M 0 36 180
29 82 62 72 0 0 7 0.00 M M 13.4 28 180 M M 0 37 200
30 93 59 76 5 0 11 0.00 M M 13.2 23 170 M M 0 31 160
31 98 58 78 7 0 13 0.00 M M 8.8 22 150 M M 0 29 160
================================================================================
SM 2854 1872 0 355 1.64 M 348.5 M 0
================================================================================
AV 92.1 60.4 11.2 FASTST M M 0 MAX(MPH)
MISC ----> 39 170 52 160
================================================================================
NOTES:
# LAST OF SEVERAL OCCURRENCES
COLUMN 17 PEAK WIND IN M.P.H.
PRELIMINARY LOCAL CLIMATOLOGICAL DATA (WS FORM: F-6) , PAGE 2
STATION: SPRINGFIELD CO
MONTH: AUGUST
YEAR: 2021
LATITUDE: 37 16 N
LONGITUDE: 102 37 W
[TEMPERATURE DATA] [PRECIPITATION DATA] SYMBOLS USED IN COLUMN 16
AVERAGE MONTHLY: 76.2 TOTAL FOR MONTH: 1.64 1 = FOG OR MIST
DPTR FM NORMAL: 2.7 DPTR FM NORMAL: -0.89 2 = FOG REDUCING VISIBILITY
HIGHEST: 101 ON 24 GRTST 24HR 1.82 ON 31- 1 TO 1/4 MILE OR LESS
LOWEST: 54 ON 17,14 3 = THUNDER
SNOW, ICE PELLETS, HAIL 4 = ICE PELLETS
TOTAL MONTH: M 5 = HAIL
GRTST 24HR M ON M 6 = FREEZING RAIN OR DRIZZLE
GRTST DEPTH: M ON M 7 = DUSTSTORM OR SANDSTORM:
VSBY 1/2 MILE OR LESS
8 = SMOKE OR HAZE
[NO. OF DAYS WITH] [WEATHER - DAYS WITH] 9 = BLOWING SNOW
X = TORNADO
MAX 32 OR BELOW: 0 0.01 INCH OR MORE: 6
MAX 90 OR ABOVE: 23 0.10 INCH OR MORE: 2
MIN 32 OR BELOW: 0 0.50 INCH OR MORE: 1
MIN 0 OR BELOW: 0 1.00 INCH OR MORE: 1
[HDD (BASE 65) ]
TOTAL THIS MO. 0 CLEAR (SCALE 0-3) 31
DPTR FM NORMAL -6 PTCLDY (SCALE 4-7) 0
TOTAL FM JUL 1 0 CLOUDY (SCALE 8-10) 0
DPTR FM NORMAL -3
[CDD (BASE 65) ]
TOTAL THIS MO. 355
DPTR FM NORMAL 85 [PRESSURE DATA]
TOTAL FM JAN 1 1041 HIGHEST SLP 30.27 ON 1
DPTR FM NORMAL 184 LOWEST SLP 29.59 ON 19
[REMARKS]
#FINAL-08-21#