000
CXUS53 KILX 011534
CLSSPI
CLIMATE REPORT
NATIONAL WEATHER SERVICE LINCOLN IL
1034 AM CDT WED JUN 01 2022
...................................
...THE SPRINGFIELD IL CLIMATE SUMMARY FOR THE SEASON, FROM
3/1/2022 TO 5/31/2022...
CLIMATE NORMAL PERIOD 1991 TO 2020
CLIMATE RECORD PERIOD 1879 TO 2022
WEATHER OBSERVED NORMAL DEPART LAST YEAR`S
VALUE DATE(S) VALUE FROM VALUE
NORMAL
..............................................................
TEMPERATURE (F)
RECORD
HIGH 101 05/31/1934
LOW -12 03/05/1960
HIGHEST 94 05/11 MM MM 88
LOWEST 9 03/12 MM MM 21
AVG. MAXIMUM 64.2 64.8 -0.6 65.0
AVG. MINIMUM 43.7 43.6 0.1 44.0
MEAN 54.0 54.2 -0.2 54.5
DAYS MAX >= 90 5 1.2 3.8 0
DAYS MAX <= 32 2 1.4 0.6 0
DAYS MIN <= 32 16 20.1 -4.1 16
DAYS MIN <= 0 0 0.2 -0.2 0
PRECIPITATION (INCHES)
RECORD
MAXIMUM 21.83 1977
MINIMUM 4.37 1930
TOTALS 10.50 11.25 -0.75 13.59
DAILY AVG. 0.12 0.15
DAYS >= .01 37 34.6 2.4 31
DAYS >= .10 23 21.2 1.8 24
DAYS >= .50 7 7.7 -0.7 11
DAYS >= 1.00 1 2.5 -1.5 3
GREATEST
24 HR. TOTAL 1.60 2.31
SNOWFALL (INCHES)
RECORDS
TOTAL 35.2 1906
24 HR TOTAL 17.4 03/24/2013 TO 03/25/2013
TOTALS 3.7 3.4 0.3 0.3
SINCE 7/1 24.6 21.8 2.8 MM
DAYS >= TRACE 5 2.2 2.8 1
DAYS >= 1.0 2 0.8 1.2 0
GREATEST
SNOW DEPTH 3 03/11 0
24 HR TOTAL MM 0.3
DEGREE DAYS
HEATING TOTAL 1173 1127 46 1062
SINCE 7/1 4340 5207 -867 MM
COOLING TOTAL 183 134 49 120
SINCE 1/1 183 134 49 MM
FREEZE DATES
RECORD
EARLIEST 09/20/1991
LATEST 05/10/1966
EARLIEST 11/02
LATEST 04/22
..............................................................
WIND (MPH)
AVERAGE WIND SPEED 11.6
HIGHEST WIND SPEED/DIRECTION 39/250 DATE 03/05
HIGHEST GUST SPEED/DIRECTION 63/250 DATE 03/05
SKY COVER
POSSIBLE SUNSHINE (PERCENT) MM
AVERAGE SKY COVER 0.41
NUMBER OF DAYS FAIR 48
NUMBER OF DAYS PC 23
NUMBER OF DAYS CLOUDY 21
AVERAGE RH (PERCENT) 66
WEATHER CONDITIONS. NUMBER OF DAYS WITH
THUNDERSTORM 11 MIXED PRECIP 2
HEAVY RAIN 12 RAIN 18
LIGHT RAIN 48 FREEZING RAIN 0
LT FREEZING RAIN 0 HAIL 0
HEAVY SNOW 0 SNOW 0
LIGHT SNOW 5 SLEET 0
FOG 27 FOG W/VIS <= 1/4 MILE 1
HAZE 4
- INDICATES NEGATIVE NUMBERS.
R INDICATES RECORD WAS SET OR TIED.
MM INDICATES DATA IS MISSING.
T INDICATES TRACE AMOUNT.
$$
ERWIN