000
CXUS54 KEPZ 221306
CF6SRR
PRELIMINARY LOCAL CLIMATOLOGICAL DATA (WS FORM: F-6)
STATION: RUIDOSO AWOS
MONTH: SEPTEMBER
YEAR: 2022
LATITUDE: 33 28 N
LONGITUDE: 105 32 W
TEMPERATURE IN F: :PCPN: SNOW: WIND :SUNSHINE: SKY :PK WND
================================================================================
1 2 3 4 5 6A 6B 7 8 9 10 11 12 13 14 15 16 17 18
12Z AVG MX 2MIN
DY MAX MIN AVG DEP HDD CDD WTR SNW DPTH SPD SPD DIR MIN PSBL S-S WX SPD DR
================================================================================
1 72 54 63 M 2 0 0.00 M M 5.1 9 130 M M 0 12 M M
2 77 50 64 M 1 0 0.00 M M 6.3 14 140 M M 0 2 20 130
3 73 54 64 M 1 0 0.00 M M 7.6 17 140 M M 0 21 150
4 73 54 64 M 1 0 0.00 M M 6.5 15 130 M M 0 18 150
5 79 54 67 M 0 2 0.00 M M 6.1 14 130 M M 0 16 150
6 77 54 66 M 0 1 0.00 M M 5.3 10 160 M M 0 24 150
7 79 55 67 M 0 2 0.00 M M 7.8 16 140 M M 0 22 150
8 81 54 68 M 0 3 0.00 M M 6.5 12 240 M M 0 M M
9 82 57 70 M 0 5 0.00 M M 7.4 13 230 M M 0 18 140
10 72 54 63 M 2 0 0.76 M M 7.0 13 140 M M 0 18 140
11 63 54 59 M 6 0 0.15 M M 6.7 9 130 M M 0 12 M M
12 73 54 64 M 1 0 0.00 M M 7.6 17 90 M M 0 22 90
13 73 54 64 M 1 0 0.38 M M 6.5 15 230 M M 0 43 230
14 73 52 63 M 2 0 0.00 M M 9.0 21 220 M M 0 28 240
15 75 50 63 M 2 0 0.00 M M 5.6 12 230 M M 0 18 320
16 77 54 66 M 0 1 0.00 M M 9.1 21 210 M M 0 26 220
17 77 54 66 M 0 1 0.00 M M 10.2 18 220 M M 0 30 210
18 77 55 66 M 0 1 0.86 M M 7.4 39 270 M M 0 46 270
19 72 55 64 M 1 0 0.03 M M 6.1 12 140 M M 0 M M
20 75 54 65 M 0 0 0.05 M M 3.1 8 150 M M 0 M M
21 79 57 68 M 0 3 0.00 M M 5.5 14 130 M M 0 17 130
22 73 54 64 M 1 0 0.00 M M 9.0 16 110 M M 0 24 120
23 75 54 65 M 0 0 0.00 M M 5.3 10 290 M M 0 17 150
24 77 55 66 M 0 1 0.00 M M 7.7 13 350 M M 0 17 350
25 72 54 63 M 2 0 0.00 M M 8.6 18 100 M M 0 23 120
26 72 50 61 M 4 0 0.00 M M 7.6 13 140 M M 0 18 130
27 73 50 62 M 3 0 0.00 M M 6.7 12 150 M M 0 18 170
28 72 50 61 M 4 0 0.00 M M 7.8 21 130 M M 0 31 130
29 72 48 60 M 5 0 0.00 M M 6.7 14 130 M M 0 20 150
30 72 46 59 M 6 0 0.00 M M 5.0 12 180 M M 0 20 180
================================================================================
SM 2237 1594 45 20 2.23 M 206.7 M 0
================================================================================
AV 74.6 53.1 6.9 FASTST M M 0 MAX(MPH)
MISC ----> 39 270 46 270
================================================================================
NOTES:
# LAST OF SEVERAL OCCURRENCES
COLUMN 17 PEAK WIND IN M.P.H.
PRELIMINARY LOCAL CLIMATOLOGICAL DATA (WS FORM: F-6) , PAGE 2
STATION: RUIDOSO AWOS
MONTH: SEPTEMBER
YEAR: 2022
LATITUDE: 33 28 N
LONGITUDE: 105 32 W
[TEMPERATURE DATA] [PRECIPITATION DATA] SYMBOLS USED IN COLUMN 16
AVERAGE MONTHLY: 63.9 TOTAL FOR MONTH: 2.23 1 = FOG OR MIST
DPTR FM NORMAL: 0.0 DPTR FM NORMAL: M 2 = FOG REDUCING VISIBILITY
HIGHEST: 82 ON 9 GRTST 24HR 0.86 ON 18-18 TO 1/4 MILE OR LESS
LOWEST: 46 ON 30 3 = THUNDER
SNOW, ICE PELLETS, HAIL 4 = ICE PELLETS
TOTAL MONTH: M 5 = HAIL
GRTST 24HR M ON M 6 = FREEZING RAIN OR DRIZZLE
GRTST DEPTH: M ON M 7 = DUSTSTORM OR SANDSTORM:
VSBY 1/2 MILE OR LESS
8 = SMOKE OR HAZE
[NO. OF DAYS WITH] [WEATHER - DAYS WITH] 9 = BLOWING SNOW
X = TORNADO
MAX 32 OR BELOW: 0 0.01 INCH OR MORE: 6
MAX 90 OR ABOVE: 0 0.10 INCH OR MORE: 4
MIN 32 OR BELOW: 0 0.50 INCH OR MORE: 2
MIN 0 OR BELOW: 0 1.00 INCH OR MORE: 0
[HDD (BASE 65) ]
TOTAL THIS MO. 45 CLEAR (SCALE 0-3) 30
DPTR FM NORMAL M PTCLDY (SCALE 4-7) 0
TOTAL FM JUL 1 65 CLOUDY (SCALE 8-10) 0
DPTR FM NORMAL M
[CDD (BASE 65) ]
TOTAL THIS MO. 20
DPTR FM NORMAL M [PRESSURE DATA]
TOTAL FM JAN 1 484 HIGHEST SLP M ON M
DPTR FM NORMAL M LOWEST SLP M ON M
[REMARKS]
#FINAL-09-22#