000
CXUS55 KEAX 010736
CF6STJ
PRELIMINARY LOCAL CLIMATOLOGICAL DATA (WS FORM: F-6)
STATION: ST. JOSEPH MO
MONTH: AUGUST
YEAR: 2020
LATITUDE: 39 46 N
LONGITUDE: 94 55 W
TEMPERATURE IN F: :PCPN: SNOW: WIND :SUNSHINE: SKY :PK WND
================================================================================
1 2 3 4 5 6A 6B 7 8 9 10 11 12 13 14 15 16 17 18
12Z AVG MX 2MIN
DY MAX MIN AVG DEP HDD CDD WTR SNW DPTH SPD SPD DIR MIN PSBL S-S WX SPD DR
================================================================================
1 81 63 72 -5 0 7 0.00 M M 3.1 12 300 M M 5 12 16 310
2 82 61 72 -5 0 7 0.05 M M 8.1 23 10 M M 3 31 360
3 76 55 66 -11 0 1 0.00 M M 6.9 16 360 M M 1 24 20
4 77 51 64 -13 1 0 0.00 M M 3.2 10 60 M M 1 1 13 60
5 79 55 67 -10 0 2 0.00 M M 5.8 14 130 M M 3 18 120
6 84 65 75 -2 0 10 0.01 M M 8.6 16 150 M M 2 21 130
7 88 68 78 1 0 13 0.14 M M 11.3 20 100 M M 4 1 28 170
8 88 72 80 3 0 15 0.00 M M 10.9 21 180 M M 5 8 35 180
9 87 71 79 2 0 14 0.37 M M 9.0 23 270 M M 1 1 30 270
10 86 71 79 3 0 14 0.06 M M 6.5 20 20 M M 1 31 260
11 87 70 79 3 0 14 0.00 M M 5.1 12 130 M M 4 16 130
12 88 69 79 3 0 14 0.00 M M 6.1 14 140 M M 1 1 18 140
13 89 73 81 5 0 16 0.02 M M 6.6 14 130 M M 1 22 140
14 90 72 81 5 0 16 0.00 M M 6.5 15 150 M M 1 18 21 150
15 85 61 73 -3 0 8 T M M 6.0 16 30 M M 3 13 21 20
16 83 58 71 -5 0 6 0.00 M M 3.9 16 310 M M 3 12 25 310
17 84 60 72 -4 0 7 0.00 M M 7.5 21 340 M M 0 29 340
18 81 55 68 -7 0 3 0.00 M M 2.2 10 60 M M 0 1 13 70
19 83 53 68 -7 0 3 0.00 M M 3.0 13 140 M M 2 12 16 110
20 84 58 71 -4 0 6 0.00 M M 4.9 10 210 M M 0 15 200
21 88 63 76 1 0 11 0.00 M M 5.4 12 190 M M 0 17 180
22 89 62 76 2 0 11 0.00 M M 4.2 14 190 M M 0 12 19 180
23 92 65 79 5 0 14 0.00 M M 4.4 13 220 M M 0 17 220
24 93 65 79 5 0 14 0.00 M M 3.5 14 180 M M 0 1 17 180
25 92 63 78 4 0 13 0.00 M M 3.8 13 180 M M 0 128 17 180
26 93 67 80 6 0 15 0.00 M M 6.4 16 190 M M 0 18 25 160
27 91 71 81 8 0 16 0.00 M M 6.9 14 170 M M 0 20 170
28 93 65 79 6 0 14 0.00 M M 3.9 12 350 M M 0 18 16 340
29 81 58 70 -3 0 5 0.00 M M 4.8 14 30 M M 1 1 20 20
30 83 56 70 -2 0 5 0.00 M M 6.2 16 150 M M 1 23 150
31 76 66 71 -1 0 6 0.96 M M 8.3 22 30 M M 9 13 31 360
================================================================================
SM 2653 1962 1 300 1.61 M 183.0 M 52
================================================================================
AV 85.6 63.3 5.9 FASTST M M 2 MAX(MPH)
MISC ----> # 23 10 35 180
================================================================================
NOTES:
# LAST OF SEVERAL OCCURRENCES
COLUMN 17 PEAK WIND IN M.P.H.
PRELIMINARY LOCAL CLIMATOLOGICAL DATA (WS FORM: F-6) , PAGE 2
STATION: ST. JOSEPH MO
MONTH: AUGUST
YEAR: 2020
LATITUDE: 39 46 N
LONGITUDE: 94 55 W
[TEMPERATURE DATA] [PRECIPITATION DATA] SYMBOLS USED IN COLUMN 16
AVERAGE MONTHLY: 74.4 TOTAL FOR MONTH: 1.61 1 = FOG OR MIST
DPTR FM NORMAL: -0.9 DPTR FM NORMAL: -2.37 2 = FOG REDUCING VISIBILITY
HIGHEST: 93 ON 28,26 GRTST 24HR 0.96 ON 31-31 TO 1/4 MILE OR LESS
LOWEST: 51 ON 4 3 = THUNDER
SNOW, ICE PELLETS, HAIL 4 = ICE PELLETS
TOTAL MONTH: M 5 = HAIL
GRTST 24HR M ON M 6 = FREEZING RAIN OR DRIZZLE
GRTST DEPTH: M ON M 7 = DUSTSTORM OR SANDSTORM:
VSBY 1/2 MILE OR LESS
8 = SMOKE OR HAZE
[NO. OF DAYS WITH] [WEATHER - DAYS WITH] 9 = BLOWING SNOW
X = TORNADO
MAX 32 OR BELOW: 0 0.01 INCH OR MORE: 7
MAX 90 OR ABOVE: 7 0.10 INCH OR MORE: 3
MIN 32 OR BELOW: 0 0.50 INCH OR MORE: 1
MIN 0 OR BELOW: 0 1.00 INCH OR MORE: 0
[HDD (BASE 65) ]
TOTAL THIS MO. 1 CLEAR (SCALE 0-3) 23
DPTR FM NORMAL -3 PTCLDY (SCALE 4-7) 7
TOTAL FM JUL 1 1 CLOUDY (SCALE 8-10) 1
DPTR FM NORMAL 0
[CDD (BASE 65) ]
TOTAL THIS MO. 300
DPTR FM NORMAL -23 [PRESSURE DATA]
TOTAL FM JAN 1 1186 HIGHEST SLP M ON M
DPTR FM NORMAL 109 LOWEST SLP 29.66 ON 31
[REMARKS]
#FINAL-08-20#