000
CXUS53 KEAX 011351 RRA
CLMSTJ
CLIMATE REPORT
NATIONAL WEATHER SERVICE KANSAS CITY/PLEASANT HILL MO
848 AM CDT SAT JUL 01 2023
...................................
...THE ST. JOSEPH MO CLIMATE SUMMARY FOR THE MONTH OF JUNE 2023...
CLIMATE NORMAL PERIOD: 1991 TO 2020
CLIMATE RECORD PERIOD: 1892 TO 2023
WEATHER OBSERVED NORMAL DEPART LAST YEAR`S
VALUE DATE(S) VALUE FROM VALUE DATE(S)
NORMAL
................................................................
TEMPERATURE (F)
RECORD
HIGH 105 06/27/1980
06/19/1936
LOW 41 06/01/1982
HIGHEST 95 06/28 95 0 98 06/13
LOWEST 49 06/12 50 -1 47 06/02
AVG. MAXIMUM 88.4 84.7 3.7 85.2
AVG. MINIMUM 61.8 63.8 -2.0 62.2
MEAN 75.1 74.2 0.9 73.7
DAYS MAX >= 90 18 8.3 9.7 7
DAYS MAX <= 32 0 0.0 0.0 0
DAYS MIN <= 32 0 0.0 0.0 0
DAYS MIN <= 0 0 0.0 0.0 0
PRECIPITATION (INCHES)
RECORD
MAXIMUM 15.71 1943
MINIMUM 0.71 2016
TOTALS 3.73 4.75 -1.02 2.40
DAILY AVG. 0.12 0.16 -0.04 0.08
DAYS >= .01 12 11.8 0.2 14
DAYS >= .10 7 7.7 -0.7 8
DAYS >= .50 1 3.6 -2.6 0
DAYS >= 1.00 1 1.3 -0.3 0
GREATEST
24 HR. TOTAL 2.16 06/30 TO 06/30
DEGREE DAYS
HEATING TOTAL 1 7 -6 7
SINCE 7/1 5338 5382 -44 MM
COOLING TOTAL 311 284 27 274
SINCE 1/1 459 410 49 MM
................................................................
WIND (MPH)
AVERAGE WIND SPEED 6.0
HIGHEST WIND SPEED/DIRECTION 58/210 DATE 06/30
HIGHEST GUST SPEED/DIRECTION 82/210 DATE 06/30
SKY COVER
POSSIBLE SUNSHINE (PERCENT) MM
AVERAGE SKY COVER 0.15
NUMBER OF DAYS FAIR 26
NUMBER OF DAYS PC 4
NUMBER OF DAYS CLOUDY 0
AVERAGE RH (PERCENT) 65
WEATHER CONDITIONS. NUMBER OF DAYS WITH
THUNDERSTORM 10 MIXED PRECIP 0
HEAVY RAIN 7 RAIN 6
LIGHT RAIN 14 FREEZING RAIN 0
LT FREEZING RAIN 0 HAIL 0
HEAVY SNOW 0 SNOW 0
LIGHT SNOW 0 SLEET 0
FOG 19 FOG W/VIS <= 1/4 MILE 2
HAZE 20
- INDICATES NEGATIVE NUMBERS.
R INDICATES RECORD WAS SET OR TIED.
MM INDICATES DATA IS MISSING.
T INDICATES TRACE AMOUNT.
$$