000
CXUS53 KGRB 011846
CF6SUE
PRELIMINARY LOCAL CLIMATOLOGICAL DATA (WS FORM: F-6)
STATION: STURGEON BAY WI
MONTH: APRIL
YEAR: 2022
LATITUDE: 44 55 N
LONGITUDE: 87 25 W
TEMPERATURE IN F: :PCPN: SNOW: WIND :SUNSHINE: SKY :PK WND
================================================================================
1 2 3 4 5 6A 6B 7 8 9 10 11 12 13 14 15 16 17 18
12Z AVG MX 2MIN
DY MAX MIN AVG DEP HDD CDD WTR SNW DPTH SPD SPD DIR MIN PSBL S-S WX SPD DR
================================================================================
1 40 28 34 M 31 0 0.01 M M 10.5 15 150 M M 5 M M
2 40 31 36 M 29 0 0.07 M M 6.8 12 190 M M 9 1 M M
3 42 30 36 M 29 0 T M M 5.2 9 340 M M 7 12 M M
4 38 32 35 M 30 0 0.39 M M 6.8 10 100 M M 10 12 17 110
5 41 32 37 M 28 0 0.03 M M 5.4 12 110 M M 9 12 21 110
6 52 38 45 M 20 0 0.69 M M 13.0 21 170 M M 9 1 28 170
7 40 34 37 M 28 0 0.06 M M 6.6 10 200 M M 10 1 M M
8 36 29 33 M 32 0 T M M 12.6 18 360 M M 10 1 24 360
9 46 29 38 M 27 0 0.01 M M 7.4 13 340 M M 6 1 18 340
10 48 29 39 M 26 0 M M M 10.1 17 160 M M 1 1 22 160
11 59 40 50 M 15 0 M M M 13.2 26 250 M M 1 36 260
12 55 37 46 M 19 0 0.07 M M 7.5 16 290 M M 3 23 100
13 52 36 44 M 21 0 0.74 M M 9.2 21 280 M M 10 12 32 280
14 40 33 37 M 28 0 0.07 M M 20.8 28 240 M M 6 1 45 250
15 37 28 33 M 32 0 T M M 18.1 30 260 M M 6 1 41 260
16 35 28 32 M 33 0 T M M 13.1 17 290 M M 10 24 290
17 39 27 33 M 32 0 M M M 7.5 10 80 M M 5 M M
18 36 32 34 M 31 0 0.26 M M 6.4 14 160 M M 10 1 21 150
19 43 32 38 M 27 0 T M M 11.0 18 340 M M 6 25 330
20 45 33 39 M 26 0 0.38 M M 16.1 24 160 M M 7 1 36 150
21 57 40 49 M 16 0 0.02 M M 13.5 22 270 M M 4 1 31 260
22 46 33 40 M 25 0 0.26 M M 9.4 20 120 M M 4 13 27 120
23 59 42 51 M 14 0 T M M 13.2 17 170 M M 3 28 150
24 69 49 59 M 6 0 T M M 15.2 27 210 M M 3 39 190
25 50 35 43 M 22 0 0.12 M M 11.6 21 240 M M 9 1 22 250
26 37 28 33 M 32 0 M M M 9.5 16 350 M M 8 1 27 260
27 42 26 34 M 31 0 T M M 11.2 22 360 M M 5 28 350
28 48 30 39 M 26 0 M M M 7.3 13 110 M M 2 17 140
29 56 41 49 M 16 0 M M M 12.1 18 150 M M 2 24 120
30 50 43 47 M 18 0 0.79 M M 14.1 21 130 M M 8 1 32 140
================================================================================
SM 1378 1005 750 0 3.97 M 324.3 M 188
================================================================================
AV 45.9 33.5 10.8 FASTST M M 6 MAX(MPH)
MISC ----> 30 260 45 250
================================================================================
NOTES:
# LAST OF SEVERAL OCCURRENCES
COLUMN 17 PEAK WIND IN M.P.H.
PRELIMINARY LOCAL CLIMATOLOGICAL DATA (WS FORM: F-6) , PAGE 2
STATION: STURGEON BAY WI
MONTH: APRIL
YEAR: 2022
LATITUDE: 44 55 N
LONGITUDE: 87 25 W
[TEMPERATURE DATA] [PRECIPITATION DATA] SYMBOLS USED IN COLUMN 16
AVERAGE MONTHLY: 39.7 TOTAL FOR MONTH: 3.97 1 = FOG OR MIST
DPTR FM NORMAL: 0.0 DPTR FM NORMAL: M 2 = FOG REDUCING VISIBILITY
HIGHEST: 69 ON 24 GRTST 24HR 0.79 ON 30-30 TO 1/4 MILE OR LESS
LOWEST: 26 ON 27 3 = THUNDER
SNOW, ICE PELLETS, HAIL 4 = ICE PELLETS
TOTAL MONTH: M 5 = HAIL
GRTST 24HR M ON M 6 = FREEZING RAIN OR DRIZZLE
GRTST DEPTH: M ON M 7 = DUSTSTORM OR SANDSTORM:
VSBY 1/2 MILE OR LESS
8 = SMOKE OR HAZE
[NO. OF DAYS WITH] [WEATHER - DAYS WITH] 9 = BLOWING SNOW
X = TORNADO
MAX 32 OR BELOW: 0 0.01 INCH OR MORE: 16
MAX 90 OR ABOVE: 0 0.10 INCH OR MORE: 8
MIN 32 OR BELOW: 16 0.50 INCH OR MORE: 3
MIN 0 OR BELOW: 0 1.00 INCH OR MORE: 0
[HDD (BASE 65) ]
TOTAL THIS MO. 750 CLEAR (SCALE 0-3) 6
DPTR FM NORMAL M PTCLDY (SCALE 4-7) 12
TOTAL FM JUL 1 7007 CLOUDY (SCALE 8-10) 12
DPTR FM NORMAL 6769
[CDD (BASE 65) ]
TOTAL THIS MO. 0
DPTR FM NORMAL M [PRESSURE DATA]
TOTAL FM JAN 1 0 HIGHEST SLP M ON M
DPTR FM NORMAL 0 LOWEST SLP M ON M
[REMARKS]
#FINAL-04-22#