000
CXUS53 KFSD 011707
CF6SUX
PRELIMINARY LOCAL CLIMATOLOGICAL DATA (WS FORM: F-6)
STATION: SIOUX CITY IA
MONTH: MAY
YEAR: 2022
LATITUDE: 42 24 N
LONGITUDE: 96 23 W
TEMPERATURE IN F: :PCPN: SNOW: WIND :SUNSHINE: SKY :PK WND
================================================================================
1 2 3 4 5 6A 6B 7 8 9 10 11 12 13 14 15 16 17 18
12Z AVG MX 2MIN
DY MAX MIN AVG DEP HDD CDD WTR SNW DPTH SPD SPD DIR MIN PSBL S-S WX SPD DR
================================================================================
1 55 43 49 -5 16 0 0.00 0.0 0 17.5 31 310 M M 9 46 330
2 49 40 45 -10 20 0 0.28 0.0 0 8.6 16 30 M M 10 22 30
3 56 39 48 -7 17 0 0.03 0.0 0 8.6 16 360 M M 8 22 350
4 55 34 45 -11 20 0 0.02 0.0 0 4.2 14 100 M M 9 1 17 100
5 57 49 53 -3 12 0 0.15 0.0 0 7.5 14 90 M M 10 1 19 90
6 67 48 58 2 7 0 0.00 0.0 0 7.3 15 160 M M 7 1 19 160
7 75 45 60 3 5 0 0.00 0.0 0 17.5 32 160 M M 1 1 44 150
8 65 54 60 3 5 0 0.68 0.0 0 12.1 28 130 M M 8 13 37 120
9 86 62 74 16 0 9 0.00 0.0 0 17.4 29 180 M M 4 41 180
10 78 60 69 11 0 4 0.00 0.0 0 11.8 21 80 M M 8 27 80
11 92 69 81 23 0 16 T 0.0 0 13.6 35 220 M M 5 38 47 200
12 94 60 77 18 0 12 0.12 0.0 0 15.7 48 250 M M 2 138 68 260
13 79 52 66 7 0 1 T 0.0 0 9.5 18 280 M M 0 26 270
14 77 48 63 3 2 0 0.00 0.0 0 8.3 21 330 M M 0 30 290
15 76 48 62 2 3 0 T 0.0 0 8.0 21 320 M M 4 28 320
16 84 43 64 4 1 0 T 0.0 0 4.7 20 80 M M 2 26 100
17 68 58 63 2 2 0 0.10 0.0 0 10.1 26 140 M M 4 3 42 150
18 84 49 67 6 0 2 0.00 0.0 0 6.4 15 270 M M 0 22 290
19 90 54 72 10 0 7 T 0.0 0 16.6 40 330 M M 2 3 52 320
20 65 48 57 -5 8 0 T 0.0 0 15.0 28 340 M M 6 38 330
21 57 36 47 -16 18 0 0.00 0.0 0 12.5 22 300 M M 3 32 320
22 66 30 48 -15 17 0 0.00 0.0 0 7.2 18 330 M M 2 26 320
23 67 41 54 -9 11 0 0.00 0.0 0 8.4 18 130 M M 2 24 150
24 66 49 58 -6 7 0 0.31 0.0 0 10.7 23 120 M M 9 1 31 120
25 54 50 52 -12 13 0 0.18 0.0 0 13.9 23 10 M M 10 1 32 10
26 72 48 60 -4 5 0 T 0.0 0 11.3 20 360 M M 5 27 10
27 82 44 63 -2 2 0 0.00 0.0 0 9.4 20 160 M M 0 1 26 160
28 91 65 78 13 0 13 0.00 0.0 0 15.1 23 210 M M 0 32 200
29 87 69 78 12 0 13 0.00 0.0 0 13.9 24 170 M M 3 3 36 160
30 86 57 72 6 0 7 0.31 0.0 0 18.0 39 180 M M 4 13 53 150
31 74 49 62 -4 3 0 0.00 0.0 0 11.6 21 330 M M 5 27 310
================================================================================
SM 2254 1541 194 84 2.18 0.0 352.4 M 142
================================================================================
AV 72.7 49.7 11.4 FASTST M M 5 MAX(MPH)
MISC ----> 48 250 68 260
================================================================================
NOTES:
# LAST OF SEVERAL OCCURRENCES
-COLUMN 17 PEAK WIND IN M.P.H.
-PRECIPITATION AMOUNTS IN COLUMNS 7,8 AND 9 ARE THE OFFICIAL
PRECIPITATION AMOUNTS FOR SIOUX CITY, IA.
-SNOW DEPTH IN COLUMN 9 IS RECORDED AT 6 AM CST (12Z).
PRELIMINARY LOCAL CLIMATOLOGICAL DATA (WS FORM: F-6) , PAGE 2
STATION: SIOUX CITY IA
MONTH: MAY
YEAR: 2022
LATITUDE: 42 24 N
LONGITUDE: 96 23 W
[TEMPERATURE DATA] [PRECIPITATION DATA] SYMBOLS USED IN COLUMN 16
AVERAGE MONTHLY: 61.2 TOTAL FOR MONTH: 2.18 1 = FOG OR MIST
DPTR FM NORMAL: 0.7 DPTR FM NORMAL: -1.69 2 = FOG REDUCING VISIBILITY
HIGHEST: 94 ON 12 GRTST 24HR 0.68 ON 8- 8 TO 1/4 MILE OR LESS
LOWEST: 30 ON 22 3 = THUNDER
SNOW, ICE PELLETS, HAIL 4 = ICE PELLETS
TOTAL MONTH: 0.0 INCH 5 = HAIL
GRTST 24HR 0.0 6 = FREEZING RAIN OR DRIZZLE
GRTST DEPTH: 0 7 = DUSTSTORM OR SANDSTORM:
VSBY 1/2 MILE OR LESS
8 = SMOKE OR HAZE
[NO. OF DAYS WITH] [WEATHER - DAYS WITH] 9 = BLOWING SNOW
X = TORNADO
MAX 32 OR BELOW: 0 0.01 INCH OR MORE: 10
MAX 90 OR ABOVE: 4 0.10 INCH OR MORE: 8
MIN 32 OR BELOW: 1 0.50 INCH OR MORE: 1
MIN 0 OR BELOW: 0 1.00 INCH OR MORE: 0
[HDD (BASE 65) ]
TOTAL THIS MO. 194 CLEAR (SCALE 0-3) 12
DPTR FM NORMAL -3 PTCLDY (SCALE 4-7) 11
TOTAL FM JUL 1 6225 CLOUDY (SCALE 8-10) 8
DPTR FM NORMAL -609
[CDD (BASE 65) ]
TOTAL THIS MO. 84
DPTR FM NORMAL 27 [PRESSURE DATA]
TOTAL FM JAN 1 89 HIGHEST SLP 30.46 ON 22
DPTR FM NORMAL 24 LOWEST SLP 29.17 ON 19
[REMARKS]
RECORD DAILY HIGH MINIMUM TEMPERATURE WAS ESTABLISHED ON THE 11TH WITH 69
DEGREES. THE PREVIOUS RECORD WAS 64 IN 1962.
RECORD DAILY MAXIMUM TEMPERATURE WAS TIED ON THE 11TH WITH 92
DEGREES. THE PREVIOUS RECORD WAS 92 IN 1962.
RECORD DAILY MAXIMUM TEMPERATURE WAS ESTABLISHED ON THE 12TH WITH 94
DEGREES. THE PREVIOUS RECORD WAS 91 IN 1940.
RECORD DAILY MINIMUM TEMPERATURE WAS ESTABLISHED ON THE 22ND WITH 30
DEGREES. THE PREVIOUS RECORD WAS 31 IN 1963.
#FINAL-05-22#