000
CXUS54 KOUN 010811
CF6SWO
PRELIMINARY LOCAL CLIMATOLOGICAL DATA (WS FORM: F-6)
STATION: STILLWATER
MONTH: MARCH
YEAR: 2024
LATITUDE: 36 10 N
LONGITUDE: 97 5 W
TEMPERATURE IN F: :PCPN: SNOW: WIND :SUNSHINE: SKY :PK WND
================================================================================
1 2 3 4 5 6A 6B 7 8 9 10 11 12 13 14 15 16 17 18
12Z AVG MX 2MIN
DY MAX MIN AVG DEP HDD CDD WTR SNW DPTH SPD SPD DIR MIN PSBL S-S WX SPD DR
================================================================================
1 58 36 47 0 18 0 0.00 M M 10.2 16 170 M M 6 24 160
2 85 44 65 18 0 0 0.00 M M 14.3 28 180 M M 0 1 34 180
3 86 58 72 24 0 7 0.00 M M 16.2 25 210 M M 0 35 200
4 81 51 66 18 0 1 0.00 M M 13.0 25 190 M M 0 34 190
5 65 39 52 4 13 0 0.00 M M 9.0 17 30 M M 2 25 10
6 69 39 54 5 11 0 0.00 M M 5.8 10 100 M M 4 1 14 100
7 81 53 67 18 0 2 0.26 0.0 0 10.9 28 170 M M 4 13 39 240
8 56 39 48 -2 17 0 0.14 0.0 0 12.7 26 350 M M 8 13 38 350
9 57 32 45 -5 20 0 0.00 0.0 0 8.1 18 360 M M 4 27 350
10 70 28 49 -1 16 0 0.00 0.0 0 6.1 16 200 M M 0 26 200
11 75 39 57 7 8 0 0.00 0.0 M 11.6 23 180 M M 0 33 170
12 80 51 66 15 0 1 0.00 0.0 M 12.8 25 220 M M 0 34 200
13 86 52 69 18 0 4 0.00 0.0 M 14.6 30 170 M M 1 39 180
14 78 53 66 14 0 1 0.00 M M 12.4 23 360 M M 2 32 180
15 69 45 57 5 8 0 0.00 M M 10.4 22 30 M M 5 32 340
16 68 37 53 1 12 0 0.00 M M 3.6 12 10 M M 4 17 20
17 65 39 52 -1 13 0 T M M 10.9 24 10 M M 4 35 340
18 54 33 44 -9 21 0 0.00 M M 8.5 20 20 M M 3 8 34 10
19 77 33 55 2 10 0 0.00 M M 11.3 23 250 M M 0 32 240
20 81 53 67 13 0 2 0.09 M M 7.4 22 110 M M 5 3 29 60
21 67 46 57 3 8 0 0.18 M M 6.6 17 100 M M 5 1 21 100
22 64 41 53 -1 12 0 0.00 M M 10.0 25 20 M M 7 1 34 20
23 62 36 49 -5 16 0 0.00 M M 11.1 20 160 M M 3 25 130
24 62 55 59 4 6 0 0.05 0.0 0 18.0 29 140 M M 6 3 41 140
25 61 35 48 -7 17 0 0.00 0.0 0 14.6 24 260 M M 4 35 270
26 52 32 42 -14 23 0 0.00 0.0 M 10.4 22 300 M M 3 34 290
27 54 27 41 -15 24 0 0.00 M M 5.3 13 40 M M 2 16 40
28 72 27 50 -6 15 0 0.00 M M 8.9 22 180 M M 0 1 29 190
29 77 57 67 11 0 2 0.00 M M 16.5 32 190 M M 0 39 170
30 78 47 63 6 2 0 0.00 M M 2.8 14 180 M M 3 19 180
31 79 60 70 13 0 5 0.00 M M 13.7 21 170 M M 1 29 170
================================================================================
SM 2169 1317 290 25 0.72 0.0 327.7 M 86
================================================================================
AV 70.0 42.5 10.6 FASTST M M 3 MAX(MPH)
MISC ----> 32 190 41 140
================================================================================
NOTES:
# LAST OF SEVERAL OCCURRENCES
COLUMN 17 PEAK WIND IN M.P.H.
PRELIMINARY LOCAL CLIMATOLOGICAL DATA (WS FORM: F-6) , PAGE 2
STATION: STILLWATER
MONTH: MARCH
YEAR: 2024
LATITUDE: 36 10 N
LONGITUDE: 97 5 W
[TEMPERATURE DATA] [PRECIPITATION DATA] SYMBOLS USED IN COLUMN 16
AVERAGE MONTHLY: 56.2 TOTAL FOR MONTH: 0.72 1 = FOG OR MIST
DPTR FM NORMAL: 4.1 DPTR FM NORMAL: -1.50 2 = FOG REDUCING VISIBILITY
HIGHEST: 86 ON 13, 3 GRTST 24HR 0.40 ON 7- 8 TO 1/4 MILE OR LESS
LOWEST: 27 ON 28,27 3 = THUNDER
SNOW, ICE PELLETS, HAIL 4 = ICE PELLETS
TOTAL MONTH: 0.0 INCH 5 = HAIL
GRTST 24HR 0.0 6 = FREEZING RAIN OR DRIZZLE
GRTST DEPTH: 0 7 = DUSTSTORM OR SANDSTORM:
VSBY 1/2 MILE OR LESS
8 = SMOKE OR HAZE
[NO. OF DAYS WITH] [WEATHER - DAYS WITH] 9 = BLOWING SNOW
X = TORNADO
MAX 32 OR BELOW: 0 0.01 INCH OR MORE: 5
MAX 90 OR ABOVE: 0 0.10 INCH OR MORE: 3
MIN 32 OR BELOW: 5 0.50 INCH OR MORE: 0
MIN 0 OR BELOW: 0 1.00 INCH OR MORE: 0
[HDD (BASE 65) ]
TOTAL THIS MO. 290 CLEAR (SCALE 0-3) 16
DPTR FM NORMAL -126 PTCLDY (SCALE 4-7) 15
TOTAL FM JUL 1 2811 CLOUDY (SCALE 8-10) 0
DPTR FM NORMAL -410
[CDD (BASE 65) ]
TOTAL THIS MO. 25
DPTR FM NORMAL 7 [PRESSURE DATA]
TOTAL FM JAN 1 25 HIGHEST SLP M ON M
DPTR FM NORMAL 5 LOWEST SLP 29.32 ON 25
[REMARKS]
#FINAL-03-24#