000
CXUS54 KOUN 010810
CF6SWO
PRELIMINARY LOCAL CLIMATOLOGICAL DATA (WS FORM: F-6)
STATION: STILLWATER
MONTH: MARCH
YEAR: 2022
LATITUDE: 36 10 N
LONGITUDE: 97 5 W
TEMPERATURE IN F: :PCPN: SNOW: WIND :SUNSHINE: SKY :PK WND
================================================================================
1 2 3 4 5 6A 6B 7 8 9 10 11 12 13 14 15 16 17 18
12Z AVG MX 2MIN
DY MAX MIN AVG DEP HDD CDD WTR SNW DPTH SPD SPD DIR MIN PSBL S-S WX SPD DR
================================================================================
1 78 33 56 9 9 0 0.00 0.0 0 5.6 14 230 M M 0 17 230
2 83 34 59 12 6 0 0.00 0.0 0 4.9 17 180 M M 0 20 190
3 83 34 59 11 6 0 0.00 M M 5.9 17 150 M M 0 20 200
4 80 48 64 16 1 0 0.00 M M 14.5 26 180 M M 0 34 170
5 83 41 62 14 3 0 0.00 M M 17.3 32 220 M M 2 45 220
6 43 33 38 -11 27 0 0.16 M M 12.1 21 10 M M 7 1 29 340
7 43 26 35 -14 30 0 0.00 0.0 M 10.1 21 360 M M 4 26 360
8 46 24 35 -15 30 0 0.00 0.0 M 4.0 9 60 M M 1 13 40
9 56 21 39 -11 26 0 0.00 0.0 M 4.1 14 110 M M 0 17 150
10 45 27 36 -14 29 0 0.00 M M 13.2 23 10 M M 8 28 10
11 42 19 31 -19 34 0 M M M 10.8 23 10 M M 6 18 29 20
12 58 15 37 -14 28 0 0.00 M M 8.5 22 210 M M 0 31 190
13 71 36 54 3 11 0 0.00 M M 16.2 29 180 M M 0 37 180
14 68 48 58 6 7 0 0.00 0.0 0 16.0 28 180 M M 4 37 190
15 70 40 55 3 10 0 0.04 0.0 0 6.1 15 340 M M 2 1 19 340
16 82 36 59 7 6 0 0.00 M M 13.1 28 190 M M 0 37 180
17 77 50 64 11 1 0 0.38 M M 13.2 29 320 M M 3 13 41 240
18 58 35 47 -6 18 0 0.10 M M 15.7 28 320 M M 7 40 330
19 74 36 55 2 10 0 0.00 M M 7.9 20 260 M M 0 25 270
20 83 39 61 7 4 0 0.00 M M 13.4 30 180 M M 0 38 180
21 62 50 56 2 9 0 1.66 M M 11.2 22 80 M M 9 13 29 140
22 52 40 46 -8 19 0 0.05 M M 13.2 21 310 M M 10 1 33 320
23 48 39 44 -10 21 0 0.00 M M 12.8 26 310 M M 6 38 310
24 62 36 49 -6 16 0 0.00 M M 8.1 21 290 M M 2 28 290
25 67 29 48 -7 17 0 0.00 M M 6.7 21 30 M M 0 25 30
26 73 34 54 -2 11 0 0.00 M M 5.7 16 80 M M 0 21 90
27 70 48 59 3 6 0 0.00 M M 13.9 23 70 M M 0 29 80
28 84 44 64 8 1 0 0.00 M M 12.4 20 160 M M 0 24 150
29 84 66 75 19 0 10 0.02 M M 19.5 35 180 M M 1 3 46 190
30 67 37 52 -5 13 0 0.01 M M 13.3 28 320 M M 6 37 330
31 54 34 44 -13 21 0 0.00 M M 6.9 18 350 M M 4 24 330
================================================================================
SM 2046 1132 430 10 2.42 0.0 336.3 M 82
================================================================================
AV 66.0 36.5 10.8 FASTST M M 3 MAX(MPH)
MISC ----> 35 180 46 190
================================================================================
NOTES:
# LAST OF SEVERAL OCCURRENCES
COLUMN 17 PEAK WIND IN M.P.H.
PRELIMINARY LOCAL CLIMATOLOGICAL DATA (WS FORM: F-6) , PAGE 2
STATION: STILLWATER
MONTH: MARCH
YEAR: 2022
LATITUDE: 36 10 N
LONGITUDE: 97 5 W
[TEMPERATURE DATA] [PRECIPITATION DATA] SYMBOLS USED IN COLUMN 16
AVERAGE MONTHLY: 51.3 TOTAL FOR MONTH: 2.42 1 = FOG OR MIST
DPTR FM NORMAL: -0.8 DPTR FM NORMAL: 0.20 2 = FOG REDUCING VISIBILITY
HIGHEST: 84 ON 29,28 GRTST 24HR 1.66 ON 21-21 TO 1/4 MILE OR LESS
LOWEST: 15 ON 12 3 = THUNDER
SNOW, ICE PELLETS, HAIL 4 = ICE PELLETS
TOTAL MONTH: 0.0 INCH 5 = HAIL
GRTST 24HR 0.0 6 = FREEZING RAIN OR DRIZZLE
GRTST DEPTH: 0 7 = DUSTSTORM OR SANDSTORM:
VSBY 1/2 MILE OR LESS
8 = SMOKE OR HAZE
[NO. OF DAYS WITH] [WEATHER - DAYS WITH] 9 = BLOWING SNOW
X = TORNADO
MAX 32 OR BELOW: 0 0.01 INCH OR MORE: 8
MAX 90 OR ABOVE: 0 0.10 INCH OR MORE: 4
MIN 32 OR BELOW: 7 0.50 INCH OR MORE: 1
MIN 0 OR BELOW: 0 1.00 INCH OR MORE: 1
[HDD (BASE 65) ]
TOTAL THIS MO. 430 CLEAR (SCALE 0-3) 20
DPTR FM NORMAL 14 PTCLDY (SCALE 4-7) 9
TOTAL FM JUL 1 2872 CLOUDY (SCALE 8-10) 2
DPTR FM NORMAL -349
[CDD (BASE 65) ]
TOTAL THIS MO. 10
DPTR FM NORMAL -8 [PRESSURE DATA]
TOTAL FM JAN 1 10 HIGHEST SLP M ON M
DPTR FM NORMAL -10 LOWEST SLP 29.33 ON 29
[REMARKS]
#FINAL-03-22#