000
CXUS51 KBGM 011654 CCA
CF6SYR
PRELIMINARY LOCAL CLIMATOLOGICAL DATA (WS FORM: F-6)
STATION: SYRACUSE NY
MONTH: NOVEMBER
YEAR: 2020
LATITUDE: 43 7 N
LONGITUDE: 76 7 W
TEMPERATURE IN F: :PCPN: SNOW: WIND :SUNSHINE: SKY :PK WND
================================================================================
1 2 3 4 5 6A 6B 7 8 9 10 11 12 13 14 15 16 17 18
12Z AVG MX 2MIN
DY MAX MIN AVG DEP HDD CDD WTR SNW DPTH SPD SPD DIR MIN PSBL S-S WX SPD DR
================================================================================
1 52 35 44 -2 21 0 0.12 T 0 15.7 33 270 M M 7 45 44 290
2 44 31 38 -7 27 0 0.15 0.7 T 19.1 28 250 M M 10 1 39 300
3 46 32 39 -6 26 0 0.03 T 0 11.1 36 260 M M 9 4 44 250
4 69 31 50 5 15 0 0.00 0.0 0 8.6 16 180 M M 1 25 190
5 72 48 60 16 5 0 0.00 0.0 0 9.4 21 200 M M 4 26 240
6 71 47 59 15 6 0 0.00 0.0 0 7.4 18 250 M M 4 22 240
7 73 43 58 14 7 0 0.00 0.0 0 4.1 16 260 M M 5 19 250
8 73 38 56 13 9 0 0.00 0.0 0 3.6 8 110 M M 1 10 260
9 77 37 57 14 8 0 0.00 0.0 0 2.0 9 120 M M 1 9 120
10 78 41 60 17 5 0 0.00 0.0 0 5.6 18 170 M M 2 22 170
11 68 49 59 17 6 0 0.47 0.0 0 9.1 17 190 M M 8 1 23 300
12 49 31 40 -2 25 0 T 0.0 0 6.7 17 300 M M 8 20 300
13 51 27 39 -3 26 0 T 0.0 0 7.7 20 270 M M 6 30 270
14 45 29 37 -4 28 0 T 0.0 0 8.5 24 280 M M 7 32 280
15 54 28 41 0 24 0 0.20 0.0 0 15.5 47 260 M M 9 57 260
16 47 39 43 2 22 0 0.01 0.0 0 14.5 28 250 M M 10 36 230
17 40 29 35 -5 30 0 0.16 0.4 0 13.4 26 280 M M 10 1458 37 280
18 30 22 26 -14 39 0 0.01 0.5 T 7.1 23 290 M M 9 30 280
19 55 25 40 0 25 0 0.00 0.0 0 10.7 22 200 M M 8 28 190
20 67 52 60 21 5 0 0.00 0.0 0 11.8 20 230 M M 7 26 210
21 55 38 47 8 18 0 T 0.0 0 9.0 18 310 M M 10 24 310
22 50 34 42 4 23 0 0.02 T 0 9.0 23 150 M M 10 30 150
23 53 35 44 6 21 0 0.30 T 0 11.8 30 280 M M 10 14 37 280
24 38 28 33 -5 32 0 0.10 T T 5.8 13 330 M M 7 1 17 350
25 51 32 42 5 23 0 0.34 T 0 8.0 18 170 M M 10 1 24 180
26 62 45 54 17 11 0 0.21 0.0 0 9.2 18 240 M M 9 18 23 250
27 51 44 48 12 17 0 0.02 0.0 0 4.7 14 260 M M 9 17 280
28 46 29 38 2 27 0 0.01 0.0 0 8.5 21 280 M M 6 27 290
29 54 27 41 5 24 0 0.00 0.0 0 4.4 10 230 M M 3 16 220
30 49 37 43 8 22 0 0.28 0.0 0 9.3 21 80 M M 10 1 27 60
================================================================================
SM 1670 1063 577 0 2.43 1.6 271.3 M 210
================================================================================
AV 55.7 35.4 9.0 FASTST M M 7 MAX(MPH)
MISC ----> # 47 260 # 57 260
================================================================================
NOTES:
# LAST OF SEVERAL OCCURRENCES
COLUMN 17 PEAK WIND IN M.P.H.
PRELIMINARY LOCAL CLIMATOLOGICAL DATA (WS FORM: F-6) , PAGE 2
STATION: SYRACUSE NY
MONTH: NOVEMBER
YEAR: 2020
LATITUDE: 43 7 N
LONGITUDE: 76 7 W
[TEMPERATURE DATA] [PRECIPITATION DATA] SYMBOLS USED IN COLUMN 16
AVERAGE MONTHLY: 45.6 TOTAL FOR MONTH: 2.43 1 = FOG OR MIST
DPTR FM NORMAL: 5.0 DPTR FM NORMAL: -1.10 2 = FOG REDUCING VISIBILITY
HIGHEST: 78 ON 10 GRTST 24HR 0.53 ON 25-26 TO 1/4 MILE OR LESS
LOWEST: 22 ON 18 3 = THUNDER
SNOW, ICE PELLETS, HAIL 4 = ICE PELLETS
TOTAL MONTH: 1.6 INCHES 5 = HAIL
GRTST 24HR 0.9 ON 17-18 6 = FREEZING RAIN OR DRIZZLE
GRTST DEPTH: T ON 2, 18 7 = DUSTSTORM OR SANDSTORM:
24 VSBY 1/2 MILE OR LESS
8 = SMOKE OR HAZE
[NO. OF DAYS WITH] [WEATHER - DAYS WITH] 9 = BLOWING SNOW
X = TORNADO
MAX 32 OR BELOW: 1 0.01 INCH OR MORE: 16
MAX 90 OR ABOVE: 0 0.10 INCH OR MORE: 10
MIN 32 OR BELOW: 14 0.50 INCH OR MORE: 0
MIN 0 OR BELOW: 0 1.00 INCH OR MORE: 0
[HDD (BASE 65) ]
TOTAL THIS MO. 577 CLEAR (SCALE 0-3) 5
DPTR FM NORMAL -155 PTCLDY (SCALE 4-7) 11
TOTAL FM JUL 1 1105 CLOUDY (SCALE 8-10) 14
DPTR FM NORMAL -244
[CDD (BASE 65) ]
TOTAL THIS MO. 0
DPTR FM NORMAL 0 [PRESSURE DATA]
TOTAL FM JAN 1 991 HIGHEST SLP 30.56 ON 18
DPTR FM NORMAL 422 LOWEST SLP 29.28 ON 30
[REMARKS]
#FINAL-11-20#
7TH WARMEST NOVEMBER
CORRECTED GREATEST 24 HOUR PRECIPITATION AND SNOWFALL
CORRECTED GREATEST SNOW DEPTH AND SNOW DEPTH DAY 24