000
CXUS51 KBGM 011031
CLSSYR
CLIMATE REPORT
NATIONAL WEATHER SERVICE BINGHAMTON, NY
531 AM EST TUE MAR 01 2022
...................................
...THE SYRACUSE NY CLIMATE SUMMARY FOR THE SEASON, FROM
12/1/2021 TO 2/28/2022...
CLIMATE NORMAL PERIOD 1991 TO 2020
CLIMATE RECORD PERIOD 1902 TO 2022
WEATHER OBSERVED NORMAL DEPART LAST YEAR`S
VALUE DATE(S) VALUE FROM VALUE DATE(S)
NORMAL
................................................................
TEMPERATURE (F)
RECORD
HIGH 75 02/21/2018
LOW -26 02/18/1979
01/26/1966
HIGHEST 67 12/16 34 33 56 12/11
12/12
12/13
LOWEST -9 01/22 18 -27 -1 02/12
01/30
AVG. MAXIMUM 37.5 34.1 3.4 34.9
AVG. MINIMUM 19.4 19.2 0.2 22.5
MEAN 28.4 26.7 1.7 28.7
DAYS MAX >= 90 0 0.0 0.0 0
DAYS MAX <= 32 31 38.5 -7.5 38
DAYS MIN <= 32 70 78.4 -8.4 81
DAYS MIN <= 0 12 7.1 4.9 1
PRECIPITATION (INCHES)
RECORD
MAXIMUM 12.98 1959
MINIMUM 4.57 1979
TOTALS 8.37 8.32 0.05 7.30
DAILY AVG. 0.09 0.09 -0.00 0.08
DAYS >= .01 57 54.0 3.0 55
DAYS >= .10 23 22.1 0.9 22
DAYS >= .50 4 4.0 0.0 2
DAYS >= 1.00 0 0.8 -0.8 0
GREATEST
24 HR. TOTAL 0.92 12/25 TO 12/25 1.21
SNOWFALL (INCHES)
RECORDS
TOTAL 159.7 2011
24 HR TOTAL 22.0 01/31/1966 TO 01/31/1966
SNOW DEPTH 48 02/01/1966
02/21/1958
02/20/1958
TOTALS 53.9 94.9 -41.0 62.8
SINCE 7/1 58.1 104.9 -46.8 64.4
SNOWDEPTH AVG. 3 5
DAYS >= TRACE 61 46.6 14.4 66
DAYS >= 1.0 18 25.5 -7.5 20
GREATEST
SNOW DEPTH 13 02/05 16 02/03
24 HR TOTAL 7.7 02/03 TO 02/04 8.0 02/02 TO 02/03
DEGREE DAYS
HEATING TOTAL 3268 3445 -177 3229
SINCE 7/1 4222 4756 -534 4334
COOLING TOTAL 0 0 0 0
SINCE 1/1 0 0 0 0
FREEZE DATES
RECORD
EARLIEST 09/23/1963
LATEST 05/24/1963
EARLIEST 11/03
LATEST 04/22
................................................................
WIND (MPH)
AVERAGE WIND SPEED 9.6
RESULTANT WIND SPEED/DIRECTION 4/240
HIGHEST WIND SPEED/DIRECTION 47/260 DATE 12/11
HIGHEST GUST SPEED/DIRECTION 48/170 DATE 02/16
SKY COVER
POSSIBLE SUNSHINE (PERCENT) MM
AVERAGE SKY COVER 0.78
AVERAGE RH (PERCENT) 68
WEATHER CONDITIONS. NUMBER OF DAYS WITH
THUNDERSTORM 0 MIXED PRECIP 2
HEAVY RAIN 1 RAIN 7
LIGHT RAIN 34 FREEZING RAIN 0
LT FREEZING RAIN 6 HAIL 1
HEAVY SNOW 7 SNOW 16
LIGHT SNOW 62 SLEET 6
FOG 51 FOG W/VIS <= 1/4 MILE 4
HAZE 9
- INDICATES NEGATIVE NUMBERS.
R INDICATES RECORD WAS SET OR TIED.
MM INDICATES DATA IS MISSING.
T INDICATES TRACE AMOUNT.
$$