000
CXUS54 KEWX 011110
CF6T82
PRELIMINARY LOCAL CLIMATOLOGICAL DATA (WS FORM: F-6)
STATION: FREDERICKSBURG
MONTH: FEBRUARY
YEAR: 2023
LATITUDE: 30 15 N
LONGITUDE: 98 55 W
TEMPERATURE IN F: :PCPN: SNOW: WIND :SUNSHINE: SKY :PK WND
================================================================================
1 2 3 4 5 6A 6B 7 8 9 10 11 12 13 14 15 16 17 18
12Z AVG MX 2MIN
DY MAX MIN AVG DEP HDD CDD WTR SNW DPTH SPD SPD DIR MIN PSBL S-S WX SPD DR
================================================================================
1 31 27 29 M 36 0 0.04 M M 5.9 9 10 M M 10 1 16 10
2 39 31 35 M 30 0 0.08 M M 6.7 14 320 M M 10 1 17 320
3 55 30 43 M 22 0 0.00 M M 4.1 10 20 M M 0 1 16 20
4 54 35 45 M 20 0 0.00 M M 6.0 14 200 M M 7 12 21 200
5 73 32 53 M 12 0 0.00 M M 3.4 10 190 M M 0 M M
6 70 44 57 M 8 0 0.00 M M 11.2 22 170 M M 7 28 170
7 68 46 57 M 8 0 0.02 M M 8.2 15 350 M M 10 1 20 170
8 60 36 48 M 17 0 0.34 M M 9.5 17 320 M M 6 3 27 310
9 70 31 51 M 14 0 0.00 M M 6.2 18 350 M M 0 25 350
10 51 36 44 M 21 0 0.00 M M 15.0 25 360 M M 6 33 350
11 56 28 42 M 23 0 0.00 M M 5.1 13 10 M M 0 16 10
12 59 27 43 M 22 0 0.00 M M 5.1 14 200 M M 0 17 210
13 64 35 50 M 15 0 0.00 M M 6.4 18 160 M M 4 25 160
14 74 42 58 M 7 0 0.02 M M 12.4 23 180 M M 4 31 160
15 80 38 59 M 6 0 0.00 M M 7.8 21 190 M M 1 30 150
16 57 36 47 M 18 0 0.00 M M 16.9 22 350 M M 6 29 350
17 50 29 40 M 25 0 0.00 M M 7.9 15 10 M M 0 21 360
18 55 26 41 M 24 0 0.00 M M 4.0 14 170 M M 0 17 190
19 72 44 58 M 7 0 0.00 M M 4.8 10 230 M M 0 M M
20 80 46 63 M 2 0 0.00 M M 6.3 18 210 M M 1 23 210
21 83 47 65 M 0 0 0.00 M M 7.1 18 190 M M 1 28 190
22 84 53 69 M 0 4 0.00 M M 9.0 20 170 M M 4 32 170
23 75 52 64 M 1 0 0.00 M M 9.1 15 50 M M 1 23 50
24 55 47 51 M 14 0 0.00 M M 7.1 10 20 M M 10 10 20
25 73 42 58 M 7 0 0.00 M M 6.0 13 160 M M 10 1 20 80
26 77 61 69 M 0 4 0.00 M M 11.9 23 180 M M 10 1 29 190
27 82 47 65 M 0 0 0.00 M M 8.0 16 320 M M 2 24 320
28 85 44 65 M 0 0 0.00 M M 4.5 12 190 M M 1 18 230
================================================================================
SM 1832 1092 359 8 0.50 M 215.6 M 111
================================================================================
AV 65.4 39.0 7.7 FASTST M M 4 MAX(MPH)
MISC ----> 25 360 33 350
================================================================================
NOTES:
# LAST OF SEVERAL OCCURRENCES
COLUMN 17 PEAK WIND IN M.P.H.
PRELIMINARY LOCAL CLIMATOLOGICAL DATA (WS FORM: F-6) , PAGE 2
STATION: FREDERICKSBURG
MONTH: FEBRUARY
YEAR: 2023
LATITUDE: 30 15 N
LONGITUDE: 98 55 W
[TEMPERATURE DATA] [PRECIPITATION DATA] SYMBOLS USED IN COLUMN 16
AVERAGE MONTHLY: 52.2 TOTAL FOR MONTH: 0.50 1 = FOG OR MIST
DPTR FM NORMAL: 0.0 DPTR FM NORMAL: 0.50 2 = FOG REDUCING VISIBILITY
HIGHEST: 85 ON 28 GRTST 24HR 0.34 ON 8- 8 TO 1/4 MILE OR LESS
LOWEST: 26 ON 18 3 = THUNDER
SNOW, ICE PELLETS, HAIL 4 = ICE PELLETS
TOTAL MONTH: M 5 = HAIL
GRTST 24HR M ON M 6 = FREEZING RAIN OR DRIZZLE
GRTST DEPTH: M ON M 7 = DUSTSTORM OR SANDSTORM:
VSBY 1/2 MILE OR LESS
8 = SMOKE OR HAZE
[NO. OF DAYS WITH] [WEATHER - DAYS WITH] 9 = BLOWING SNOW
X = TORNADO
MAX 32 OR BELOW: 1 0.01 INCH OR MORE: 5
MAX 90 OR ABOVE: 0 0.10 INCH OR MORE: 1
MIN 32 OR BELOW: 9 0.50 INCH OR MORE: 0
MIN 0 OR BELOW: 0 1.00 INCH OR MORE: 0
[HDD (BASE 65) ]
TOTAL THIS MO. 359 CLEAR (SCALE 0-3) 14
DPTR FM NORMAL M PTCLDY (SCALE 4-7) 8
TOTAL FM JUL 1 1594 CLOUDY (SCALE 8-10) 6
DPTR FM NORMAL M
[CDD (BASE 65) ]
TOTAL THIS MO. 8
DPTR FM NORMAL M [PRESSURE DATA]
TOTAL FM JAN 1 10 HIGHEST SLP M ON M
DPTR FM NORMAL M LOWEST SLP M ON M
[REMARKS]
#FINAL-02-23#