000
CXUS55 KPUB 011210
CF6TAD
PRELIMINARY LOCAL CLIMATOLOGICAL DATA (WS FORM: F-6)
STATION: TRINIDAD CO
MONTH: JULY
YEAR: 2022
LATITUDE: 37 16 N
LONGITUDE: 104 20 W
TEMPERATURE IN F: :PCPN: SNOW: WIND :SUNSHINE: SKY :PK WND
================================================================================
1 2 3 4 5 6A 6B 7 8 9 10 11 12 13 14 15 16 17 18
12Z AVG MX 2MIN
DY MAX MIN AVG DEP HDD CDD WTR SNW DPTH SPD SPD DIR MIN PSBL S-S WX SPD DR
================================================================================
1 87 57 72 -2 0 7 0.49 M M 5.9 39 240 M M 5 1 51 240
2 83 56 70 -4 0 5 0.06 M M 10.6 30 240 M M 2 40 240
3 89 58 74 0 0 9 0.33 M M 10.2 33 260 M M 2 48 240
4 90 61 76 2 0 11 0.00 M M 10.7 25 250 M M 0 33 250
5 89 60 75 1 0 10 T M M 10.5 31 260 M M 3 3 46 240
6 90 58 74 0 0 9 0.04 M M 7.7 28 250 M M 2 3 39 240
7 92 57 75 0 0 10 0.00 M M 7.5 24 50 M M 2 3 35 40
8 88 57 73 -2 0 8 T M M 7.7 21 250 M M 1 26 150
9 96 60 78 3 0 13 0.00 M M 9.9 21 240 M M 0 3 29 230
10 100 68 84 9 0 19 0.00 M M 10.2 28 340 M M 0 39 330
11 90 59 75 0 0 10 0.46 M M 9.2 31 30 M M 2 13 45 30
12 88 56 72 -3 0 7 0.02 M M 9.9 33 240 M M 1 3 43 300
13 94 55 75 0 0 10 0.00 M M 9.8 18 260 M M 0 26 260
14 96 68 82 7 0 17 0.00 M M 9.1 23 250 M M 1 30 250
15 99 62 81 6 0 16 0.00 M M 10.0 20 190 M M 0 28 160
16 95 64 80 5 0 15 0.07 M M 8.1 39 240 M M 2 3 56 240
17 93 63 78 3 0 13 0.00 M M 9.5 16 240 M M 0 20 250
18 98 65 82 7 0 17 0.00 M M 9.6 18 210 M M 0 3 24 210
19 100 64 82 7 0 17 0.08 M M 9.8 23 320 M M 1 3 35 320
20 94 62 78 3 0 13 0.15 M M 10.7 30 280 M M 2 3 41 310
21 94 59 77 2 0 12 0.00 M M 10.5 25 240 M M 0 35 240
22 98 65 82 7 0 17 0.00 M M 11.9 30 260 M M 0 3 41 260
23 101 65 83 8 0 18 T M M 10.5 35 360 M M 1 3 51 360
24 93 61 77 2 0 12 0.63 M M 7.9 37 180 M M 3 3 54 180
25 87 63 75 0 0 10 0.65 M M 6.3 37 240 M M 6 13 48 240
26 90 61 76 1 0 11 0.05 M M 8.8 21 10 M M 3 3 36 360
27 85 58 72 -3 0 7 T M M 10.0 29 240 M M 2 3 38 230
28 75 60 68 -7 0 3 0.21 M M 6.9 25 260 M M 7 1 33 260
29 77 60 69 -6 0 4 0.28 M M 6.4 14 300 M M 8 1 20 290
30 86 59 73 -2 0 8 0.00 M M 7.9 21 250 M M 3 12 28 250
31 90 58 74 0 0 9 0.00 M M 7.1 15 270 M M 1 20 250
================================================================================
SM 2827 1879 0 347 3.52 M 280.8 M 60
================================================================================
AV 91.2 60.6 9.1 FASTST M M 2 MAX(MPH)
MISC ----> # 39 240 56 240
================================================================================
NOTES:
# LAST OF SEVERAL OCCURRENCES
COLUMN 17 PEAK WIND IN M.P.H.
PRELIMINARY LOCAL CLIMATOLOGICAL DATA (WS FORM: F-6) , PAGE 2
STATION: TRINIDAD CO
MONTH: JULY
YEAR: 2022
LATITUDE: 37 16 N
LONGITUDE: 104 20 W
[TEMPERATURE DATA] [PRECIPITATION DATA] SYMBOLS USED IN COLUMN 16
AVERAGE MONTHLY: 75.9 TOTAL FOR MONTH: 3.52 1 = FOG OR MIST
DPTR FM NORMAL: 1.1 DPTR FM NORMAL: 1.39 2 = FOG REDUCING VISIBILITY
HIGHEST: 101 ON 23 GRTST 24HR 0.84 ON 24-25 TO 1/4 MILE OR LESS
LOWEST: 55 ON 13 3 = THUNDER
SNOW, ICE PELLETS, HAIL 4 = ICE PELLETS
TOTAL MONTH: M 5 = HAIL
GRTST 24HR M ON M 6 = FREEZING RAIN OR DRIZZLE
GRTST DEPTH: M ON M 7 = DUSTSTORM OR SANDSTORM:
VSBY 1/2 MILE OR LESS
8 = SMOKE OR HAZE
[NO. OF DAYS WITH] [WEATHER - DAYS WITH] 9 = BLOWING SNOW
X = TORNADO
MAX 32 OR BELOW: 0 0.01 INCH OR MORE: 14
MAX 90 OR ABOVE: 20 0.10 INCH OR MORE: 8
MIN 32 OR BELOW: 0 0.50 INCH OR MORE: 2
MIN 0 OR BELOW: 0 1.00 INCH OR MORE: 0
[HDD (BASE 65) ]
TOTAL THIS MO. 0 CLEAR (SCALE 0-3) 26
DPTR FM NORMAL -2 PTCLDY (SCALE 4-7) 5
TOTAL FM JUL 1 0 CLOUDY (SCALE 8-10) 0
DPTR FM NORMAL 0
[CDD (BASE 65) ]
TOTAL THIS MO. 347
DPTR FM NORMAL 42 [PRESSURE DATA]
TOTAL FM JAN 1 621 HIGHEST SLP 30.19 ON 11
DPTR FM NORMAL 99 LOWEST SLP 29.69 ON 23
[REMARKS]
#FINAL-07-22#