000
CXUS54 KFWD 010731
CF6TKI
PRELIMINARY LOCAL CLIMATOLOGICAL DATA (WS FORM: F-6)
STATION: MCKINNEY
MONTH: MAY
YEAR: 2021
LATITUDE: 33 10 N
LONGITUDE: 96 35 W
TEMPERATURE IN F: :PCPN: SNOW: WIND :SUNSHINE: SKY :PK WND
================================================================================
1 2 3 4 5 6A 6B 7 8 9 10 11 12 13 14 15 16 17 18
12Z AVG MX 2MIN
DY MAX MIN AVG DEP HDD CDD WTR SNW DPTH SPD SPD DIR MIN PSBL S-S WX SPD DR
================================================================================
1 74 59 67 -1 0 2 0.04 M M 4.9 14 130 M M 8 1 22 100
2 80 64 72 4 0 7 T M M 8.1 15 150 M M 7 1 20 130
3 88 66 77 9 0 12 0.55 M M 13.0 47 320 M M 4 13 92 330
4 73 54 64 -5 1 0 0.00 M M 10.5 22 350 M M 5 31 360
5 75 47 61 -8 4 0 0.00 M M 4.4 14 50 M M 0 1 19 80
6 82 53 68 -1 0 3 T M M 4.7 14 360 M M 1 19 360
7 82 53 68 -2 0 3 0.00 M M 9.3 20 140 M M 0 26 130
8 87 61 74 4 0 9 0.00 M M 19.5 32 170 M M 3 44 180
9 82 58 70 0 0 5 0.00 M M 14.5 29 190 M M 6 42 190
10 60 55 58 -13 7 0 2.05 M M 10.0 18 270 M M 10 13 25 260
11 60 56 58 -13 7 0 0.49 M M 8.9 21 350 M M 10 13 30 10
12 64 55 60 -11 5 0 T M M 8.1 15 10 M M 10 1 22 10
13 74 57 66 -6 0 1 0.00 M M 4.7 12 70 M M 5 16 50
14 76 51 64 -8 1 0 0.00 M M 7.5 16 150 M M 4 24 140
15 82 59 71 -1 0 6 0.00 M M 10.7 24 170 M M 2 29 180
16 73 65 69 -4 0 4 1.36 M M 11.0 25 190 M M 8 13 36 180
17 81 66 74 1 0 9 0.20 M M 8.1 28 180 M M 5 1 37 190
18 72 63 68 -5 0 3 0.54 M M 5.8 16 280 M M 5 13 23 290
19 81 64 73 -1 0 8 0.00 M M 5.5 22 160 M M 2 29 160
20 77 66 72 -2 0 7 0.42 M M 4.5 9 130 M M 6 1 16 120
21 83 69 76 2 0 11 T M M 10.2 18 140 M M 7 28 120
22 77 70 74 -1 0 9 0.11 M M 8.3 20 140 M M 9 1 29 140
23 81 68 75 0 0 10 0.03 M M 5.8 14 160 M M 6 1 17 140
24 79 68 74 -1 0 9 0.58 M M 7.2 20 170 M M 9 13 25 180
25 81 70 76 0 0 11 0.26 M M 9.8 18 170 M M 8 138 24 180
26 88 72 80 4 0 15 0.00 M M 9.2 16 150 M M 5 24 150
27 88 67 78 2 0 13 0.96 M M 13.3 29 360 M M 6 13 47 10
28 81 65 73 -3 0 8 0.29 M M 5.2 17 250 M M 5 13 22 240
29 83 64 74 -3 0 9 0.00 M M 7.1 13 40 M M 3 19 40
30 76 60 68 -9 0 3 0.00 M M 8.5 16 100 M M 5 23 110
31 71 63 67 -10 0 2 2.23 M M 7.0 17 120 M M 8 123 25 110
================================================================================
SM 2411 1908 25 179 10.11 M 265.3 M 172
================================================================================
AV 77.8 61.5 8.6 FASTST M M 6 MAX(MPH)
MISC ----> 47 320 92 330
================================================================================
NOTES:
# LAST OF SEVERAL OCCURRENCES
COLUMN 17 PEAK WIND IN M.P.H.
PRELIMINARY LOCAL CLIMATOLOGICAL DATA (WS FORM: F-6) , PAGE 2
STATION: MCKINNEY
MONTH: MAY
YEAR: 2021
LATITUDE: 33 10 N
LONGITUDE: 96 35 W
[TEMPERATURE DATA] [PRECIPITATION DATA] SYMBOLS USED IN COLUMN 16
AVERAGE MONTHLY: 69.7 TOTAL FOR MONTH: 10.11 1 = FOG OR MIST
DPTR FM NORMAL: -2.9 DPTR FM NORMAL: 5.34 2 = FOG REDUCING VISIBILITY
HIGHEST: 88 ON 27,26 GRTST 24HR 2.53 ON 10-11 TO 1/4 MILE OR LESS
LOWEST: 47 ON 5 3 = THUNDER
SNOW, ICE PELLETS, HAIL 4 = ICE PELLETS
TOTAL MONTH: M 5 = HAIL
GRTST 24HR M ON M 6 = FREEZING RAIN OR DRIZZLE
GRTST DEPTH: M ON M 7 = DUSTSTORM OR SANDSTORM:
VSBY 1/2 MILE OR LESS
8 = SMOKE OR HAZE
[NO. OF DAYS WITH] [WEATHER - DAYS WITH] 9 = BLOWING SNOW
X = TORNADO
MAX 32 OR BELOW: 0 0.01 INCH OR MORE: 15
MAX 90 OR ABOVE: 0 0.10 INCH OR MORE: 13
MIN 32 OR BELOW: 0 0.50 INCH OR MORE: 7
MIN 0 OR BELOW: 0 1.00 INCH OR MORE: 3
[HDD (BASE 65) ]
TOTAL THIS MO. 25 CLEAR (SCALE 0-3) 6
DPTR FM NORMAL 10 PTCLDY (SCALE 4-7) 20
TOTAL FM JUL 1 2604 CLOUDY (SCALE 8-10) 5
DPTR FM NORMAL 110
[CDD (BASE 65) ]
TOTAL THIS MO. 179
DPTR FM NORMAL -72 [PRESSURE DATA]
TOTAL FM JAN 1 249 HIGHEST SLP M ON M
DPTR FM NORMAL -112 LOWEST SLP 29.45 ON 3
[REMARKS]
#FINAL-05-21#