000
CXUS52 KMFL 011030
CF6TMB
PRELIMINARY LOCAL CLIMATOLOGICAL DATA (WS FORM: F-6)
STATION: KENDALL-TAMIAMI EXEC ARPT
MONTH: JUNE
YEAR: 2021
LATITUDE: 25 38 N
LONGITUDE: 80 26 W
TEMPERATURE IN F: :PCPN: SNOW: WIND :SUNSHINE: SKY :PK WND
================================================================================
1 2 3 4 5 6A 6B 7 8 9 10 11 12 13 14 15 16 17 18
12Z AVG MX 2MIN
DY MAX MIN AVG DEP HDD CDD WTR SNW DPTH SPD SPD DIR MIN PSBL S-S WX SPD DR
================================================================================
1 87 73 80 -1 0 15 0.86 M M 10.5 21 100 M M 2 13 27 130
2 88 75 82 1 0 17 0.31 M M 9.2 18 80 M M 3 1 23 90
3 83 74 79 -2 0 14 0.79 M M 5.8 17 230 M M 5 13 26 160
4 89 75 82 1 0 17 0.93 M M 7.1 22 120 M M 3 1 27 120
5 89 76 83 2 0 18 0.01 M M 8.9 20 100 M M 3 23 130
6 89 81 85 3 0 20 T M M 12.6 21 110 M M 5 26 110
7 89 81 85 3 0 20 0.00 M M 13.0 21 110 M M 3 27 120
8 89 77 83 1 0 18 0.13 M M 11.5 20 100 M M 2 24 140
9 89 76 83 1 0 18 0.00 0.0 0 11.1 18 90 M M 2 22 80
10 91 79 85 3 0 20 0.00 0.0 0 8.7 16 120 M M 2 21 150
11 91 75 83 1 0 18 0.05 0.0 0 6.3 15 140 M M 2 21 130
12 91 76 84 2 0 19 0.05 0.0 0 4.4 16 220 M M 2 3 20 210
13 95 75 85 3 0 20 0.05 0.0 0 7.1 21 250 M M 1 3 27 250
14 85 74 80 -2 0 15 0.28 M M 4.2 14 310 M M 4 138 19 300
15 91 75 83 1 0 18 0.15 M M 5.0 17 280 M M 2 3 22 270
16 88 72 80 -2 0 15 2.05 M M 4.5 24 160 M M 5 13 29 160
17 91 72 82 0 0 17 T M M 6.5 14 80 M M 0 19 120
18 91 78 85 3 0 20 0.00 M M 10.2 20 100 M M 3 8 25 110
19 91 81 86 4 0 21 T M M 8.5 16 130 M M 2 8 20 130
20 94 78 86 4 0 21 0.53 M M 4.4 15 340 M M 3 13 18 180
21 92 79 86 3 0 21 T 0.0 0 5.8 16 130 M M 1 21 130
22 93 79 86 3 0 21 0.02 0.0 0 8.2 18 150 M M 3 3 25 150
23 92 75 84 1 0 19 0.07 0.0 0 6.6 20 310 M M 1 3 27 310
24 87 76 82 -1 0 17 0.31 M M 8.3 23 110 M M 3 13 26 100
25 89 76 83 0 0 18 0.28 0.0 0 9.5 25 100 M M 2 38 33 110
26 89 77 83 0 0 18 0.44 0.0 0 9.0 26 100 M M 2 38 38 100
27 90 75 83 0 0 18 0.08 M M 9.7 22 80 M M 3 26 90
28 84 74 79 -4 0 14 1.31 M M 5.5 16 80 M M 2 138 20 120
29 88 74 81 -2 0 16 1.59 0.0 0 5.8 20 120 M M 3 13 23 120
30 84 74 79 -4 0 14 1.50 0.0 0 5.1 22 90 M M 2 13 26 90
================================================================================
SM 2679 2282 0 537 11.79 0.0 233.0 M 76
================================================================================
AV 89.3 76.1 7.8 FASTST M M 3 MAX(MPH)
MISC ----> 26 100 38 100
================================================================================
NOTES:
# LAST OF SEVERAL OCCURRENCES
COLUMN 17 PEAK WIND IN M.P.H.
PRELIMINARY LOCAL CLIMATOLOGICAL DATA (WS FORM: F-6) , PAGE 2
STATION: KENDALL-TAMIAMI EXEC ARPT
MONTH: JUNE
YEAR: 2021
LATITUDE: 25 38 N
LONGITUDE: 80 26 W
[TEMPERATURE DATA] [PRECIPITATION DATA] SYMBOLS USED IN COLUMN 16
AVERAGE MONTHLY: 82.7 TOTAL FOR MONTH: 11.79 1 = FOG OR MIST
DPTR FM NORMAL: 0.6 DPTR FM NORMAL: 2.97 2 = FOG REDUCING VISIBILITY
HIGHEST: 95 ON 13 GRTST 24HR 2.08 ON 15-16 TO 1/4 MILE OR LESS
LOWEST: 72 ON 17,16 3 = THUNDER
SNOW, ICE PELLETS, HAIL 4 = ICE PELLETS
TOTAL MONTH: 0.0 INCH 5 = HAIL
GRTST 24HR 0.0 6 = FREEZING RAIN OR DRIZZLE
GRTST DEPTH: 0 7 = DUSTSTORM OR SANDSTORM:
VSBY 1/2 MILE OR LESS
8 = SMOKE OR HAZE
[NO. OF DAYS WITH] [WEATHER - DAYS WITH] 9 = BLOWING SNOW
X = TORNADO
MAX 32 OR BELOW: 0 0.01 INCH OR MORE: 22
MAX 90 OR ABOVE: 13 0.10 INCH OR MORE: 15
MIN 32 OR BELOW: 0 0.50 INCH OR MORE: 8
MIN 0 OR BELOW: 0 1.00 INCH OR MORE: 4
[HDD (BASE 65) ]
TOTAL THIS MO. 0 CLEAR (SCALE 0-3) 25
DPTR FM NORMAL 0 PTCLDY (SCALE 4-7) 5
TOTAL FM JUL 1 162 CLOUDY (SCALE 8-10) 0
DPTR FM NORMAL 7
[CDD (BASE 65) ]
TOTAL THIS MO. 537
DPTR FM NORMAL 23 [PRESSURE DATA]
TOTAL FM JAN 1 2076 HIGHEST SLP 30.16 ON 8
DPTR FM NORMAL 350 LOWEST SLP 29.85 ON 13
[REMARKS]
#FINAL-06-21#