911
CXUS54 KBMX 011110
CF6TOI
PRELIMINARY LOCAL CLIMATOLOGICAL DATA (WS FORM: F-6)
STATION: TROY
MONTH: JUNE
YEAR: 2020
LATITUDE: 31 51 N
LONGITUDE: 86 1 W
TEMPERATURE IN F: :PCPN: SNOW: WIND :SUNSHINE: SKY :PK WND
================================================================================
1 2 3 4 5 6A 6B 7 8 9 10 11 12 13 14 15 16 17 18
12Z AVG MX 2MIN
DY MAX MIN AVG DEP HDD CDD WTR SNW DPTH SPD SPD DIR MIN PSBL S-S WX SPD DR
================================================================================
1 90 63 77 2 0 12 0.00 0.0 0 5.7 14 70 M M 2 18 110
2 86 70 78 2 0 13 0.00 0.0 0 5.5 14 120 M M 4 18 130
3 89 67 78 2 0 13 0.00 0.0 0 2.8 10 180 M M 1 13 16 170
4 91 66 79 3 0 14 0.00 0.0 0 2.6 9 240 M M 2 1 13 150
5 92 69 81 5 0 16 T 0.0 0 4.3 17 350 M M 3 1 21 340
6 87 71 79 3 0 14 0.49 0.0 0 5.3 14 50 M M 4 1 21 60
7 86 73 80 4 0 15 0.55 0.0 0 9.7 18 120 M M 8 1 26 110
8 89 76 83 6 0 18 0.30 0.0 0 10.4 21 160 M M 5 1 29 160
9 88 75 82 5 0 17 0.88 0.0 0 6.9 23 190 M M 5 123 29 190
10 91 76 84 7 0 19 0.06 0.0 0 7.3 18 190 M M 6 13 27 220
11 89 66 78 1 0 13 0.00 0.0 0 5.6 17 340 M M 1 20 330
12 90 63 77 -1 0 12 0.00 0.0 0 5.4 13 10 M M 1 18 10
13 91 68 80 2 0 15 0.00 0.0 0 4.7 15 40 M M 1 1 20 30
14 90 66 78 0 0 13 0.00 0.0 0 4.2 15 30 M M 1 1 20 40
15 91 64 78 0 0 13 T 0.0 0 2.6 21 330 M M 2 27 310
16 85 64 75 -3 0 10 0.00 0.0 0 6.0 13 40 M M 2 19 70
17 85 59 72 -6 0 7 0.00 0.0 0 2.5 10 350 M M 3 13 10
18 90 68 79 1 0 14 0.00 0.0 0 2.7 16 340 M M 6 21 350
19 92 65 79 0 0 14 0.00 0.0 0 2.2 9 350 M M 1 1 13 360
20 95 66 81 2 0 16 0.00 0.0 0 2.4 9 310 M M 1 1 13 10
21 94 69 82 3 0 17 0.00 0.0 0 4.3 13 220 M M 1 1 17 240
22 91 71 81 2 0 16 0.28 0.0 0 5.0 30 230 M M 2 13 38 240
23 91 72 82 3 0 17 0.25 0.0 0 6.9 21 250 M M 4 13 28 240
24 89 71 80 1 0 15 0.76 0.0 0 3.3 23 290 M M 4 138 33 290
25 88 73 81 1 0 16 0.02 0.0 0 2.1 13 220 M M 3 3 16 220
26 91 71 81 1 0 16 0.25 0.0 0 2.6 12 320 M M 2 18 15 330
27 90 71 81 1 0 16 0.00 0.0 0 3.8 13 210 M M 0 1 16 240
28 94 72 83 3 0 18 0.01 0.0 0 3.6 18 290 M M 2 13 26 290
29 95 72 84 4 0 19 0.00 0.0 0 3.1 9 260 M M 2 1 14 230
30 91 74 83 3 0 18 0.36 0.0 0 2.9 18 340 M M 2 138 24 340
================================================================================
SM 2701 2071 0 446 4.21 0.0 136.4 M 81
================================================================================
AV 90.0 69.0 4.5 FASTST M M 3 MAX(MPH)
MISC ----> # 30 230 # 38 240
================================================================================
NOTES:
# LAST OF SEVERAL OCCURRENCES
COLUMN 17 PEAK WIND IN M.P.H.
PRELIMINARY LOCAL CLIMATOLOGICAL DATA (WS FORM: F-6) , PAGE 2
STATION: TROY
MONTH: JUNE
YEAR: 2020
LATITUDE: 31 51 N
LONGITUDE: 86 1 W
[TEMPERATURE DATA] [PRECIPITATION DATA] SYMBOLS USED IN COLUMN 16
AVERAGE MONTHLY: 79.5 TOTAL FOR MONTH: 4.21 1 = FOG OR MIST
DPTR FM NORMAL: 1.5 DPTR FM NORMAL: -0.62 2 = FOG REDUCING VISIBILITY
HIGHEST: 95 ON 29,20 GRTST 24HR 0.88 ON 9- 9 TO 1/4 MILE OR LESS
LOWEST: 59 ON 17 3 = THUNDER
SNOW, ICE PELLETS, HAIL 4 = ICE PELLETS
TOTAL MONTH: 0.0 INCH 5 = HAIL
GRTST 24HR 0.0 6 = FREEZING RAIN OR DRIZZLE
GRTST DEPTH: 0 7 = DUSTSTORM OR SANDSTORM:
VSBY 1/2 MILE OR LESS
8 = SMOKE OR HAZE
[NO. OF DAYS WITH] [WEATHER - DAYS WITH] 9 = BLOWING SNOW
X = TORNADO
MAX 32 OR BELOW: 0 0.01 INCH OR MORE: 12
MAX 90 OR ABOVE: 19 0.10 INCH OR MORE: 9
MIN 32 OR BELOW: 0 0.50 INCH OR MORE: 3
MIN 0 OR BELOW: 0 1.00 INCH OR MORE: 0
[HDD (BASE 65) ]
TOTAL THIS MO. 0 CLEAR (SCALE 0-3) 20
DPTR FM NORMAL 0 PTCLDY (SCALE 4-7) 9
TOTAL FM JUL 1 1659 CLOUDY (SCALE 8-10) 1
DPTR FM NORMAL -670
[CDD (BASE 65) ]
TOTAL THIS MO. 446
DPTR FM NORMAL 58 [PRESSURE DATA]
TOTAL FM JAN 1 921 HIGHEST SLP 30.23 ON 26
DPTR FM NORMAL 246 LOWEST SLP 29.79 ON 8
[REMARKS]
#FINAL-06-20#