059
CDUS43 KTOP 110639
CLITOP


CLIMATE REPORT
NATIONAL WEATHER SERVICE TOPEKA KS
1234 AM CST THU FEB 11 2016


...................................

...THE TOPEKA KS CLIMATE SUMMARY FOR FEBRUARY 10 2016...

CLIMATE NORMAL PERIOD 1981 TO 2010
CLIMATE RECORD PERIOD 1887 TO 2016


WEATHER ITEM   OBSERVED TIME   RECORD YEAR NORMAL DEPARTURE LAST
                VALUE   (LST)  VALUE       VALUE  FROM      YEAR
                                                  NORMAL
..................................................................
TEMPERATURE (F)
 YESTERDAY
  MAXIMUM         60    447 PM  78    1932  43     17       54
  MINIMUM         21    235 AM  -9    2011  22     -1       28
  AVERAGE         41                        33      8       41

PRECIPITATION (IN)
  YESTERDAY        0.00          1.20 1898   0.05  -0.05     0.00
  MONTH TO DATE    0.35                      0.43  -0.08     0.35
  SINCE DEC 1      3.96                      2.64   1.32     3.74
  SINCE JAN 1      1.25                      1.29  -0.04     1.47

SNOWFALL (IN)
  YESTERDAY        0.0           4.4  1985   0.1   -0.1      0.0
  MONTH TO DATE    T                         1.8   -1.8      1.5
  SINCE JAN 1      2.1                       6.7   -4.6      2.9
  SINCE JUL 1      3.3                      13.2   -9.9      5.3
  SNOW DEPTH       0

DEGREE DAYS
 HEATING
  YESTERDAY       24                        32     -8       24
  MONTH TO DATE  278                       332    -54      311
  SINCE DEC 1   2098                      2448   -350     2223
  SINCE JUL 1   2834                      3442   -608     3254

 COOLING
  YESTERDAY        0                         0      0        0
  MONTH TO DATE    0                         0      0        0
  SINCE DEC 1      0                         0      0        0
  SINCE JAN 1      0                         0      0        0
..................................................................


WIND (MPH)
  HIGHEST WIND SPEED    18   HIGHEST WIND DIRECTION     S (200)
  HIGHEST GUST SPEED    26   HIGHEST GUST DIRECTION     S (200)
  AVERAGE WIND SPEED     6.9


SKY COVER
  AVERAGE SKY COVER 0.3


WEATHER CONDITIONS
 THE FOLLOWING WEATHER WAS RECORDED YESTERDAY.
  NO SIGNIFICANT WEATHER WAS OBSERVED.


RELATIVE HUMIDITY (PERCENT)
 HIGHEST    65           300 AM
 LOWEST     30           300 PM
 AVERAGE    48

..........................................................


THE TOPEKA KS CLIMATE NORMALS FOR TODAY
                         NORMAL    RECORD    YEAR
 MAXIMUM TEMPERATURE (F)   44        75      1951
 MINIMUM TEMPERATURE (F)   23       -19      1899


SUNRISE AND SUNSET
FEBRUARY 11 2016......SUNRISE   719 AM CST   SUNSET   555 PM CST
FEBRUARY 12 2016......SUNRISE   718 AM CST   SUNSET   556 PM CST


-  INDICATES NEGATIVE NUMBERS.
R  INDICATES RECORD WAS SET OR TIED.
MM INDICATES DATA IS MISSING.
T  INDICATES TRACE AMOUNT.




$$
