667
CDUS43 KTOP 250633
CLITOP


CLIMATE REPORT
NATIONAL WEATHER SERVICE TOPEKA KS
132 AM CDT SUN JUN 25 2017


...................................

...THE TOPEKA KS CLIMATE SUMMARY FOR JUNE 24 2017...

CLIMATE NORMAL PERIOD 1981 TO 2010
CLIMATE RECORD PERIOD 1887 TO 2017


WEATHER ITEM   OBSERVED TIME   RECORD YEAR NORMAL DEPARTURE LAST
                VALUE   (LST)  VALUE       VALUE  FROM      YEAR
                                                  NORMAL
..................................................................
TEMPERATURE (F)
 YESTERDAY
  MAXIMUM         81    351 PM 104    1937  87     -6       90
                                      1933
  MINIMUM         56    534 AM  50    1974  66    -10       69
                                      1961
  AVERAGE         69                        76     -7       80

PRECIPITATION (IN)
  YESTERDAY        0.00          1.96 1887   0.18  -0.18     0.02
  MONTH TO DATE    4.45                      4.38   0.07     1.60
  SINCE JUN 1      4.45                      4.38   0.07     1.60
  SINCE JAN 1     19.60                     17.49   2.11    20.91

SNOWFALL (IN)
  YESTERDAY        0.0           T    1992   0.0    0.0      0.0
  MONTH TO DATE    T                         0.0    0.0      0.0
  SINCE JAN 1      3.5                      11.3   -7.8      3.7
  SINCE JUL 1      6.6                      17.8  -11.2      4.9
  SNOW DEPTH       0

DEGREE DAYS
 HEATING
  YESTERDAY        0                         0      0        0
  MONTH TO DATE    0                         6     -6        0
  SINCE JUN 1      0                         6     -6        0
  SINCE JUL 1   4007                      5019  -1012     4002

 COOLING
  YESTERDAY        4                        12     -8       15
  MONTH TO DATE  280                       210     70      348
  SINCE JUN 1    280                       210     70      348
  SINCE JAN 1    409                       336     73      440
..................................................................


WIND (MPH)
  HIGHEST WIND SPEED    16   HIGHEST WIND DIRECTION     W (270)
  HIGHEST GUST SPEED    20   HIGHEST GUST DIRECTION    SW (210)
  AVERAGE WIND SPEED     3.4


SKY COVER
  AVERAGE SKY COVER 0.1


WEATHER CONDITIONS
 THE FOLLOWING WEATHER WAS RECORDED YESTERDAY.
  NO SIGNIFICANT WEATHER WAS OBSERVED.


RELATIVE HUMIDITY (PERCENT)
 HIGHEST   100           300 AM
 LOWEST     28           400 PM
 AVERAGE    64

..........................................................


THE TOPEKA KS CLIMATE NORMALS FOR TODAY
                         NORMAL    RECORD    YEAR
 MAXIMUM TEMPERATURE (F)   87       106      1911
 MINIMUM TEMPERATURE (F)   66        50      1974
                                             1958


SUNRISE AND SUNSET
JUNE 25 2017..........SUNRISE   558 AM CDT   SUNSET   852 PM CDT
JUNE 26 2017..........SUNRISE   558 AM CDT   SUNSET   852 PM CDT


-  INDICATES NEGATIVE NUMBERS.
R  INDICATES RECORD WAS SET OR TIED.
MM INDICATES DATA IS MISSING.
T  INDICATES TRACE AMOUNT.




$$
