000
CDUS43 KTOP 270645
CLITOP


CLIMATE REPORT
NATIONAL WEATHER SERVICE TOPEKA KS
144 AM CDT SAT JUN 27 2015


...................................

...THE TOPEKA KS CLIMATE SUMMARY FOR JUNE 26 2015...

CLIMATE NORMAL PERIOD 1981 TO 2010
CLIMATE RECORD PERIOD 1887 TO 2015


WEATHER ITEM   OBSERVED TIME   RECORD YEAR NORMAL DEPARTURE LAST
                VALUE   (LST)  VALUE       VALUE  FROM      YEAR
                                                  NORMAL
..................................................................
TEMPERATURE (F)
 YESTERDAY
  MAXIMUM         84    107 PM 107    1936  87     -3       88
  MINIMUM         65   1128 PM  49    1974  67     -2       70
  AVERAGE         75                        77     -2       79

PRECIPITATION (IN)
  YESTERDAY        1.05          2.07 1951   0.17   0.88     0.01
  MONTH TO DATE    6.21                      4.73   1.48     6.00
  SINCE JUN 1      6.21                      4.73   1.48     6.00
  SINCE JAN 1     20.80                     17.84   2.96    13.47

SNOWFALL (IN)
  YESTERDAY        0.0           0.0    MM   0.0    0.0      0.0
  MONTH TO DATE    0.0                       0.0    0.0      0.0
  SINCE JAN 1      7.9                      11.3   -3.4     23.1
  SINCE JUL 1     10.3                      17.8   -7.5     27.4
  SNOW DEPTH       0

DEGREE DAYS
 HEATING
  YESTERDAY        0                         0      0        0
  MONTH TO DATE    0                         6     -6        0
  SINCE JUN 1      0                         6     -6        0
  SINCE JUL 1   4874                      5019   -145     5440

 COOLING
  YESTERDAY       10                        12     -2       14
  MONTH TO DATE  318                       234     84      279
  SINCE JUN 1    318                       234     84      279
  SINCE JAN 1    400                       360     40      496
..................................................................


WIND (MPH)
  HIGHEST WIND SPEED    38   HIGHEST WIND DIRECTION     N (20)
  HIGHEST GUST SPEED    50   HIGHEST GUST DIRECTION     N (10)
  AVERAGE WIND SPEED     7.0


SKY COVER
  AVERAGE SKY COVER 0.6


WEATHER CONDITIONS
 THE FOLLOWING WEATHER WAS RECORDED YESTERDAY.
  THUNDERSTORM
  HEAVY RAIN
  LIGHT RAIN
  FOG


RELATIVE HUMIDITY (PERCENT)
 HIGHEST   100           400 AM
 LOWEST     55           100 PM
 AVERAGE    78

..........................................................


THE TOPEKA KS CLIMATE NORMALS FOR TODAY
                         NORMAL    RECORD    YEAR
 MAXIMUM TEMPERATURE (F)   88       106      1980
 MINIMUM TEMPERATURE (F)   67        49      1968


SUNRISE AND SUNSET
JUNE 27 2015..........SUNRISE   559 AM CDT   SUNSET   852 PM CDT
JUNE 28 2015..........SUNRISE   559 AM CDT   SUNSET   852 PM CDT


-  INDICATES NEGATIVE NUMBERS.
R  INDICATES RECORD WAS SET OR TIED.
MM INDICATES DATA IS MISSING.
T  INDICATES TRACE AMOUNT.




$$
