000
CDUS43 KTOP 272235
CLITOP


CLIMATE REPORT
NATIONAL WEATHER SERVICE TOPEKA KS
434 PM CST SUN NOV 27 2016


...................................

...THE TOPEKA KS CLIMATE SUMMARY FOR NOVEMBER 27 2016...
VALID TODAY AS OF 430 PM LOCAL TIME.

CLIMATE NORMAL PERIOD 1981 TO 2010
CLIMATE RECORD PERIOD 1887 TO 2016


WEATHER ITEM   OBSERVED TIME   RECORD YEAR NORMAL DEPARTURE LAST
                VALUE   (LST)  VALUE       VALUE  FROM      YEAR
                                                  NORMAL
..................................................................
TEMPERATURE (F)
 TODAY
  MAXIMUM         56    224 PM  71    1998  48      8       32
                                      1960
  MINIMUM         45   1244 AM  -5    1887  28     17       27
  AVERAGE         51                        38     13       30

PRECIPITATION (IN)
  TODAY            0.04          0.81 1983   0.06  -0.02     0.18
  MONTH TO DATE    0.19                      1.69  -1.50     3.68
  SINCE SEP 1      9.29                      8.38   0.91    12.01
  SINCE JAN 1     42.18                     34.95   7.23    45.25

SNOWFALL (IN)
  TODAY            0.0           5.0  1937   0.1   -0.1      0.1
  MONTH TO DATE    0.0                       0.8   -0.8      0.1
  SINCE JAN 1      3.7                      12.4   -8.7      8.0
  SINCE JUL 1      T                         1.1   -1.1      0.1
  SNOW DEPTH       0

DEGREE DAYS
 HEATING
  TODAY           14                        27    -13       35
  MONTH TO DATE  351                       553   -202      395
  SINCE SEP 1    507                       907   -400      642
  SINCE JUL 1    507                       909   -402      642

 COOLING
  TODAY            0                         0      0        0
  MONTH TO DATE   13                         0     13        0
  SINCE SEP 1    310                       192    118      318
  SINCE JAN 1   1711                      1420    291     1536
..................................................................


WIND (MPH)
  HIGHEST WIND SPEED    28   HIGHEST WIND DIRECTION     S (170)
  HIGHEST GUST SPEED    39   HIGHEST GUST DIRECTION     S (160)
  AVERAGE WIND SPEED    12.3



WEATHER CONDITIONS
 THE FOLLOWING WEATHER WAS RECORDED TODAY.
  RAIN
  LIGHT RAIN
  FOG


RELATIVE HUMIDITY (PERCENT)
 HIGHEST    83           900 AM
 LOWEST     71           300 AM
 AVERAGE    77

..........................................................


THE TOPEKA KS CLIMATE NORMALS FOR TOMORROW
                         NORMAL    RECORD    YEAR
 MAXIMUM TEMPERATURE (F)   48        73      2006
 MINIMUM TEMPERATURE (F)   27         1      1887


SUNRISE AND SUNSET
NOVEMBER 27 2016......SUNRISE   719 AM CST   SUNSET   501 PM CST
NOVEMBER 28 2016......SUNRISE   720 AM CST   SUNSET   501 PM CST


-  INDICATES NEGATIVE NUMBERS.
R  INDICATES RECORD WAS SET OR TIED.
MM INDICATES DATA IS MISSING.
T  INDICATES TRACE AMOUNT.




$$
