000
CDUS43 KTOP 220631
CLITOP


CLIMATE REPORT
NATIONAL WEATHER SERVICE TOPEKA KS
1231 AM CST WED FEB 22 2017


...................................

...THE TOPEKA KS CLIMATE SUMMARY FOR FEBRUARY 21 2017...

CLIMATE NORMAL PERIOD 1981 TO 2010
CLIMATE RECORD PERIOD 1887 TO 2017


WEATHER ITEM   OBSERVED TIME   RECORD YEAR NORMAL DEPARTURE LAST
                VALUE   (LST)  VALUE       VALUE  FROM      YEAR
                                                  NORMAL
..................................................................
TEMPERATURE (F)
 YESTERDAY
  MAXIMUM         70    525 PM  76    1977  47     23       59
  MINIMUM         38    734 AM  -2    1939  26     12       33
  AVERAGE         54                        36     18       46

PRECIPITATION (IN)
  YESTERDAY        0.00          1.95 1971   0.05  -0.05     0.00
  MONTH TO DATE    0.11                      0.95  -0.84     0.35
  SINCE DEC 1      2.44                      3.16  -0.72     3.96
  SINCE JAN 1      1.39                      1.81  -0.42     1.25

SNOWFALL (IN)
  YESTERDAY        0.0          11.3  1971   0.1   -0.1      0.0
  MONTH TO DATE    T                         3.7   -3.7       T
  SINCE JAN 1      2.2                       8.6   -6.4      2.1
  SINCE JUL 1      5.3                      15.1   -9.8      3.3
  SNOW DEPTH       0

DEGREE DAYS
 HEATING
  YESTERDAY       11                        29    -18       19
  MONTH TO DATE  444                       666   -222      527
  SINCE DEC 1   2478                      2782   -304     2347
  SINCE JUL 1   3051                      3776   -725     3083

 COOLING
  YESTERDAY        0                         0      0        0
  MONTH TO DATE    0                         0      0        0
  SINCE DEC 1      0                         0      0        0
  SINCE JAN 1      0                         0      0        0
..................................................................


WIND (MPH)
  HIGHEST WIND SPEED    10   HIGHEST WIND DIRECTION     W (260)
  HIGHEST GUST SPEED    13   HIGHEST GUST DIRECTION     W (260)
  AVERAGE WIND SPEED     2.7


SKY COVER
  AVERAGE SKY COVER 0.0


WEATHER CONDITIONS
 THE FOLLOWING WEATHER WAS RECORDED YESTERDAY.
  NO SIGNIFICANT WEATHER WAS OBSERVED.


RELATIVE HUMIDITY (PERCENT)
 HIGHEST    93           800 AM
 LOWEST     18           500 PM
 AVERAGE    56

..........................................................


THE TOPEKA KS CLIMATE NORMALS FOR TODAY
                         NORMAL    RECORD    YEAR
 MAXIMUM TEMPERATURE (F)   47        74      1995
                                             1917
 MINIMUM TEMPERATURE (F)   26         0      1910


SUNRISE AND SUNSET
FEBRUARY 22 2017......SUNRISE   704 AM CST   SUNSET   608 PM CST
FEBRUARY 23 2017......SUNRISE   703 AM CST   SUNSET   609 PM CST


-  INDICATES NEGATIVE NUMBERS.
R  INDICATES RECORD WAS SET OR TIED.
MM INDICATES DATA IS MISSING.
T  INDICATES TRACE AMOUNT.




$$
