000
CDUS43 KTOP 270635
CLITOP


CLIMATE REPORT
NATIONAL WEATHER SERVICE TOPEKA KS
1233 AM CST TUE JAN 27 2015


...................................

...THE TOPEKA KS CLIMATE SUMMARY FOR JANUARY 26 2015...

CLIMATE NORMAL PERIOD 1981 TO 2010
CLIMATE RECORD PERIOD 1887 TO 2015


WEATHER ITEM   OBSERVED TIME   RECORD YEAR NORMAL DEPARTURE LAST
                VALUE   (LST)  VALUE       VALUE  FROM      YEAR
                                                  NORMAL
..................................................................
TEMPERATURE (F)
 YESTERDAY
  MAXIMUM         66    359 PM  67    1944  41     25       61
  MINIMUM         23    601 AM -10    1904  20      3       19
  AVERAGE         45                        30     15       40

PRECIPITATION (IN)
  YESTERDAY        0.00          0.99 1916   0.03  -0.03     T
  MONTH TO DATE    0.08                      0.68  -0.60     0.34
  SINCE DEC 1      2.35                      2.03   0.32     0.90
  SINCE JAN 1      0.08                      0.68  -0.60     0.34

SNOWFALL (IN)
  YESTERDAY        0.0           4.4  1969   0.2   -0.2      T
  MONTH TO DATE    1.2                       4.1   -2.9      3.8
  SINCE JAN 1      1.2                       4.1   -2.9      3.8
  SINCE JUL 1      3.6                      10.6   -7.0      8.1
  SNOW DEPTH       0

DEGREE DAYS
 HEATING
  YESTERDAY       20                        35    -15       25
  MONTH TO DATE  904                       917    -13      954
  SINCE DEC 1   1787                      1940   -153     2062
  SINCE JUL 1   2818                      2934   -116     3058

 COOLING
  YESTERDAY        0                         0      0        0
  MONTH TO DATE    0                         0      0        0
  SINCE DEC 1      0                         0      0        0
  SINCE JAN 1      0                         0      0        0
..................................................................


WIND (MPH)
  HIGHEST WIND SPEED    21   HIGHEST WIND DIRECTION    NW (320)
  HIGHEST GUST SPEED    27   HIGHEST GUST DIRECTION    NW (320)
  AVERAGE WIND SPEED     4.8


SKY COVER
  AVERAGE SKY COVER 0.0


WEATHER CONDITIONS
 THE FOLLOWING WEATHER WAS RECORDED YESTERDAY.
  FOG


RELATIVE HUMIDITY (PERCENT)
 HIGHEST    96           400 AM
 LOWEST     28           500 PM
 AVERAGE    62

..........................................................


THE TOPEKA KS CLIMATE NORMALS FOR TODAY
                         NORMAL    RECORD    YEAR
 MAXIMUM TEMPERATURE (F)   41        67      2002
                                             1934
 MINIMUM TEMPERATURE (F)   20       -10      1902


SUNRISE AND SUNSET
JANUARY 27 2015.......SUNRISE   733 AM CST   SUNSET   538 PM CST
JANUARY 28 2015.......SUNRISE   733 AM CST   SUNSET   539 PM CST


-  INDICATES NEGATIVE NUMBERS.
R  INDICATES RECORD WAS SET OR TIED.
MM INDICATES DATA IS MISSING.
T  INDICATES TRACE AMOUNT.




$$
