000
CDUS43 KTOP 170636
CLITOP


CLIMATE REPORT
NATIONAL WEATHER SERVICE TOPEKA KS
135 AM CDT MON APR 17 2017


...................................

...THE TOPEKA KS CLIMATE SUMMARY FOR APRIL 16 2017...

CLIMATE NORMAL PERIOD 1981 TO 2010
CLIMATE RECORD PERIOD 1887 TO 2017


WEATHER ITEM   OBSERVED TIME   RECORD YEAR NORMAL DEPARTURE LAST
                VALUE   (LST)  VALUE       VALUE  FROM      YEAR
                                                  NORMAL
..................................................................
TEMPERATURE (F)
 YESTERDAY
  MAXIMUM         68    104 PM  87    1964  67      1       75
  MINIMUM         53   1159 PM  26    1953  44      9       56
                                      1921
  AVERAGE         61                        55      6       66

PRECIPITATION (IN)
  YESTERDAY        0.32          1.82 1969   0.12   0.20     0.00
  MONTH TO DATE    4.19                      1.72   2.47     0.16
  SINCE MAR 1      8.22                      4.21   4.01     2.46
  SINCE JAN 1      9.61                      6.39   3.22     3.73

SNOWFALL (IN)
  YESTERDAY        0.0           1.0  1921   0.1   -0.1      0.0
  MONTH TO DATE    T                         0.3   -0.3      0.0
  SINCE JAN 1      3.5                      11.3   -7.8      3.7
  SINCE JUL 1      6.6                      17.8  -11.2      4.9
  SNOW DEPTH       0

DEGREE DAYS
 HEATING
  YESTERDAY        4                        11     -7        0
  MONTH TO DATE  124                       205    -81      151
  SINCE MAR 1    624                       833   -209      579
  SINCE JUL 1   3805                      4800   -995     3831

 COOLING
  YESTERDAY        0                         1     -1        1
  MONTH TO DATE   21                         9     12        1
  SINCE MAR 1     30                        12     18        4
  SINCE JAN 1     30                        12     18        4
..................................................................


WIND (MPH)
  HIGHEST WIND SPEED    17   HIGHEST WIND DIRECTION     E (70)
  HIGHEST GUST SPEED    22   HIGHEST GUST DIRECTION    NE (50)
  AVERAGE WIND SPEED     8.4


SKY COVER
  AVERAGE SKY COVER 0.9


WEATHER CONDITIONS
 THE FOLLOWING WEATHER WAS RECORDED YESTERDAY.
  THUNDERSTORM
  HEAVY RAIN
  RAIN
  LIGHT RAIN
  FOG


RELATIVE HUMIDITY (PERCENT)
 HIGHEST   100           300 AM
 LOWEST     53           100 PM
 AVERAGE    77

..........................................................


THE TOPEKA KS CLIMATE NORMALS FOR TODAY
                         NORMAL    RECORD    YEAR
 MAXIMUM TEMPERATURE (F)   67        90      1954
 MINIMUM TEMPERATURE (F)   44        27      1956
                                             1907


SUNRISE AND SUNSET
APRIL 17 2017.........SUNRISE   643 AM CDT   SUNSET   802 PM CDT
APRIL 18 2017.........SUNRISE   641 AM CDT   SUNSET   803 PM CDT


-  INDICATES NEGATIVE NUMBERS.
R  INDICATES RECORD WAS SET OR TIED.
MM INDICATES DATA IS MISSING.
T  INDICATES TRACE AMOUNT.




$$
