000
CDUS43 KTOP 200647
CLITOP


CLIMATE REPORT
NATIONAL WEATHER SERVICE TOPEKA KS
142 AM CDT FRI MAY 20 2016


...................................

...THE TOPEKA KS CLIMATE SUMMARY FOR MAY 19 2016...

CLIMATE NORMAL PERIOD 1981 TO 2010
CLIMATE RECORD PERIOD 1887 TO 2016


WEATHER ITEM   OBSERVED TIME   RECORD YEAR NORMAL DEPARTURE LAST
                VALUE   (LST)  VALUE       VALUE  FROM      YEAR
                                                  NORMAL
..................................................................
TEMPERATURE (F)
 YESTERDAY
  MAXIMUM         68   1024 AM  96    2006  77     -9       59
                                      1975
                                      1944
  MINIMUM         46    502 AM  30    1888  55     -9       45
  AVERAGE         57                        66     -9       52

PRECIPITATION (IN)
  YESTERDAY        0.03          2.04 1977   0.16  -0.13     0.04
  MONTH TO DATE    3.77                      2.98   0.79     5.07
  SINCE MAR 1     12.99                      9.00   3.99     8.24
  SINCE JAN 1     14.26                     11.18   3.08    10.23

SNOWFALL (IN)
  YESTERDAY        0.0           0.0    MM   0.0    0.0      0.0
  MONTH TO DATE    T                         0.0    0.0      0.0
  SINCE JAN 1      3.7                      11.3   -7.6      7.9
  SINCE JUL 1      4.9                      17.8  -12.9     10.3
  SNOW DEPTH       0

DEGREE DAYS
 HEATING
  YESTERDAY        8                         2      6       13
  MONTH TO DATE  109                        78     31       53
  SINCE MAR 1    746                      1028   -282      834
  SINCE JUL 1   3998                      4995   -997     4835

 COOLING
  YESTERDAY        0                         3     -3        0
  MONTH TO DATE   18                        43    -25       52
  SINCE MAR 1     36                        71    -35       57
  SINCE JAN 1     36                        71    -35       57
..................................................................


WIND (MPH)
  HIGHEST WIND SPEED    16   HIGHEST WIND DIRECTION    SE (130)
  HIGHEST GUST SPEED    22   HIGHEST GUST DIRECTION    SE (150)
  AVERAGE WIND SPEED     4.0


SKY COVER
  AVERAGE SKY COVER 0.3


WEATHER CONDITIONS
 THE FOLLOWING WEATHER WAS RECORDED YESTERDAY.
  LIGHT RAIN
  FOG
  FOG W/VISIBILITY <= 1/4 MILE


RELATIVE HUMIDITY (PERCENT)
 HIGHEST    93           300 AM
 LOWEST     40          1100 AM
 AVERAGE    67

..........................................................


THE TOPEKA KS CLIMATE NORMALS FOR TODAY
                         NORMAL    RECORD    YEAR
 MAXIMUM TEMPERATURE (F)   77        91      1964
                                             1937
                                             1933
 MINIMUM TEMPERATURE (F)   56        36      1981


SUNRISE AND SUNSET
MAY 20 2016...........SUNRISE   605 AM CDT   SUNSET   834 PM CDT
MAY 21 2016...........SUNRISE   604 AM CDT   SUNSET   834 PM CDT


-  INDICATES NEGATIVE NUMBERS.
R  INDICATES RECORD WAS SET OR TIED.
MM INDICATES DATA IS MISSING.
T  INDICATES TRACE AMOUNT.




$$
