000
CDUS43 KTOP 150637
CLITOP


CLIMATE REPORT
NATIONAL WEATHER SERVICE TOPEKA KS
136 AM CDT SUN OCT 15 2017


...................................

...THE TOPEKA KS CLIMATE SUMMARY FOR OCTOBER 14 2017...

CLIMATE NORMAL PERIOD 1981 TO 2010
CLIMATE RECORD PERIOD 1887 TO 2017


WEATHER ITEM   OBSERVED TIME   RECORD YEAR NORMAL DEPARTURE LAST
                VALUE   (LST)  VALUE       VALUE  FROM      YEAR
                                                  NORMAL
..................................................................
TEMPERATURE (F)
 YESTERDAY
  MAXIMUM         79   1027 AM  92    1938  69     10       70
  MINIMUM         52   1159 PM  26    2006  45      7       51
  AVERAGE         66                        57      9       61

PRECIPITATION (IN)
  YESTERDAY        0.91          1.18 1930   0.10   0.81     0.00
  MONTH TO DATE    1.89                      1.48   0.41     0.89
  SINCE SEP 1      3.67                      5.14  -1.47     8.67
  SINCE JAN 1     37.14                     31.71   5.43    41.56

SNOWFALL (IN)
  YESTERDAY        0.0           T    1965   0.0    0.0      0.0
  MONTH TO DATE    0.0                       0.1   -0.1      0.0
  SINCE JAN 1      3.5                      11.4   -7.9      3.7
  SINCE JUL 1      T                         0.1   -0.1       T
  SNOW DEPTH       0

DEGREE DAYS
 HEATING
  YESTERDAY        0                         9     -9        4
  MONTH TO DATE   36                        98    -62       70
  SINCE SEP 1     49                       163   -114       90
  SINCE JUL 1     49                       165   -116       90

 COOLING
  YESTERDAY        1                         1      0        0
  MONTH TO DATE   53                        20     33       10
  SINCE SEP 1    281                       185     96      254
  SINCE JAN 1   1471                      1413     58     1655
..................................................................


WIND (MPH)
  HIGHEST WIND SPEED    26   HIGHEST WIND DIRECTION    NW (320)
  HIGHEST GUST SPEED    36   HIGHEST GUST DIRECTION    NW (320)
  AVERAGE WIND SPEED     8.5


SKY COVER
  AVERAGE SKY COVER 0.4


WEATHER CONDITIONS
 THE FOLLOWING WEATHER WAS RECORDED YESTERDAY.
  THUNDERSTORM
  HEAVY RAIN
  RAIN
  LIGHT RAIN
  FOG


RELATIVE HUMIDITY (PERCENT)
 HIGHEST   100           200 AM
 LOWEST     76          1100 AM
 AVERAGE    88

..........................................................


THE TOPEKA KS CLIMATE NORMALS FOR TODAY
                         NORMAL    RECORD    YEAR
 MAXIMUM TEMPERATURE (F)   69        90      1938
 MINIMUM TEMPERATURE (F)   45        27      1891


SUNRISE AND SUNSET
OCTOBER 15 2017.......SUNRISE   732 AM CDT   SUNSET   643 PM CDT
OCTOBER 16 2017.......SUNRISE   733 AM CDT   SUNSET   642 PM CDT


-  INDICATES NEGATIVE NUMBERS.
R  INDICATES RECORD WAS SET OR TIED.
MM INDICATES DATA IS MISSING.
T  INDICATES TRACE AMOUNT.




$$
