000
CDUS43 KTOP 150632
CLITOP


CLIMATE REPORT
NATIONAL WEATHER SERVICE TOPEKA KS
1231 AM CST WED NOV 15 2017


...................................

...THE TOPEKA KS CLIMATE SUMMARY FOR NOVEMBER 14 2017...

CLIMATE NORMAL PERIOD 1981 TO 2010
CLIMATE RECORD PERIOD 1887 TO 2017


WEATHER ITEM   OBSERVED TIME   RECORD YEAR NORMAL DEPARTURE LAST
                VALUE   (LST)  VALUE       VALUE  FROM      YEAR
                                                  NORMAL
..................................................................
TEMPERATURE (F)
 YESTERDAY
  MAXIMUM         58    245 PM  77    1897  56      2       70
  MINIMUM         49    125 AM   6    1940  34     15       38
  AVERAGE         54                        45      9       54

PRECIPITATION (IN)
  YESTERDAY        T             1.90 1931   0.06  -0.06     0.00
  MONTH TO DATE    0.09                      0.99  -0.90     0.06
  SINCE SEP 1      4.81                      7.68  -2.87     9.16
  SINCE JAN 1     38.28                     34.25   4.03    42.05

SNOWFALL (IN)
  YESTERDAY        0.0           0.5  1969   0.0    0.0      0.0
  MONTH TO DATE    T                         0.2   -0.2      0.0
  SINCE JAN 1      3.9                      11.8   -7.9      3.7
  SINCE JUL 1      0.4                       0.5   -0.1       T
  SNOW DEPTH       0

DEGREE DAYS
 HEATING
  YESTERDAY       11                        20     -9       11
  MONTH TO DATE  315                       241     74      147
  SINCE SEP 1    570                       595    -25      303
  SINCE JUL 1    570                       597    -27      303

 COOLING
  YESTERDAY        0                         0      0        0
  MONTH TO DATE    0                         0      0        7
  SINCE SEP 1    283                       192     91      304
  SINCE JAN 1   1473                      1420     53     1705
..................................................................


WIND (MPH)
  HIGHEST WIND SPEED    14   HIGHEST WIND DIRECTION     S (160)
  HIGHEST GUST SPEED    18   HIGHEST GUST DIRECTION     S (180)
  AVERAGE WIND SPEED     7.7


SKY COVER
  AVERAGE SKY COVER 1.0


WEATHER CONDITIONS
 THE FOLLOWING WEATHER WAS RECORDED YESTERDAY.
  FOG


RELATIVE HUMIDITY (PERCENT)
 HIGHEST   100           100 AM
 LOWEST     93          1200 AM
 AVERAGE    97

..........................................................


THE TOPEKA KS CLIMATE NORMALS FOR TODAY
                         NORMAL    RECORD    YEAR
 MAXIMUM TEMPERATURE (F)   55        78      1950
                                             1899
                                             1887
 MINIMUM TEMPERATURE (F)   33         9      1940


SUNRISE AND SUNSET
NOVEMBER 15 2017......SUNRISE   706 AM CST   SUNSET   508 PM CST
NOVEMBER 16 2017......SUNRISE   707 AM CST   SUNSET   507 PM CST


-  INDICATES NEGATIVE NUMBERS.
R  INDICATES RECORD WAS SET OR TIED.
MM INDICATES DATA IS MISSING.
T  INDICATES TRACE AMOUNT.




$$
