000
CDUS43 KTOP 120631
CLITOP


CLIMATE REPORT
NATIONAL WEATHER SERVICE TOPEKA KS
131 AM CDT SAT APR 12 2014


...................................

...THE TOPEKA KS CLIMATE SUMMARY FOR APRIL 11 2014...

CLIMATE NORMAL PERIOD 1981 TO 2010
CLIMATE RECORD PERIOD 1887 TO 2014


WEATHER ITEM   OBSERVED TIME   RECORD YEAR NORMAL DEPARTURE LAST
                VALUE   (LST)  VALUE       VALUE  FROM      YEAR
                                                  NORMAL
..................................................................
TEMPERATURE (F)
 YESTERDAY
  MAXIMUM         78    455 PM  90    1996  65     13       43
  MINIMUM         39    412 AM  25    1940  42     -3       34
  AVERAGE         59                        54      5       39

PRECIPITATION (IN)
  YESTERDAY        0.00          1.09 1920   0.11  -0.11     0.00
  MONTH TO DATE    0.28                      1.15  -0.87     1.31
  SINCE MAR 1      1.01                      3.64  -2.63     3.32
  SINCE JAN 1      2.67                      5.82  -3.15     5.76

SNOWFALL (IN)
  YESTERDAY        0.0           1.1  1957   0.0    0.0      0.0
  MONTH TO DATE    0.0                       0.2   -0.2      0.0
  SINCE JAN 1     23.0                      11.2   11.8     23.9
  SINCE JUL 1     27.3                      17.7    9.6     29.3
  SNOW DEPTH       0

DEGREE DAYS
 HEATING
  YESTERDAY        6                        12     -6       26
  MONTH TO DATE  159                       149     10      168
  SINCE MAR 1    869                       777     92      932
  SINCE JUL 1   5191                      4744    447     4489

 COOLING
  YESTERDAY        0                         1     -1        0
  MONTH TO DATE    0                         4     -4        0
  SINCE MAR 1      0                         7     -7        0
  SINCE JAN 1      0                         7     -7        0
..................................................................


WIND (MPH)
  HIGHEST WIND SPEED    16   HIGHEST WIND DIRECTION    SE (130)
  HIGHEST GUST SPEED    20   HIGHEST GUST DIRECTION    SE (120)
  AVERAGE WIND SPEED     5.8


SKY COVER
  AVERAGE SKY COVER 0.0


WEATHER CONDITIONS
 THE FOLLOWING WEATHER WAS RECORDED YESTERDAY.
  NO SIGNIFICANT WEATHER WAS OBSERVED.


RELATIVE HUMIDITY (PERCENT)
 HIGHEST    79           400 AM
 LOWEST     19           100 PM
 AVERAGE    49

..........................................................


THE TOPEKA KS CLIMATE NORMALS FOR TODAY
                         NORMAL    RECORD    YEAR
 MAXIMUM TEMPERATURE (F)   66        87      1972
 MINIMUM TEMPERATURE (F)   42        20      1957


SUNRISE AND SUNSET
APRIL 12 2014.........SUNRISE   650 AM CDT   SUNSET   757 PM CDT
APRIL 13 2014.........SUNRISE   649 AM CDT   SUNSET   758 PM CDT


-  INDICATES NEGATIVE NUMBERS.
R  INDICATES RECORD WAS SET OR TIED.
MM INDICATES DATA IS MISSING.
T  INDICATES TRACE AMOUNT.




$$
