000
CDUS43 KTOP 280642
CLITOP


CLIMATE REPORT
NATIONAL WEATHER SERVICE TOPEKA KS
1242 AM CST SUN DEC 28 2014


...................................

...THE TOPEKA KS CLIMATE SUMMARY FOR DECEMBER 27 2014...

CLIMATE NORMAL PERIOD 1981 TO 2010
CLIMATE RECORD PERIOD 1887 TO 2014


WEATHER ITEM   OBSERVED TIME   RECORD YEAR NORMAL DEPARTURE LAST
                VALUE   (LST)  VALUE       VALUE  FROM      YEAR
                                                  NORMAL
..................................................................
TEMPERATURE (F)
 YESTERDAY
  MAXIMUM         37    235 PM  71    1946  40     -3       57
  MINIMUM         22   1116 PM  -6    1924  20      2       20
  AVERAGE         30                        30      0       39

PRECIPITATION (IN)
  YESTERDAY        0.00          1.12 2008   0.03  -0.03     0.00
                                      1982
  MONTH TO DATE    2.27                      1.23   1.04     0.56
  SINCE DEC 1      2.27                      1.23   1.04     0.56
  SINCE JAN 1     31.15                     36.34  -5.19    34.01

SNOWFALL (IN)
  YESTERDAY        0.0           7.1  1966   0.2   -0.2      0.0
  MONTH TO DATE    2.0                       4.5   -2.5      4.3
  SINCE JAN 1     25.5                      17.1    8.4     28.5
  SINCE JUL 1      2.4                       5.8   -3.4      4.3
  SNOW DEPTH       0

DEGREE DAYS
 HEATING
  YESTERDAY       35                        35      0       26
  MONTH TO DATE  712                       883   -171      976
  SINCE DEC 1    712                       883   -171      976
  SINCE JUL 1   1743                      1877   -134     1972

 COOLING
  YESTERDAY        0                         0      0        0
  MONTH TO DATE    0                         0      0        0
  SINCE DEC 1      0                         0      0        0
  SINCE JAN 1   1611                      1422    189     1586
..................................................................


WIND (MPH)
  HIGHEST WIND SPEED    17   HIGHEST WIND DIRECTION     W (280)
  HIGHEST GUST SPEED    23   HIGHEST GUST DIRECTION     W (290)
  AVERAGE WIND SPEED     8.7


SKY COVER
  AVERAGE SKY COVER 0.5


WEATHER CONDITIONS
 THE FOLLOWING WEATHER WAS RECORDED YESTERDAY.
  FOG


RELATIVE HUMIDITY (PERCENT)
 HIGHEST    92           100 AM
 LOWEST     47           400 PM
 AVERAGE    70

..........................................................


THE TOPEKA KS CLIMATE NORMALS FOR TODAY
                         NORMAL    RECORD    YEAR
 MAXIMUM TEMPERATURE (F)   40        73      1984
 MINIMUM TEMPERATURE (F)   20        -9      1924
                                             1887


SUNRISE AND SUNSET
DECEMBER 28 2014......SUNRISE   741 AM CST   SUNSET   508 PM CST
DECEMBER 29 2014......SUNRISE   741 AM CST   SUNSET   508 PM CST


-  INDICATES NEGATIVE NUMBERS.
R  INDICATES RECORD WAS SET OR TIED.
MM INDICATES DATA IS MISSING.
T  INDICATES TRACE AMOUNT.




$$
