000
CDUS43 KTOP 180632
CLITOP


CLIMATE REPORT
NATIONAL WEATHER SERVICE TOPEKA KS
131 AM CDT THU MAY 18 2017


...................................

...THE TOPEKA KS CLIMATE SUMMARY FOR MAY 17 2017...

CLIMATE NORMAL PERIOD 1981 TO 2010
CLIMATE RECORD PERIOD 1887 TO 2017


WEATHER ITEM   OBSERVED TIME   RECORD YEAR NORMAL DEPARTURE LAST
                VALUE   (LST)  VALUE       VALUE  FROM      YEAR
                                                  NORMAL
..................................................................
TEMPERATURE (F)
 YESTERDAY
  MAXIMUM         79    612 PM  92    1907  76      3       63
  MINIMUM         64   1153 PM  36    2014  55      9       48
  AVERAGE         72                        65      7       56

PRECIPITATION (IN)
  YESTERDAY        0.10          2.25 1940   0.17  -0.07     0.16
  MONTH TO DATE    0.47                      2.66  -2.19     3.74
  SINCE MAR 1     10.54                      8.68   1.86    12.96
  SINCE JAN 1     11.93                     10.86   1.07    14.23

SNOWFALL (IN)
  YESTERDAY        0.0           T    1995   0.0    0.0      0.0
  MONTH TO DATE    0.0                       0.0    0.0      T
  SINCE JAN 1      3.5                      11.3   -7.8      3.7
  SINCE JUL 1      6.6                      17.8  -11.2      4.9
  SNOW DEPTH       0

DEGREE DAYS
 HEATING
  YESTERDAY        0                         3     -3        9
  MONTH TO DATE   53                        73    -20       93
  SINCE MAR 1    798                      1023   -225      730
  SINCE JUL 1   3979                      4990  -1011     3982

 COOLING
  YESTERDAY        7                         3      4        0
  MONTH TO DATE   64                        37     27       18
  SINCE MAR 1    101                        65     36       36
  SINCE JAN 1    101                        65     36       36
..................................................................


WIND (MPH)
  HIGHEST WIND SPEED    32   HIGHEST WIND DIRECTION    SW (210)
  HIGHEST GUST SPEED    48   HIGHEST GUST DIRECTION    SW (210)
  AVERAGE WIND SPEED    15.7


SKY COVER
  AVERAGE SKY COVER 0.4


WEATHER CONDITIONS
 THE FOLLOWING WEATHER WAS RECORDED YESTERDAY.
  THUNDERSTORM
  LIGHT RAIN


RELATIVE HUMIDITY (PERCENT)
 HIGHEST    93           600 AM
 LOWEST     37           500 PM
 AVERAGE    65

..........................................................


THE TOPEKA KS CLIMATE NORMALS FOR TODAY
                         NORMAL    RECORD    YEAR
 MAXIMUM TEMPERATURE (F)   77        94      1975
 MINIMUM TEMPERATURE (F)   55        38      1976


SUNRISE AND SUNSET
MAY 18 2017...........SUNRISE   607 AM CDT   SUNSET   832 PM CDT
MAY 19 2017...........SUNRISE   606 AM CDT   SUNSET   832 PM CDT


-  INDICATES NEGATIVE NUMBERS.
R  INDICATES RECORD WAS SET OR TIED.
MM INDICATES DATA IS MISSING.
T  INDICATES TRACE AMOUNT.




$$
