000
CDUS43 KTOP 130636
CLITOP


CLIMATE REPORT
NATIONAL WEATHER SERVICE TOPEKA KS
1236 AM CST MON NOV 13 2017


...................................

...THE TOPEKA KS CLIMATE SUMMARY FOR NOVEMBER 12 2017...

CLIMATE NORMAL PERIOD 1981 TO 2010
CLIMATE RECORD PERIOD 1887 TO 2017


WEATHER ITEM   OBSERVED TIME   RECORD YEAR NORMAL DEPARTURE LAST
                VALUE   (LST)  VALUE       VALUE  FROM      YEAR
                                                  NORMAL
..................................................................
TEMPERATURE (F)
 YESTERDAY
  MAXIMUM         50    357 PM  79    2005  57     -7       57
  MINIMUM         31   1044 PM   7    1911  35     -4       28
  AVERAGE         41                        46     -5       43

PRECIPITATION (IN)
  YESTERDAY        0.00          1.07 2010   0.06  -0.06     0.00
  MONTH TO DATE    0.09                      0.86  -0.77     0.06
  SINCE SEP 1      4.81                      7.55  -2.74     9.16
  SINCE JAN 1     38.28                     34.12   4.16    42.05

SNOWFALL (IN)
  YESTERDAY        0.0           0.3  1940   0.1   -0.1      0.0
  MONTH TO DATE    T                         0.2   -0.2      0.0
  SINCE JAN 1      3.9                      11.8   -7.9      3.7
  SINCE JUL 1      0.4                       0.5   -0.1       T
  SNOW DEPTH       0

DEGREE DAYS
 HEATING
  YESTERDAY       24                        19      5       22
  MONTH TO DATE  281                       201     80      118
  SINCE SEP 1    536                       555    -19      274
  SINCE JUL 1    536                       557    -21      274

 COOLING
  YESTERDAY        0                         0      0        0
  MONTH TO DATE    0                         0      0        7
  SINCE SEP 1    283                       192     91      304
  SINCE JAN 1   1473                      1420     53     1705
..................................................................


WIND (MPH)
  HIGHEST WIND SPEED    12   HIGHEST WIND DIRECTION    NW (330)
  HIGHEST GUST SPEED    15   HIGHEST GUST DIRECTION    NW (320)
  AVERAGE WIND SPEED     3.9


SKY COVER
  AVERAGE SKY COVER 0.9


WEATHER CONDITIONS
 THE FOLLOWING WEATHER WAS RECORDED YESTERDAY.
  FOG
  FOG W/VISIBILITY <= 1/4 MILE


RELATIVE HUMIDITY (PERCENT)
 HIGHEST   100          1200 AM
 LOWEST     74           400 PM
 AVERAGE    87

..........................................................


THE TOPEKA KS CLIMATE NORMALS FOR TODAY
                         NORMAL    RECORD    YEAR
 MAXIMUM TEMPERATURE (F)   56        84      1999
 MINIMUM TEMPERATURE (F)   34         4      1986


SUNRISE AND SUNSET
NOVEMBER 13 2017......SUNRISE   704 AM CST   SUNSET   510 PM CST
NOVEMBER 14 2017......SUNRISE   705 AM CST   SUNSET   509 PM CST


-  INDICATES NEGATIVE NUMBERS.
R  INDICATES RECORD WAS SET OR TIED.
MM INDICATES DATA IS MISSING.
T  INDICATES TRACE AMOUNT.




$$
