000
CDUS43 KTOP 140636
CLITOP


CLIMATE REPORT
NATIONAL WEATHER SERVICE TOPEKA KS
135 AM CDT WED SEP 14 2016


...................................

...THE TOPEKA KS CLIMATE SUMMARY FOR SEPTEMBER 13 2016...

CLIMATE NORMAL PERIOD 1981 TO 2010
CLIMATE RECORD PERIOD 1887 TO 2016


WEATHER ITEM   OBSERVED TIME   RECORD YEAR NORMAL DEPARTURE LAST
                VALUE   (LST)  VALUE       VALUE  FROM      YEAR
                                                  NORMAL
..................................................................
TEMPERATURE (F)
 YESTERDAY
  MAXIMUM         82    434 PM 104    1893  82      0       80
  MINIMUM         67   1159 PM  34    1890  58      9       57
  AVERAGE         75                        70      5       69

PRECIPITATION (IN)
  YESTERDAY        2.29          3.38 1901   0.12   2.17     0.00
  MONTH TO DATE    3.92                      1.60   2.32     6.74
  SINCE SEP 1      3.92                      1.60   2.32     6.74
  SINCE JAN 1     36.81                     28.17   8.64    39.98

SNOWFALL (IN)
  YESTERDAY        0.0           T    1909   0.0    0.0      0.0
  MONTH TO DATE    0.0                       0.0    0.0      0.0
  SINCE JAN 1      3.7                      11.3   -7.6      7.9
  SINCE JUL 1      T                         0.0    0.0      0.0
  SNOW DEPTH       0

DEGREE DAYS
 HEATING
  YESTERDAY        0                         1     -1        0
  MONTH TO DATE    0                         8     -8        7
  SINCE SEP 1      0                         8     -8        7
  SINCE JUL 1      0                        10    -10        7

 COOLING
  YESTERDAY       10                         6      4        4
  MONTH TO DATE  123                        99     24      157
  SINCE SEP 1    123                        99     24      157
  SINCE JAN 1   1524                      1327    197     1375
..................................................................


WIND (MPH)
  HIGHEST WIND SPEED    17   HIGHEST WIND DIRECTION    SE (130)
  HIGHEST GUST SPEED    22   HIGHEST GUST DIRECTION     E (110)
  AVERAGE WIND SPEED     6.8


SKY COVER
  AVERAGE SKY COVER 0.8


WEATHER CONDITIONS
 THE FOLLOWING WEATHER WAS RECORDED YESTERDAY.
  THUNDERSTORM
  HEAVY RAIN
  RAIN
  LIGHT RAIN
  FOG


RELATIVE HUMIDITY (PERCENT)
 HIGHEST    93           800 AM
 LOWEST     71           200 PM
 AVERAGE    82

..........................................................


THE TOPEKA KS CLIMATE NORMALS FOR TODAY
                         NORMAL    RECORD    YEAR
 MAXIMUM TEMPERATURE (F)   81       100      1939
 MINIMUM TEMPERATURE (F)   57        37      1974


SUNRISE AND SUNSET
SEPTEMBER 14 2016.....SUNRISE   703 AM CDT   SUNSET   732 PM CDT
SEPTEMBER 15 2016.....SUNRISE   704 AM CDT   SUNSET   730 PM CDT


-  INDICATES NEGATIVE NUMBERS.
R  INDICATES RECORD WAS SET OR TIED.
MM INDICATES DATA IS MISSING.
T  INDICATES TRACE AMOUNT.




$$
