655
CDUS43 KTOP 140640
CLITOP


CLIMATE REPORT
NATIONAL WEATHER SERVICE TOPEKA KS
135 AM CDT THU SEP 14 2017


...................................

...THE TOPEKA KS CLIMATE SUMMARY FOR SEPTEMBER 13 2017...

CLIMATE NORMAL PERIOD 1981 TO 2010
CLIMATE RECORD PERIOD 1887 TO 2017


WEATHER ITEM   OBSERVED TIME   RECORD YEAR NORMAL DEPARTURE LAST
                VALUE   (LST)  VALUE       VALUE  FROM      YEAR
                                                  NORMAL
..................................................................
TEMPERATURE (F)
 YESTERDAY
  MAXIMUM         86    357 PM 104    1893  82      4       82
  MINIMUM         54    558 AM  34    1890  58     -4       67
  AVERAGE         70                        70      0       75

PRECIPITATION (IN)
  YESTERDAY        0.00          3.38 1901   0.12  -0.12     2.29
  MONTH TO DATE    T                         1.60  -1.60     3.92
  SINCE SEP 1      T                         1.60  -1.60     3.92
  SINCE JAN 1     33.47                     28.17   5.30    36.81

SNOWFALL (IN)
  YESTERDAY        0.0           T    1909   0.0    0.0      0.0
  MONTH TO DATE    0.0                       0.0    0.0      0.0
  SINCE JAN 1      3.5                      11.3   -7.8      3.7
  SINCE JUL 1      T                         0.0    0.0       T
  SNOW DEPTH       0

DEGREE DAYS
 HEATING
  YESTERDAY        0                         1     -1        0
  MONTH TO DATE    5                         8     -3        0
  SINCE SEP 1      5                         8     -3        0
  SINCE JUL 1      5                        10     -5        0

 COOLING
  YESTERDAY        5                         6     -1       10
  MONTH TO DATE   71                        99    -28      123
  SINCE SEP 1     71                        99    -28      123
  SINCE JAN 1   1261                      1327    -66     1524
..................................................................


WIND (MPH)
  HIGHEST WIND SPEED     9   HIGHEST WIND DIRECTION    SE (150)
  HIGHEST GUST SPEED    14   HIGHEST GUST DIRECTION     E (100)
  AVERAGE WIND SPEED     1.9


SKY COVER
  AVERAGE SKY COVER 0.0


WEATHER CONDITIONS
 THE FOLLOWING WEATHER WAS RECORDED YESTERDAY.
  FOG


RELATIVE HUMIDITY (PERCENT)
 HIGHEST   100          1200 AM
 LOWEST     42           300 PM
 AVERAGE    71

..........................................................


THE TOPEKA KS CLIMATE NORMALS FOR TODAY
                         NORMAL    RECORD    YEAR
 MAXIMUM TEMPERATURE (F)   81       100      1939
 MINIMUM TEMPERATURE (F)   57        37      1974


SUNRISE AND SUNSET
SEPTEMBER 14 2017.....SUNRISE   703 AM CDT   SUNSET   732 PM CDT
SEPTEMBER 15 2017.....SUNRISE   704 AM CDT   SUNSET   730 PM CDT


-  INDICATES NEGATIVE NUMBERS.
R  INDICATES RECORD WAS SET OR TIED.
MM INDICATES DATA IS MISSING.
T  INDICATES TRACE AMOUNT.




$$
