000
CDUS43 KTOP 190637
CLITOP


CLIMATE REPORT
NATIONAL WEATHER SERVICE TOPEKA KS
1234 AM CST FRI DEC 19 2014


...................................

...THE TOPEKA KS CLIMATE SUMMARY FOR DECEMBER 18 2014...

CLIMATE NORMAL PERIOD 1981 TO 2010
CLIMATE RECORD PERIOD 1887 TO 2014


WEATHER ITEM   OBSERVED TIME   RECORD YEAR NORMAL DEPARTURE LAST
                VALUE   (LST)  VALUE       VALUE  FROM      YEAR
                                                  NORMAL
..................................................................
TEMPERATURE (F)
 YESTERDAY
  MAXIMUM         34    942 PM  68    2013  41     -7       68
  MINIMUM         29    646 AM -11    1983  22      7       23
  AVERAGE         32                        31      1       46

PRECIPITATION (IN)
  YESTERDAY        0.11          1.16 1968   0.04   0.07     0.00
  MONTH TO DATE    2.09                      0.88   1.21     0.10
  SINCE DEC 1      2.09                      0.88   1.21     0.10
  SINCE JAN 1     30.97                     35.99  -5.02    33.55

SNOWFALL (IN)
  YESTERDAY        1.1           5.1  1989   0.2    0.9      0.0
  MONTH TO DATE    2.0                       2.8   -0.8      1.0
  SINCE JAN 1     25.5                      15.4   10.1     25.2
  SINCE JUL 1      2.4                       4.1   -1.7      1.0
  SNOW DEPTH       2

DEGREE DAYS
 HEATING
  YESTERDAY       33                        34     -1       19
  MONTH TO DATE  478                       571    -93      633
  SINCE DEC 1    478                       571    -93      633
  SINCE JUL 1   1509                      1565    -56     1629

 COOLING
  YESTERDAY        0                         0      0        0
  MONTH TO DATE    0                         0      0        0
  SINCE DEC 1      0                         0      0        0
  SINCE JAN 1   1611                      1422    189     1586
..................................................................


WIND (MPH)
  HIGHEST WIND SPEED    10   HIGHEST WIND DIRECTION     E (70)
  HIGHEST GUST SPEED    12   HIGHEST GUST DIRECTION     E (70)
  AVERAGE WIND SPEED     3.5


SKY COVER
  AVERAGE SKY COVER 1.0


WEATHER CONDITIONS
 THE FOLLOWING WEATHER WAS RECORDED YESTERDAY.
  LIGHT SNOW
  FOG
  HAZE


RELATIVE HUMIDITY (PERCENT)
 HIGHEST    92          1200 AM
 LOWEST     82           600 PM
 AVERAGE    87

..........................................................


THE TOPEKA KS CLIMATE NORMALS FOR TODAY
                         NORMAL    RECORD    YEAR
 MAXIMUM TEMPERATURE (F)   41        67      1889
 MINIMUM TEMPERATURE (F)   21       -15      1983


SUNRISE AND SUNSET
DECEMBER 19 2014......SUNRISE   737 AM CST   SUNSET   502 PM CST
DECEMBER 20 2014......SUNRISE   737 AM CST   SUNSET   503 PM CST


-  INDICATES NEGATIVE NUMBERS.
R  INDICATES RECORD WAS SET OR TIED.
MM INDICATES DATA IS MISSING.
T  INDICATES TRACE AMOUNT.




$$
