000
CDUS43 KTOP 162132
CLITOP


CLIMATE REPORT
NATIONAL WEATHER SERVICE TOPEKA KS
431 PM CDT SAT JUL 16 2016


...................................

...THE TOPEKA KS CLIMATE SUMMARY FOR JULY 16 2016...
VALID TODAY AS OF 430 PM LOCAL TIME.

CLIMATE NORMAL PERIOD 1981 TO 2010
CLIMATE RECORD PERIOD 1887 TO 2016


WEATHER ITEM   OBSERVED TIME   RECORD YEAR NORMAL DEPARTURE LAST
                VALUE   (LST)  VALUE       VALUE  FROM      YEAR
                                                  NORMAL
..................................................................
TEMPERATURE (F)
 TODAY
  MAXIMUM         89    251 PM 109    1936  90     -1       94
  MINIMUM         67    524 AM  50    2014  69     -2       76
  AVERAGE         78                        79     -1       85

PRECIPITATION (IN)
  TODAY            0.00          1.81 1968   0.11  -0.11     0.00
  MONTH TO DATE    4.50                      2.11   2.39     6.48
  SINCE JUN 1      6.89                      7.51  -0.62    12.70
  SINCE JAN 1     26.20                     20.62   5.58    27.29

SNOWFALL (IN)
  TODAY            0.0           T    1953   0.0    0.0      0.0
  MONTH TO DATE    T                         0.0    0.0      0.0
  SINCE JAN 1      3.7                      11.3   -7.6      7.9
  SINCE JUL 1      T                         0.0    0.0      0.0
  SNOW DEPTH       0

DEGREE DAYS
 HEATING
  TODAY            0                         0      0        0
  MONTH TO DATE    0                         0      0        0
  SINCE JUN 1      0                         8     -8        0
  SINCE JUL 1      0                         0      0        0

 COOLING
  TODAY           13                        14     -1       20
  MONTH TO DATE  212                       219     -7      198
  SINCE JUN 1    651                       503    148      566
  SINCE JAN 1    743                       629    114      648
..................................................................


WIND (MPH)
  HIGHEST WIND SPEED    15   HIGHEST WIND DIRECTION    SE (130)
  HIGHEST GUST SPEED    19   HIGHEST GUST DIRECTION     S (160)
  AVERAGE WIND SPEED     6.0



WEATHER CONDITIONS
 THE FOLLOWING WEATHER WAS RECORDED TODAY.
  NO SIGNIFICANT WEATHER WAS OBSERVED.


RELATIVE HUMIDITY (PERCENT)
 HIGHEST    93           500 AM
 LOWEST     55           200 PM
 AVERAGE    74

..........................................................


THE TOPEKA KS CLIMATE NORMALS FOR TOMORROW
                         NORMAL    RECORD    YEAR
 MAXIMUM TEMPERATURE (F)   90       108      1936
                                             1934
 MINIMUM TEMPERATURE (F)   69        57      2009
                                             1967


SUNRISE AND SUNSET
JULY 16 2016..........SUNRISE   610 AM CDT   SUNSET   847 PM CDT
JULY 17 2016..........SUNRISE   611 AM CDT   SUNSET   846 PM CDT


-  INDICATES NEGATIVE NUMBERS.
R  INDICATES RECORD WAS SET OR TIED.
MM INDICATES DATA IS MISSING.
T  INDICATES TRACE AMOUNT.




$$
