000
CDUS43 KTOP 072132
CLITOP


CLIMATE REPORT
NATIONAL WEATHER SERVICE TOPEKA KS
431 PM CDT FRI JUL 7 2017


...................................

...THE TOPEKA KS CLIMATE SUMMARY FOR JULY 7 2017...
VALID TODAY AS OF 430 PM LOCAL TIME.

CLIMATE NORMAL PERIOD 1981 TO 2010
CLIMATE RECORD PERIOD 1887 TO 2017


WEATHER ITEM   OBSERVED TIME   RECORD YEAR NORMAL DEPARTURE LAST
                VALUE   (LST)  VALUE       VALUE  FROM      YEAR
                                                  NORMAL
..................................................................
TEMPERATURE (F)
 TODAY
  MAXIMUM         89    145 PM 109    1939  89      0       90
  MINIMUM         73    549 AM  52    1908  68      5       67
  AVERAGE         81                        79      2       79

PRECIPITATION (IN)
  TODAY            0.00          2.91 1899   0.13  -0.13     1.13
  MONTH TO DATE    0.02                      0.98  -0.96     2.95
  SINCE JUN 1      6.61                      6.38   0.23     5.34
  SINCE JAN 1     21.76                     19.49   2.27    24.65

SNOWFALL (IN)
  TODAY            0.0           T    1939   0.0    0.0      0.0
  MONTH TO DATE    0.0                       0.0    0.0      0.0
  SINCE JAN 1      3.5                      11.3   -7.8      3.7
  SINCE JUL 1      0.0                       0.0    0.0      0.0
  SNOW DEPTH       0

DEGREE DAYS
 HEATING
  TODAY            0                         0      0        0
  MONTH TO DATE    0                         0      0        0
  SINCE JUN 1      0                         8     -8        0
  SINCE JUL 1      0                         0      0        0

 COOLING
  TODAY           16                        14      2       14
  MONTH TO DATE   85                        93     -8       83
  SINCE JUN 1    409                       377     32      522
  SINCE JAN 1    538                       503     35      614
..................................................................


WIND (MPH)
  HIGHEST WIND SPEED    17   HIGHEST WIND DIRECTION     N (350)
  HIGHEST GUST SPEED    23   HIGHEST GUST DIRECTION     N (340)
  AVERAGE WIND SPEED     7.1



WEATHER CONDITIONS
 THE FOLLOWING WEATHER WAS RECORDED TODAY.
  NO SIGNIFICANT WEATHER WAS OBSERVED.


RELATIVE HUMIDITY (PERCENT)
 HIGHEST    87           600 AM
 LOWEST     50           200 PM
 AVERAGE    69

..........................................................


THE TOPEKA KS CLIMATE NORMALS FOR TOMORROW
                         NORMAL    RECORD    YEAR
 MAXIMUM TEMPERATURE (F)   89       104      1913
                                             1901
 MINIMUM TEMPERATURE (F)   68        53      1891


SUNRISE AND SUNSET
JULY  7 2017..........SUNRISE   604 AM CDT   SUNSET   851 PM CDT
JULY  8 2017..........SUNRISE   604 AM CDT   SUNSET   851 PM CDT


-  INDICATES NEGATIVE NUMBERS.
R  INDICATES RECORD WAS SET OR TIED.
MM INDICATES DATA IS MISSING.
T  INDICATES TRACE AMOUNT.




$$
