000
CDUS43 KTOP 182238
CLITOP


CLIMATE REPORT
NATIONAL WEATHER SERVICE TOPEKA KS
435 PM CST TUE NOV 18 2014


...................................

...THE TOPEKA KS CLIMATE SUMMARY FOR NOVEMBER 18 2014...
VALID TODAY AS OF 0400 PM LOCAL TIME.

CLIMATE NORMAL PERIOD 1981 TO 2010
CLIMATE RECORD PERIOD 1887 TO 2014


WEATHER ITEM   OBSERVED TIME   RECORD YEAR NORMAL DEPARTURE LAST
                VALUE   (LST)  VALUE       VALUE  FROM      YEAR
                                                  NORMAL
..................................................................
TEMPERATURE (F)
 TODAY
  MAXIMUM         43    336 PM  79    1976  53    -10       61
                                      1908
  MINIMUM          7R   650 AM  10    1891  32    -25       30
  AVERAGE         25                        43    -18       46

PRECIPITATION (IN)
  TODAY            0.00          0.48 1992   0.05  -0.05     0.00
  MONTH TO DATE    0.07                      1.21  -1.14     0.52
  SINCE SEP 1      8.67                      7.90   0.77     8.62
  SINCE JAN 1     28.51                     34.47  -5.96    33.09

SNOWFALL (IN)
  TODAY            0.0           2.0  1972   0.0    0.0      0.0
  MONTH TO DATE    0.4                       0.3    0.1      0.0
  SINCE JAN 1     23.5                      11.9   11.6     24.2
  SINCE JUL 1      0.4                       0.6   -0.2       T
  SNOW DEPTH       0

DEGREE DAYS
 HEATING
  TODAY           40                        22     18       19
  MONTH TO DATE  471                       327    144      313
  SINCE SEP 1    725                       681     44      630
  SINCE JUL 1    725                       683     42      630

 COOLING
  TODAY            0                         0      0        0
  MONTH TO DATE    0                         0      0        0
  SINCE SEP 1    201                       192      9      292
  SINCE JAN 1   1611                      1420    191     1586
..................................................................


WIND (MPH)
  HIGHEST WIND SPEED    17   HIGHEST WIND DIRECTION     S (200)
  HIGHEST GUST SPEED    23   HIGHEST GUST DIRECTION    SW (230)
  AVERAGE WIND SPEED     5.6



WEATHER CONDITIONS
 THE FOLLOWING WEATHER WAS RECORDED TODAY.
  NO SIGNIFICANT WEATHER WAS OBSERVED.


RELATIVE HUMIDITY (PERCENT)
 HIGHEST    80           600 AM
 LOWEST     24           300 PM
 AVERAGE    52

..........................................................


THE TOPEKA KS CLIMATE NORMALS FOR TOMORROW
                         NORMAL    RECORD    YEAR
 MAXIMUM TEMPERATURE (F)   53        79      2007
                                             1942
 MINIMUM TEMPERATURE (F)   31         9      1914


SUNRISE AND SUNSET
NOVEMBER 18 2014......SUNRISE   709 AM CST   SUNSET   506 PM CST
NOVEMBER 19 2014......SUNRISE   710 AM CST   SUNSET   506 PM CST


-  INDICATES NEGATIVE NUMBERS.
R  INDICATES RECORD WAS SET OR TIED.
MM INDICATES DATA IS MISSING.
T  INDICATES TRACE AMOUNT.

$$
