000
CDUS43 KTOP 050637
CLITOP


CLIMATE REPORT
NATIONAL WEATHER SERVICE TOPEKA KS
1236 AM CST MON FEB 5 2018


...................................

...THE TOPEKA KS CLIMATE SUMMARY FOR FEBRUARY 4 2018...

CLIMATE NORMAL PERIOD 1981 TO 2010
CLIMATE RECORD PERIOD 1887 TO 2018


WEATHER ITEM   OBSERVED TIME   RECORD YEAR NORMAL DEPARTURE LAST
                VALUE   (LST)  VALUE       VALUE  FROM      YEAR
                                                  NORMAL
..................................................................
TEMPERATURE (F)
 YESTERDAY
  MAXIMUM         38   1223 AM  74    1946  42     -4       54
  MINIMUM         -1   1152 PM -13    1905  21    -22       25
  AVERAGE         19                        31    -12       40

PRECIPITATION (IN)
  YESTERDAY        0.11          0.84 1986   0.04   0.07     0.00
  MONTH TO DATE    0.11                      0.16  -0.05      T
  SINCE DEC 1      1.36                      2.37  -1.01     2.33
  SINCE JAN 1      1.05                      1.02   0.03     1.28

SNOWFALL (IN)
  YESTERDAY        2.0          12.9  2014   0.1    1.9      0.0
  MONTH TO DATE    2.0                       0.7    1.3       T
  SINCE JAN 1      5.1                       5.6   -0.5      2.2
  SINCE JUL 1      7.2                      12.1   -4.9      5.3
  SNOW DEPTH       0

DEGREE DAYS
 HEATING
  YESTERDAY       46                        34     12       25
  MONTH TO DATE  146                       136     10      127
  SINCE DEC 1   2216                      2252    -36     2161
  SINCE JUL 1   3039                      3246   -207     2734

 COOLING
  YESTERDAY        0                         0      0        0
  MONTH TO DATE    0                         0      0        0
  SINCE DEC 1      0                         0      0        0
  SINCE JAN 1      0                         0      0        0
..................................................................


WIND (MPH)
  HIGHEST WIND SPEED    29   HIGHEST WIND DIRECTION     N (340)
  HIGHEST GUST SPEED    35   HIGHEST GUST DIRECTION     N (340)
  AVERAGE WIND SPEED    13.2


SKY COVER
  AVERAGE SKY COVER 0.5


WEATHER CONDITIONS
 THE FOLLOWING WEATHER WAS RECORDED YESTERDAY.
  SNOW
  LIGHT SNOW
  FOG
  FOG W/VISIBILITY <= 1/4 MILE
  HAZE


RELATIVE HUMIDITY (PERCENT)
 HIGHEST    92          1100 AM
 LOWEST     53           400 PM
 AVERAGE    73

..........................................................


THE TOPEKA KS CLIMATE NORMALS FOR TODAY
                         NORMAL    RECORD    YEAR
 MAXIMUM TEMPERATURE (F)   42        72      1938
 MINIMUM TEMPERATURE (F)   21       -17      1979


SUNRISE AND SUNSET
FEBRUARY  5 2018......SUNRISE   725 AM CST   SUNSET   548 PM CST
FEBRUARY  6 2018......SUNRISE   724 AM CST   SUNSET   550 PM CST


-  INDICATES NEGATIVE NUMBERS.
R  INDICATES RECORD WAS SET OR TIED.
MM INDICATES DATA IS MISSING.
T  INDICATES TRACE AMOUNT.




$$
