000
CDUS43 KTOP 210633
CLITOP


CLIMATE REPORT
NATIONAL WEATHER SERVICE TOPEKA KS
132 AM CDT THU APR 21 2016


...................................

...THE TOPEKA KS CLIMATE SUMMARY FOR APRIL 20 2016...

CLIMATE NORMAL PERIOD 1981 TO 2010
CLIMATE RECORD PERIOD 1887 TO 2016


WEATHER ITEM   OBSERVED TIME   RECORD YEAR NORMAL DEPARTURE LAST
                VALUE   (LST)  VALUE       VALUE  FROM      YEAR
                                                  NORMAL
..................................................................
TEMPERATURE (F)
 YESTERDAY
  MAXIMUM         68    412 PM  94    1902  68      0       61
  MINIMUM         52   1116 PM  24    1953  45      7       40
  AVERAGE         60                        57      3       51

PRECIPITATION (IN)
  YESTERDAY        0.92          1.39 1904   0.12   0.80     0.00
  MONTH TO DATE    2.55                      2.18   0.37     1.85
  SINCE MAR 1      4.85                      4.67   0.18     2.62
  SINCE JAN 1      6.12                      6.85  -0.73     4.61

SNOWFALL (IN)
  YESTERDAY        0.0           0.2  1918   0.0    0.0      0.0
  MONTH TO DATE    0.0                       0.3   -0.3      0.0
  SINCE JAN 1      3.7                      11.3   -7.6      7.9
  SINCE JUL 1      4.9                      17.8  -12.9     10.3
  SNOW DEPTH       0

DEGREE DAYS
 HEATING
  YESTERDAY        5                         9     -4       14
  MONTH TO DATE  163                       244    -81      135
  SINCE MAR 1    591                       872   -281      688
  SINCE JUL 1   3843                      4839   -996     4689

 COOLING
  YESTERDAY        0                         1     -1        0
  MONTH TO DATE    3                        13    -10        5
  SINCE MAR 1      6                        16    -10        5
  SINCE JAN 1      6                        16    -10        5
..................................................................


WIND (MPH)
  HIGHEST WIND SPEED    21   HIGHEST WIND DIRECTION     W (250)
  HIGHEST GUST SPEED    29   HIGHEST GUST DIRECTION     W (260)
  AVERAGE WIND SPEED     8.7


SKY COVER
  AVERAGE SKY COVER 0.6


WEATHER CONDITIONS
 THE FOLLOWING WEATHER WAS RECORDED YESTERDAY.
  HEAVY RAIN
  RAIN
  LIGHT RAIN
  FOG


RELATIVE HUMIDITY (PERCENT)
 HIGHEST   100           100 AM
 LOWEST     45           500 PM
 AVERAGE    73

..........................................................


THE TOPEKA KS CLIMATE NORMALS FOR TODAY
                         NORMAL    RECORD    YEAR
 MAXIMUM TEMPERATURE (F)   68        89      1989
 MINIMUM TEMPERATURE (F)   46        24      1966


SUNRISE AND SUNSET
APRIL 21 2016.........SUNRISE   637 AM CDT   SUNSET   806 PM CDT
APRIL 22 2016.........SUNRISE   635 AM CDT   SUNSET   807 PM CDT


-  INDICATES NEGATIVE NUMBERS.
R  INDICATES RECORD WAS SET OR TIED.
MM INDICATES DATA IS MISSING.
T  INDICATES TRACE AMOUNT.




$$
