000
CDUS43 KTOP 040633
CLITOP


CLIMATE REPORT
NATIONAL WEATHER SERVICE TOPEKA KS
132 AM CDT WED OCT 4 2017


...................................

...THE TOPEKA KS CLIMATE SUMMARY FOR OCTOBER 3 2017...

CLIMATE NORMAL PERIOD 1981 TO 2010
CLIMATE RECORD PERIOD 1887 TO 2017


WEATHER ITEM   OBSERVED TIME   RECORD YEAR NORMAL DEPARTURE LAST
                VALUE   (LST)  VALUE       VALUE  FROM      YEAR
                                                  NORMAL
..................................................................
TEMPERATURE (F)
 YESTERDAY
  MAXIMUM         85    325 PM  96    2006  73     12       80
                                      1954
  MINIMUM         64   1159 PM  28    1888  49     15       55
  AVERAGE         75                        61     14       68

PRECIPITATION (IN)
  YESTERDAY        0.00          1.94 1942   0.12  -0.12     0.00
  MONTH TO DATE    0.00                      0.37  -0.37     0.00
  SINCE SEP 1      1.78                      4.03  -2.25     7.78
  SINCE JAN 1     35.25                     30.60   4.65    40.67

SNOWFALL (IN)
  YESTERDAY        0.0           T    1959   0.0    0.0      0.0
  MONTH TO DATE    0.0                       0.0    0.0      0.0
  SINCE JAN 1      3.5                      11.3   -7.8      3.7
  SINCE JUL 1      T                         0.0    0.0       T
  SNOW DEPTH       0

DEGREE DAYS
 HEATING
  YESTERDAY        0                         6     -6        0
  MONTH TO DATE    0                        17    -17        5
  SINCE SEP 1     13                        82    -69       25
  SINCE JUL 1     13                        84    -71       25

 COOLING
  YESTERDAY       10                         2      8        3
  MONTH TO DATE   29                         6     23        3
  SINCE SEP 1    257                       171     86      247
  SINCE JAN 1   1447                      1399     48     1648
..................................................................


WIND (MPH)
  HIGHEST WIND SPEED    24   HIGHEST WIND DIRECTION     S (160)
  HIGHEST GUST SPEED    33   HIGHEST GUST DIRECTION     S (160)
  AVERAGE WIND SPEED    10.6


SKY COVER
  AVERAGE SKY COVER 0.7


WEATHER CONDITIONS
 THE FOLLOWING WEATHER WAS RECORDED YESTERDAY.
  NO SIGNIFICANT WEATHER WAS OBSERVED.


RELATIVE HUMIDITY (PERCENT)
 HIGHEST   100           900 PM
 LOWEST     61           200 PM
 AVERAGE    81

..........................................................


THE TOPEKA KS CLIMATE NORMALS FOR TODAY
                         NORMAL    RECORD    YEAR
 MAXIMUM TEMPERATURE (F)   73        95      1938
 MINIMUM TEMPERATURE (F)   49        32      1999
                                             1968


SUNRISE AND SUNSET
OCTOBER  4 2017.......SUNRISE   722 AM CDT   SUNSET   700 PM CDT
OCTOBER  5 2017.......SUNRISE   723 AM CDT   SUNSET   658 PM CDT


-  INDICATES NEGATIVE NUMBERS.
R  INDICATES RECORD WAS SET OR TIED.
MM INDICATES DATA IS MISSING.
T  INDICATES TRACE AMOUNT.




$$
