000
CDUS43 KTOP 110647
CLITOP


CLIMATE REPORT
NATIONAL WEATHER SERVICE TOPEKA KS
146 AM CDT MON JUL 11 2016


...................................

...THE TOPEKA KS CLIMATE SUMMARY FOR JULY 10 2016...

CLIMATE NORMAL PERIOD 1981 TO 2010
CLIMATE RECORD PERIOD 1887 TO 2016


WEATHER ITEM   OBSERVED TIME   RECORD YEAR NORMAL DEPARTURE LAST
                VALUE   (LST)  VALUE       VALUE  FROM      YEAR
                                                  NORMAL
..................................................................
TEMPERATURE (F)
 YESTERDAY
  MAXIMUM         92    229 PM 106    1980  89      3       76
  MINIMUM         74    536 AM  53    1996  69      5       65
                                      1961
  AVERAGE         83                        79      4       71

PRECIPITATION (IN)
  YESTERDAY        0.00          4.10 1922   0.13  -0.13     0.79
  MONTH TO DATE    2.95                      1.37   1.58     5.34
  SINCE JUN 1      5.34                      6.77  -1.43    11.56
  SINCE JAN 1     24.65                     19.88   4.77    26.15

SNOWFALL (IN)
  YESTERDAY        0.0           0.0    MM   0.0    0.0      0.0
  MONTH TO DATE    0.0                       0.0    0.0      0.0
  SINCE JAN 1      3.7                      11.3   -7.6      7.9
  SINCE JUL 1      0.0                       0.0    0.0      0.0
  SNOW DEPTH       0

DEGREE DAYS
 HEATING
  YESTERDAY        0                         0      0        0
  MONTH TO DATE    0                         0      0        0
  SINCE JUN 1      0                         8     -8        0
  SINCE JUL 1      0                         0      0        0

 COOLING
  YESTERDAY       18                        14      4        6
  MONTH TO DATE  134                       135     -1       86
  SINCE JUN 1    573                       419    154      454
  SINCE JAN 1    665                       545    120      536
..................................................................


WIND (MPH)
  HIGHEST WIND SPEED    21   HIGHEST WIND DIRECTION    SE (150)
  HIGHEST GUST SPEED    25   HIGHEST GUST DIRECTION    SE (150)
  AVERAGE WIND SPEED    10.4


SKY COVER
  AVERAGE SKY COVER 0.0


WEATHER CONDITIONS
 THE FOLLOWING WEATHER WAS RECORDED YESTERDAY.
  NO SIGNIFICANT WEATHER WAS OBSERVED.


RELATIVE HUMIDITY (PERCENT)
 HIGHEST    93           500 AM
 LOWEST     49           400 PM
 AVERAGE    71

..........................................................


THE TOPEKA KS CLIMATE NORMALS FOR TODAY
                         NORMAL    RECORD    YEAR
 MAXIMUM TEMPERATURE (F)   90       107      1980
 MINIMUM TEMPERATURE (F)   69        53      1895


SUNRISE AND SUNSET
JULY 11 2016..........SUNRISE   607 AM CDT   SUNSET   849 PM CDT
JULY 12 2016..........SUNRISE   607 AM CDT   SUNSET   849 PM CDT


-  INDICATES NEGATIVE NUMBERS.
R  INDICATES RECORD WAS SET OR TIED.
MM INDICATES DATA IS MISSING.
T  INDICATES TRACE AMOUNT.




$$
