000
CDUS43 KTOP 260631
CLITOP


CLIMATE REPORT
NATIONAL WEATHER SERVICE TOPEKA KS
131 AM CDT THU MAR 26 2015


...................................

...THE TOPEKA KS CLIMATE SUMMARY FOR MARCH 25 2015...

CLIMATE NORMAL PERIOD 1981 TO 2010
CLIMATE RECORD PERIOD 1887 TO 2015


WEATHER ITEM   OBSERVED TIME   RECORD YEAR NORMAL DEPARTURE LAST
                VALUE   (LST)  VALUE       VALUE  FROM      YEAR
                                                  NORMAL
..................................................................
TEMPERATURE (F)
 YESTERDAY
  MAXIMUM         53   1214 PM  91    1907  60     -7       45
  MINIMUM         40   1159 PM   6    1955  36      4       25
  AVERAGE         47                        48     -1       35

PRECIPITATION (IN)
  YESTERDAY        0.27          1.08 1959   0.09   0.18     0.00
  MONTH TO DATE    0.69                      1.89  -1.20     0.63
  SINCE MAR 1      0.69                      1.89  -1.20     0.63
  SINCE JAN 1      2.68                      4.07  -1.39     2.29

SNOWFALL (IN)
  YESTERDAY        0.0           5.4  1957   0.0    0.0      0.0
  MONTH TO DATE    T                         1.4   -1.4      4.1
  SINCE JAN 1      7.9                      10.8   -2.9     23.0
  SINCE JUL 1     10.3                      17.3   -7.0     27.3
  SNOW DEPTH       0

DEGREE DAYS
 HEATING
  YESTERDAY       18                        17      1       30
  MONTH TO DATE  461                       531    -70      624
  SINCE MAR 1    461                       531    -70      624
  SINCE JUL 1   4462                      4498    -36     4946

 COOLING
  YESTERDAY        0                         0      0        0
  MONTH TO DATE    0                         0      0        0
  SINCE MAR 1      0                         0      0        0
  SINCE JAN 1      0                         0      0        0
..................................................................


WIND (MPH)
  HIGHEST WIND SPEED    23   HIGHEST WIND DIRECTION     N (360)
  HIGHEST GUST SPEED    32   HIGHEST GUST DIRECTION     N (10)
  AVERAGE WIND SPEED    10.3


SKY COVER
  AVERAGE SKY COVER 0.9


WEATHER CONDITIONS
 THE FOLLOWING WEATHER WAS RECORDED YESTERDAY.
  RAIN
  LIGHT RAIN
  FOG
  HAZE


RELATIVE HUMIDITY (PERCENT)
 HIGHEST   100           800 AM
 LOWEST     71          1200 PM
 AVERAGE    86

..........................................................


THE TOPEKA KS CLIMATE NORMALS FOR TODAY
                         NORMAL    RECORD    YEAR
 MAXIMUM TEMPERATURE (F)   60        85      1991
                                             1910
 MINIMUM TEMPERATURE (F)   37         5      1955


SUNRISE AND SUNSET
MARCH 26 2015.........SUNRISE   717 AM CDT   SUNSET   740 PM CDT
MARCH 27 2015.........SUNRISE   715 AM CDT   SUNSET   741 PM CDT


-  INDICATES NEGATIVE NUMBERS.
R  INDICATES RECORD WAS SET OR TIED.
MM INDICATES DATA IS MISSING.
T  INDICATES TRACE AMOUNT.




$$
