872
CDUS43 KTOP 280635
CLITOP


CLIMATE REPORT
NATIONAL WEATHER SERVICE TOPEKA KS
135 AM CDT FRI APR 28 2017


...................................

...THE TOPEKA KS CLIMATE SUMMARY FOR APRIL 27 2017...

CLIMATE NORMAL PERIOD 1981 TO 2010
CLIMATE RECORD PERIOD 1887 TO 2017


WEATHER ITEM   OBSERVED TIME   RECORD YEAR NORMAL DEPARTURE LAST
                VALUE   (LST)  VALUE       VALUE  FROM      YEAR
                                                  NORMAL
..................................................................
TEMPERATURE (F)
 YESTERDAY
  MAXIMUM         63    108 PM  93    1956  70     -7       70
  MINIMUM         34    534 AM  30    1967  48    -14       49
  AVERAGE         49                        59    -10       60

PRECIPITATION (IN)
  YESTERDAY        0.01          1.46 1983   0.14  -0.13     0.49
  MONTH TO DATE    4.43                      3.10   1.33     5.90
  SINCE MAR 1      8.46                      5.59   2.87     8.20
  SINCE JAN 1      9.85                      7.77   2.08     9.47

SNOWFALL (IN)
  YESTERDAY        0.0           T    2016   0.0    0.0       T
                                      2012
                                      1920
  MONTH TO DATE    T                         0.3   -0.3       T
  SINCE JAN 1      3.5                      11.3   -7.8      3.7
  SINCE JUL 1      6.6                      17.8  -11.2      4.9
  SNOW DEPTH       0

DEGREE DAYS
 HEATING
  YESTERDAY       16                         7      9        5
  MONTH TO DATE  206                       302    -96      180
  SINCE MAR 1    706                       930   -224      608
  SINCE JUL 1   3887                      4897  -1010     3860

 COOLING
  YESTERDAY        0                         1     -1        0
  MONTH TO DATE   28                        20      8       15
  SINCE MAR 1     37                        23     14       18
  SINCE JAN 1     37                        23     14       18
..................................................................


WIND (MPH)
  HIGHEST WIND SPEED    13   HIGHEST WIND DIRECTION    NE (60)
  HIGHEST GUST SPEED    17   HIGHEST GUST DIRECTION     W (290)
  AVERAGE WIND SPEED     6.9


SKY COVER
  AVERAGE SKY COVER 0.5


WEATHER CONDITIONS
 THE FOLLOWING WEATHER WAS RECORDED YESTERDAY.
  LIGHT RAIN


RELATIVE HUMIDITY (PERCENT)
 HIGHEST    92           600 AM
 LOWEST     39           200 PM
 AVERAGE    66

..........................................................


THE TOPEKA KS CLIMATE NORMALS FOR TODAY
                         NORMAL    RECORD    YEAR
 MAXIMUM TEMPERATURE (F)   71        92      1910
 MINIMUM TEMPERATURE (F)   48        30      1979
                                             1965


SUNRISE AND SUNSET
APRIL 28 2017.........SUNRISE   628 AM CDT   SUNSET   813 PM CDT
APRIL 29 2017.........SUNRISE   626 AM CDT   SUNSET   814 PM CDT


-  INDICATES NEGATIVE NUMBERS.
R  INDICATES RECORD WAS SET OR TIED.
MM INDICATES DATA IS MISSING.
T  INDICATES TRACE AMOUNT.




$$
