000
CDUS43 KTOP 010635
CLITOP


CLIMATE REPORT
NATIONAL WEATHER SERVICE TOPEKA KS
133 AM CDT TUE JUL 1 2014


...................................

...THE TOPEKA KS CLIMATE SUMMARY FOR JUNE 30 2014...

CLIMATE NORMAL PERIOD 1981 TO 2010
CLIMATE RECORD PERIOD 1887 TO 2014


WEATHER ITEM   OBSERVED TIME   RECORD YEAR NORMAL DEPARTURE LAST
                VALUE   (LST)  VALUE       VALUE  FROM      YEAR
                                                  NORMAL
..................................................................
TEMPERATURE (F)
 YESTERDAY
  MAXIMUM         94    223 PM 105    1933  88      6       80
  MINIMUM         70   1159 PM  52    1924  67      3       62
  AVERAGE         82                        78      4       71

PRECIPITATION (IN)
  YESTERDAY        0.00          2.03 1893   0.16  -0.16     0.00
  MONTH TO DATE    6.23                      5.40   0.83     3.15
  SINCE JUN 1      6.23                      5.40   0.83     3.15
  SINCE JAN 1     13.70                     18.51  -4.81    17.48

SNOWFALL (IN)
  YESTERDAY        0.0           T    1989   0.0    0.0      0.0
  MONTH TO DATE    0.0                       0.0    0.0       T
  SINCE JAN 1     23.1                      11.3   11.8     24.2
  SINCE JUL 1     27.4                      17.8    9.6     29.6
  SNOW DEPTH       0

DEGREE DAYS
 HEATING
  YESTERDAY        0                         0      0        0
  MONTH TO DATE    0                         6     -6        5
  SINCE JUN 1      0                         8     -8        5
  SINCE JUL 1   5440                      5021    419     4901

 COOLING
  YESTERDAY       17                        13      4        6
  MONTH TO DATE  336                       284     52      337
  SINCE JUN 1    336                       284     52      337
  SINCE JAN 1    553                       410    143      482
..................................................................


WIND (MPH)
  HIGHEST WIND SPEED    26   HIGHEST WIND DIRECTION     S (180)
  HIGHEST GUST SPEED    37   HIGHEST GUST DIRECTION     S (170)
  AVERAGE WIND SPEED    13.0


SKY COVER
  AVERAGE SKY COVER 0.3


WEATHER CONDITIONS
 THE FOLLOWING WEATHER WAS RECORDED YESTERDAY.
  NO SIGNIFICANT WEATHER WAS OBSERVED.


RELATIVE HUMIDITY (PERCENT)
 HIGHEST    85          1200 AM
 LOWEST     56           100 PM
 AVERAGE    71

..........................................................


THE TOPEKA KS CLIMATE NORMALS FOR TODAY
                         NORMAL    RECORD    YEAR
 MAXIMUM TEMPERATURE (F)   88       106      1933
 MINIMUM TEMPERATURE (F)   68        52      1968
                                             1924


SUNRISE AND SUNSET
JULY  1 2014..........SUNRISE   600 AM CDT   SUNSET   852 PM CDT
JULY  2 2014..........SUNRISE   601 AM CDT   SUNSET   852 PM CDT


-  INDICATES NEGATIVE NUMBERS.
R  INDICATES RECORD WAS SET OR TIED.
MM INDICATES DATA IS MISSING.
T  INDICATES TRACE AMOUNT.




$$
