000
CDUS43 KTOP 232233
CLITOP


CLIMATE REPORT
NATIONAL WEATHER SERVICE TOPEKA KS
432 PM CST MON FEB 23 2015


...................................

...THE TOPEKA KS CLIMATE SUMMARY FOR FEBRUARY 23 2015...
VALID TODAY AS OF 0400 PM LOCAL TIME.

CLIMATE NORMAL PERIOD 1981 TO 2010
CLIMATE RECORD PERIOD 1887 TO 2015


WEATHER ITEM   OBSERVED TIME   RECORD YEAR NORMAL DEPARTURE LAST
                VALUE   (LST)  VALUE       VALUE  FROM      YEAR
                                                  NORMAL
..................................................................
TEMPERATURE (F)
 TODAY
  MAXIMUM         24    259 PM  78    1918  48    -24       35
  MINIMUM         10    737 AM  -6    1889  26    -16       26
  AVERAGE         17                        37    -20       31

PRECIPITATION (IN)
  TODAY            0.00          0.63 1942   0.06  -0.06     0.00
  MONTH TO DATE    0.73                      1.06  -0.33     1.28
  SINCE DEC 1      4.12                      3.27   0.85     2.21
  SINCE JAN 1      1.85                      1.92  -0.07     1.65

SNOWFALL (IN)
  TODAY            0.0           6.0  1965   0.2   -0.2      0.0
  MONTH TO DATE    4.7                       4.0    0.7     14.8
  SINCE JAN 1      6.1                       8.9   -2.8     18.7
  SINCE JUL 1      8.5                      15.4   -6.9     23.0
  SNOW DEPTH       0

DEGREE DAYS
 HEATING
  TODAY           48                        28     20       34
  MONTH TO DATE  851                       722    129      876
  SINCE DEC 1   2763                      2838    -75     3141
  SINCE JUL 1   3794                      3832    -38     4137

 COOLING
  TODAY            0                         0      0        0
  MONTH TO DATE    0                         0      0        0
  SINCE DEC 1      0                         0      0        0
  SINCE JAN 1      0                         0      0        0
..................................................................


WIND (MPH)
  HIGHEST WIND SPEED    16   HIGHEST WIND DIRECTION     N (360)
  HIGHEST GUST SPEED    19   HIGHEST GUST DIRECTION     N (360)
  AVERAGE WIND SPEED     6.8



WEATHER CONDITIONS
 THE FOLLOWING WEATHER WAS RECORDED TODAY.
  NO SIGNIFICANT WEATHER WAS OBSERVED.


RELATIVE HUMIDITY (PERCENT)
 HIGHEST    58           500 AM
 LOWEST     30           300 PM
 AVERAGE    44

..........................................................


THE TOPEKA KS CLIMATE NORMALS FOR TOMORROW
                         NORMAL    RECORD    YEAR
 MAXIMUM TEMPERATURE (F)   48        83      1930
 MINIMUM TEMPERATURE (F)   27        -4      1913


SUNRISE AND SUNSET
FEBRUARY 23 2015......SUNRISE   704 AM CST   SUNSET   608 PM CST
FEBRUARY 24 2015......SUNRISE   702 AM CST   SUNSET   610 PM CST


-  INDICATES NEGATIVE NUMBERS.
R  INDICATES RECORD WAS SET OR TIED.
MM INDICATES DATA IS MISSING.
T  INDICATES TRACE AMOUNT.




$$
