000
CDUS43 KTOP 100649
CLITOP


CLIMATE REPORT
NATIONAL WEATHER SERVICE TOPEKA KS
148 AM CDT SAT SEP 10 2016


...................................

...THE TOPEKA KS CLIMATE SUMMARY FOR SEPTEMBER 9 2016...

CLIMATE NORMAL PERIOD 1981 TO 2010
CLIMATE RECORD PERIOD 1887 TO 2016


WEATHER ITEM   OBSERVED TIME   RECORD YEAR NORMAL DEPARTURE LAST
                VALUE   (LST)  VALUE       VALUE  FROM      YEAR
                                                  NORMAL
..................................................................
TEMPERATURE (F)
 YESTERDAY
  MAXIMUM         86    410 PM 101    1970  83      3       86
  MINIMUM         65   1159 PM  42    1976  59      6       66
  AVERAGE         76                        71      5       76

PRECIPITATION (IN)
  YESTERDAY        1.33          1.43 1922   0.13   1.20     0.00
  MONTH TO DATE    1.63                      1.10   0.53     2.36
  SINCE SEP 1      1.63                      1.10   0.53     2.36
  SINCE JAN 1     34.52                     27.67   6.85    35.60

SNOWFALL (IN)
  YESTERDAY        0.0           0.0    MM   0.0    0.0      0.0
  MONTH TO DATE    0.0                       0.0    0.0      0.0
  SINCE JAN 1      3.7                      11.3   -7.6      7.9
  SINCE JUL 1      T                         0.0    0.0      0.0
  SNOW DEPTH       0

DEGREE DAYS
 HEATING
  YESTERDAY        0                         1     -1        0
  MONTH TO DATE    0                         4     -4        0
  SINCE SEP 1      0                         4     -4        0
  SINCE JUL 1      0                         6     -6        0

 COOLING
  YESTERDAY       11                         7      4       11
  MONTH TO DATE  101                        74     27      142
  SINCE SEP 1    101                        74     27      142
  SINCE JAN 1   1502                      1302    200     1360
..................................................................


WIND (MPH)
  HIGHEST WIND SPEED    28   HIGHEST WIND DIRECTION     N (10)
  HIGHEST GUST SPEED    37   HIGHEST GUST DIRECTION     N (340)
  AVERAGE WIND SPEED     8.0


SKY COVER
  AVERAGE SKY COVER 0.5


WEATHER CONDITIONS
 THE FOLLOWING WEATHER WAS RECORDED YESTERDAY.
  THUNDERSTORM
  HEAVY RAIN
  LIGHT RAIN
  FOG


RELATIVE HUMIDITY (PERCENT)
 HIGHEST    93           200 AM
 LOWEST     61           200 PM
 AVERAGE    77

..........................................................


THE TOPEKA KS CLIMATE NORMALS FOR TODAY
                         NORMAL    RECORD    YEAR
 MAXIMUM TEMPERATURE (F)   83       103      1936
 MINIMUM TEMPERATURE (F)   59        36      1976


SUNRISE AND SUNSET
SEPTEMBER 10 2016.....SUNRISE   700 AM CDT   SUNSET   738 PM CDT
SEPTEMBER 11 2016.....SUNRISE   701 AM CDT   SUNSET   736 PM CDT


-  INDICATES NEGATIVE NUMBERS.
R  INDICATES RECORD WAS SET OR TIED.
MM INDICATES DATA IS MISSING.
T  INDICATES TRACE AMOUNT.




$$
