000
CDUS43 KTOP 150634
CLITOP


CLIMATE REPORT
NATIONAL WEATHER SERVICE TOPEKA KS
1232 AM CST SUN JAN 15 2017


...................................

...THE TOPEKA KS CLIMATE SUMMARY FOR JANUARY 14 2017...

CLIMATE NORMAL PERIOD 1981 TO 2010
CLIMATE RECORD PERIOD 1887 TO 2017


WEATHER ITEM   OBSERVED TIME   RECORD YEAR NORMAL DEPARTURE LAST
                VALUE   (LST)  VALUE       VALUE  FROM      YEAR
                                                  NORMAL
..................................................................
TEMPERATURE (F)
 YESTERDAY
  MAXIMUM         37    253 PM  66    1952  40     -3       58
  MINIMUM         27    445 AM -13    1979  19      8       27
  AVERAGE         32                        30      2       43

PRECIPITATION (IN)
  YESTERDAY        T             0.57 1960   0.02  -0.02     0.00
  MONTH TO DATE    0.33                      0.33   0.00     0.73
  SINCE DEC 1      1.38                      1.68  -0.30     3.44
  SINCE JAN 1      0.33                      0.33   0.00     0.73

SNOWFALL (IN)
  YESTERDAY        0.0           3.5  1940   0.2   -0.2      0.0
  MONTH TO DATE    2.2                       2.2    0.0       T
  SINCE JAN 1      2.2                       2.2    0.0       T
  SINCE JUL 1      5.3                       8.7   -3.4      1.2
  SNOW DEPTH       0

DEGREE DAYS
 HEATING
  YESTERDAY       33                        36     -3       22
  MONTH TO DATE  539                       497     42      469
  SINCE DEC 1   1598                      1520     78     1240
  SINCE JUL 1   2171                      2514   -343     1976

 COOLING
  YESTERDAY        0                         0      0        0
  MONTH TO DATE    0                         0      0        0
  SINCE DEC 1      0                         0      0        0
  SINCE JAN 1      0                         0      0        0
..................................................................


WIND (MPH)
  HIGHEST WIND SPEED     9   HIGHEST WIND DIRECTION     N (360)
  HIGHEST GUST SPEED    12   HIGHEST GUST DIRECTION     N (20)
  AVERAGE WIND SPEED     4.3


SKY COVER
  AVERAGE SKY COVER 0.8


WEATHER CONDITIONS
 THE FOLLOWING WEATHER WAS RECORDED YESTERDAY.
  LT FREEZING RAIN


RELATIVE HUMIDITY (PERCENT)
 HIGHEST    75          1200 AM
 LOWEST     44           300 PM
 AVERAGE    60

..........................................................


THE TOPEKA KS CLIMATE NORMALS FOR TODAY
                         NORMAL    RECORD    YEAR
 MAXIMUM TEMPERATURE (F)   40        65      2012
                                             2006
 MINIMUM TEMPERATURE (F)   19       -20      1888


SUNRISE AND SUNSET
JANUARY 15 2017.......SUNRISE   740 AM CST   SUNSET   525 PM CST
JANUARY 16 2017.......SUNRISE   739 AM CST   SUNSET   526 PM CST


-  INDICATES NEGATIVE NUMBERS.
R  INDICATES RECORD WAS SET OR TIED.
MM INDICATES DATA IS MISSING.
T  INDICATES TRACE AMOUNT.




$$
