000
CDUS43 KTOP 242142
CLITOP


CLIMATE REPORT
NATIONAL WEATHER SERVICE TOPEKA KS
439 PM CDT SUN MAY 24 2015


...................................

...THE TOPEKA KS CLIMATE SUMMARY FOR MAY 24 2015...
VALID TODAY AS OF 430 PM LOCAL TIME.

CLIMATE NORMAL PERIOD 1981 TO 2010
CLIMATE RECORD PERIOD 1887 TO 2015


WEATHER ITEM   OBSERVED TIME   RECORD YEAR NORMAL DEPARTURE LAST
                VALUE   (LST)  VALUE       VALUE  FROM      YEAR
                                                  NORMAL
..................................................................
TEMPERATURE (F)
 TODAY
  MAXIMUM         71    151 PM  97    1939  78     -7       75
  MINIMUM         63   1204 AM  39    1966  57      6       63
  AVERAGE         67                        68     -1       69

PRECIPITATION (IN)
  TODAY            0.08          2.45 1945   0.16  -0.08     0.40
  MONTH TO DATE    8.25                      3.80   4.45     1.51
  SINCE MAR 1     11.42                      9.82   1.60     5.69
  SINCE JAN 1     13.41                     12.00   1.41     7.35

SNOWFALL (IN)
  TODAY            0.0           0.0    MM   0.0    0.0      0.0
  MONTH TO DATE    0.0                       0.0    0.0       T
  SINCE JAN 1      7.9                      11.3   -3.4     23.1
  SINCE JUL 1     10.3                      17.8   -7.5     27.4
  SNOW DEPTH       0

DEGREE DAYS
 HEATING
  TODAY            0                         2     -2        0
  MONTH TO DATE   87                        88     -1       96
  SINCE MAR 1    868                      1038   -170     1118
  SINCE JUL 1   4869                      5005   -136     5440

 COOLING
  TODAY            2                         4     -2        4
  MONTH TO DATE   54                        63     -9      111
  SINCE MAR 1     59                        91    -32      134
  SINCE JAN 1     59                        91    -32      134
..................................................................


WIND (MPH)
  HIGHEST WIND SPEED    16   HIGHEST WIND DIRECTION     E (110)
  HIGHEST GUST SPEED    23   HIGHEST GUST DIRECTION     E (110)
  AVERAGE WIND SPEED     7.3



WEATHER CONDITIONS
 THE FOLLOWING WEATHER WAS RECORDED TODAY.
  LIGHT RAIN
  FOG


RELATIVE HUMIDITY (PERCENT)
 HIGHEST   100          1200 AM
 LOWEST     73           100 PM
 AVERAGE    87

..........................................................


THE TOPEKA KS CLIMATE NORMALS FOR TOMORROW
                         NORMAL    RECORD    YEAR
 MAXIMUM TEMPERATURE (F)   79        95      1953
 MINIMUM TEMPERATURE (F)   57        39      1925


SUNRISE AND SUNSET
MAY 24 2015...........SUNRISE   603 AM CDT   SUNSET   836 PM CDT
MAY 25 2015...........SUNRISE   602 AM CDT   SUNSET   837 PM CDT


-  INDICATES NEGATIVE NUMBERS.
R  INDICATES RECORD WAS SET OR TIED.
MM INDICATES DATA IS MISSING.
T  INDICATES TRACE AMOUNT.




$$
