000
CDUS43 KTOP 040652
CLITOP


CLIMATE REPORT
NATIONAL WEATHER SERVICE TOPEKA KS
1250 AM CST WED JAN 4 2017


...................................

...THE TOPEKA KS CLIMATE SUMMARY FOR JANUARY 3 2017...

CLIMATE NORMAL PERIOD 1981 TO 2010
CLIMATE RECORD PERIOD 1887 TO 2017


WEATHER ITEM   OBSERVED TIME   RECORD YEAR NORMAL DEPARTURE LAST
                VALUE   (LST)  VALUE       VALUE  FROM      YEAR
                                                  NORMAL
..................................................................
TEMPERATURE (F)
 YESTERDAY
  MAXIMUM         41   1213 AM  66    1997  39      2       42
  MINIMUM         16   1159 PM -17    1979  20     -4       20
  AVERAGE         29                        30     -1       31

PRECIPITATION (IN)
  YESTERDAY        0.00          1.14 1949   0.03  -0.03     0.00
  MONTH TO DATE    0.19                      0.08   0.11     0.00
  SINCE DEC 1      1.24                      1.43  -0.19     2.71
  SINCE JAN 1      0.19                      0.08   0.11     0.00

SNOWFALL (IN)
  YESTERDAY        0.0           5.0  1973   0.2   -0.2      0.0
  MONTH TO DATE    0.0                       0.5   -0.5      0.0
  SINCE JAN 1      0.0                       0.5   -0.5      0.0
  SINCE JUL 1      3.1                       7.0   -3.9      1.2
  SNOW DEPTH       0

DEGREE DAYS
 HEATING
  YESTERDAY       36                        35      1       34
  MONTH TO DATE   90                       105    -15       97
  SINCE DEC 1   1149                      1128     21      868
  SINCE JUL 1   1722                      2122   -400     1604

 COOLING
  YESTERDAY        0                         0      0        0
  MONTH TO DATE    0                         0      0        0
  SINCE DEC 1      0                         0      0        0
  SINCE JAN 1      0                         0      0        0
..................................................................


WIND (MPH)
  HIGHEST WIND SPEED    24   HIGHEST WIND DIRECTION     N (350)
  HIGHEST GUST SPEED    32   HIGHEST GUST DIRECTION     N (340)
  AVERAGE WIND SPEED    14.4


SKY COVER
  AVERAGE SKY COVER 0.5


WEATHER CONDITIONS
 THE FOLLOWING WEATHER WAS RECORDED YESTERDAY.
  FOG
  HAZE


RELATIVE HUMIDITY (PERCENT)
 HIGHEST    89           500 AM
 LOWEST     50           300 PM
 AVERAGE    70

..........................................................


THE TOPEKA KS CLIMATE NORMALS FOR TODAY
                         NORMAL    RECORD    YEAR
 MAXIMUM TEMPERATURE (F)   39        63      2003
                                             1956
                                             1916
 MINIMUM TEMPERATURE (F)   20       -15      1947


SUNRISE AND SUNSET
JANUARY  4 2017.......SUNRISE   742 AM CST   SUNSET   514 PM CST
JANUARY  5 2017.......SUNRISE   742 AM CST   SUNSET   515 PM CST


-  INDICATES NEGATIVE NUMBERS.
R  INDICATES RECORD WAS SET OR TIED.
MM INDICATES DATA IS MISSING.
T  INDICATES TRACE AMOUNT.




$$
