000
CDUS43 KTOP 020634
CLITOP


CLIMATE REPORT
NATIONAL WEATHER SERVICE TOPEKA KS
1233 AM CST TUE JAN 2 2018


...................................

...THE TOPEKA KS CLIMATE SUMMARY FOR JANUARY 1 2018...

CLIMATE NORMAL PERIOD 1981 TO 2010
CLIMATE RECORD PERIOD 1887 TO 2018


WEATHER ITEM   OBSERVED TIME   RECORD YEAR NORMAL DEPARTURE LAST
                VALUE   (LST)  VALUE       VALUE  FROM      YEAR
                                                  NORMAL
..................................................................
TEMPERATURE (F)
 YESTERDAY
  MAXIMUM         13    339 PM  67    2005  39    -26       46
  MINIMUM         -9    737 AM -20    1974  20    -29       18
  AVERAGE          2                        30    -28       32

PRECIPITATION (IN)
  YESTERDAY        0.00          1.34 1891   0.03  -0.03     0.00
  MONTH TO DATE    0.00                      0.03  -0.03     0.00
  SINCE DEC 1      0.31                      1.38  -1.07     1.05
  SINCE JAN 1      0.00                      0.03  -0.03     0.00

SNOWFALL (IN)
  YESTERDAY        0.0           7.5  1891   0.2   -0.2      0.0
  MONTH TO DATE    0.0                       0.2   -0.2      0.0
  SINCE JAN 1      0.0                       0.2   -0.2      0.0
  SINCE JUL 1      2.1                       6.7   -4.6      3.1
  SNOW DEPTH       0

DEGREE DAYS
 HEATING
  YESTERDAY       63                        35     28       33
  MONTH TO DATE   63                        35     28       33
  SINCE DEC 1   1036                      1058    -22     1092
  SINCE JUL 1   1859                      2052   -193     1665

 COOLING
  YESTERDAY        0                         0      0        0
  MONTH TO DATE    0                         0      0        0
  SINCE DEC 1      0                         0      0        0
  SINCE JAN 1      0                         0      0        0
..................................................................


WIND (MPH)
  HIGHEST WIND SPEED     9   HIGHEST WIND DIRECTION     N (20)
  HIGHEST GUST SPEED    11   HIGHEST GUST DIRECTION    NW (320)
  AVERAGE WIND SPEED     5.2


SKY COVER
  AVERAGE SKY COVER 0.0


WEATHER CONDITIONS
 THE FOLLOWING WEATHER WAS RECORDED YESTERDAY.
  NO SIGNIFICANT WEATHER WAS OBSERVED.


RELATIVE HUMIDITY (PERCENT)
 HIGHEST    78          1200 AM
 LOWEST     38           300 PM
 AVERAGE    58

..........................................................


THE TOPEKA KS CLIMATE NORMALS FOR TODAY
                         NORMAL    RECORD    YEAR
 MAXIMUM TEMPERATURE (F)   39        74      1939
 MINIMUM TEMPERATURE (F)   20       -16      1979


SUNRISE AND SUNSET
JANUARY  2 2018.......SUNRISE   742 AM CST   SUNSET   512 PM CST
JANUARY  3 2018.......SUNRISE   742 AM CST   SUNSET   513 PM CST


-  INDICATES NEGATIVE NUMBERS.
R  INDICATES RECORD WAS SET OR TIED.
MM INDICATES DATA IS MISSING.
T  INDICATES TRACE AMOUNT.




$$
