000
CDUS43 KTOP 130633
CLITOP


CLIMATE REPORT
NATIONAL WEATHER SERVICE TOPEKA KS
133 AM CDT FRI MAY 13 2016


...................................

...THE TOPEKA KS CLIMATE SUMMARY FOR MAY 12 2016...

CLIMATE NORMAL PERIOD 1981 TO 2010
CLIMATE RECORD PERIOD 1887 TO 2016


WEATHER ITEM   OBSERVED TIME   RECORD YEAR NORMAL DEPARTURE LAST
                VALUE   (LST)  VALUE       VALUE  FROM      YEAR
                                                  NORMAL
..................................................................
TEMPERATURE (F)
 YESTERDAY
  MAXIMUM         73    506 PM  93    1956  75     -2       71
  MINIMUM         51   1159 PM  34    1960  53     -2       40
  AVERAGE         62                        64     -2       56

PRECIPITATION (IN)
  YESTERDAY        0.00          3.24 1934   0.16  -0.16     0.00
  MONTH TO DATE    1.65                      1.86  -0.21     2.06
  SINCE MAR 1     10.87                      7.88   2.99     5.23
  SINCE JAN 1     12.14                     10.06   2.08     7.22

SNOWFALL (IN)
  YESTERDAY        0.0           T    1990   0.0    0.0      0.0
  MONTH TO DATE    T                         0.0    0.0      0.0
  SINCE JAN 1      3.7                      11.3   -7.6      7.9
  SINCE JUL 1      4.9                      17.8  -12.9     10.3
  SNOW DEPTH       0

DEGREE DAYS
 HEATING
  YESTERDAY        3                         4     -1        9
  MONTH TO DATE   45                        58    -13       27
  SINCE MAR 1    682                      1008   -326      808
  SINCE JUL 1   3934                      4975  -1041     4809

 COOLING
  YESTERDAY        0                         2     -2        0
  MONTH TO DATE   18                        22     -4       34
  SINCE MAR 1     36                        50    -14       39
  SINCE JAN 1     36                        50    -14       39
..................................................................


WIND (MPH)
  HIGHEST WIND SPEED    20   HIGHEST WIND DIRECTION    NW (320)
  HIGHEST GUST SPEED    27   HIGHEST GUST DIRECTION    NW (320)
  AVERAGE WIND SPEED     8.6


SKY COVER
  AVERAGE SKY COVER 0.0


WEATHER CONDITIONS
 THE FOLLOWING WEATHER WAS RECORDED YESTERDAY.
  NO SIGNIFICANT WEATHER WAS OBSERVED.


RELATIVE HUMIDITY (PERCENT)
 HIGHEST    84          1200 AM
 LOWEST     31           200 PM
 AVERAGE    58

..........................................................


THE TOPEKA KS CLIMATE NORMALS FOR TODAY
                         NORMAL    RECORD    YEAR
 MAXIMUM TEMPERATURE (F)   75        92      1940
 MINIMUM TEMPERATURE (F)   53        35      1997


SUNRISE AND SUNSET
MAY 13 2016...........SUNRISE   611 AM CDT   SUNSET   827 PM CDT
MAY 14 2016...........SUNRISE   610 AM CDT   SUNSET   828 PM CDT


-  INDICATES NEGATIVE NUMBERS.
R  INDICATES RECORD WAS SET OR TIED.
MM INDICATES DATA IS MISSING.
T  INDICATES TRACE AMOUNT.




$$
