000
CDUS43 KTOP 102239
CLITOP


CLIMATE REPORT
NATIONAL WEATHER SERVICE TOPEKA KS
439 PM CST WED DEC 10 2014


...................................

...THE TOPEKA KS CLIMATE SUMMARY FOR DECEMBER 10 2014...
VALID TODAY AS OF 0400 PM LOCAL TIME.

CLIMATE NORMAL PERIOD 1981 TO 2010
CLIMATE RECORD PERIOD 1887 TO 2014


WEATHER ITEM   OBSERVED TIME   RECORD YEAR NORMAL DEPARTURE LAST
                VALUE   (LST)  VALUE       VALUE  FROM      YEAR
                                                  NORMAL
..................................................................
TEMPERATURE (F)
 TODAY
  MAXIMUM         35    359 PM  71    1890  43     -8       40
  MINIMUM         28    348 AM  -9    1919  23      5       10
  AVERAGE         32                        33     -1       25

PRECIPITATION (IN)
  TODAY            0.02          0.77 1982   0.06  -0.04     0.00
  MONTH TO DATE    1.09                      0.52   0.57     0.08
  SINCE DEC 1      1.09                      0.52   0.57     0.08
  SINCE JAN 1     29.97                     35.63  -5.66    33.53

SNOWFALL (IN)
  TODAY            0.0           3.6  1969   0.1   -0.1      0.0
  MONTH TO DATE    0.0                       1.4   -1.4      1.0
  SINCE JAN 1     23.5                      14.0    9.5     25.2
  SINCE JUL 1      0.4                       2.7   -2.3      1.0
  SNOW DEPTH       0

DEGREE DAYS
 HEATING
  TODAY           33                        32      1       40
  MONTH TO DATE  287                       305    -18      382
  SINCE DEC 1    287                       305    -18      382
  SINCE JUL 1   1318                      1299     19     1378

 COOLING
  TODAY            0                         0      0        0
  MONTH TO DATE    0                         0      0        0
  SINCE DEC 1      0                         0      0        0
  SINCE JAN 1   1611                      1422    189     1586
..................................................................


WIND (MPH)
  HIGHEST WIND SPEED    12   HIGHEST WIND DIRECTION     E (90)
  HIGHEST GUST SPEED    14   HIGHEST GUST DIRECTION     E (80)
  AVERAGE WIND SPEED     7.0



WEATHER CONDITIONS
 THE FOLLOWING WEATHER WAS RECORDED TODAY.
  LIGHT RAIN
  LT FREEZING RAIN
  FOG


RELATIVE HUMIDITY (PERCENT)
 HIGHEST    92           400 AM
 LOWEST     85          1200 AM
 AVERAGE    89

..........................................................


THE TOPEKA KS CLIMATE NORMALS FOR TOMORROW
                         NORMAL    RECORD    YEAR
 MAXIMUM TEMPERATURE (F)   42        69      1939
                                             1896
 MINIMUM TEMPERATURE (F)   23         0      1917


SUNRISE AND SUNSET
DECEMBER 10 2014......SUNRISE   731 AM CST   SUNSET   500 PM CST
DECEMBER 11 2014......SUNRISE   731 AM CST   SUNSET   500 PM CST


-  INDICATES NEGATIVE NUMBERS.
R  INDICATES RECORD WAS SET OR TIED.
MM INDICATES DATA IS MISSING.
T  INDICATES TRACE AMOUNT.




$$
