000
CDUS43 KTOP 170635
CLITOP


CLIMATE REPORT
NATIONAL WEATHER SERVICE TOPEKA KS
134 AM CDT SUN AUG 17 2014


...................................

...THE TOPEKA KS CLIMATE SUMMARY FOR AUGUST 16 2014...

CLIMATE NORMAL PERIOD 1981 TO 2010
CLIMATE RECORD PERIOD 1887 TO 2014


WEATHER ITEM   OBSERVED TIME   RECORD YEAR NORMAL DEPARTURE LAST
                VALUE   (LST)  VALUE       VALUE  FROM      YEAR
                                                  NORMAL
..................................................................
TEMPERATURE (F)
 YESTERDAY
  MAXIMUM         85    251 PM 109    1936  89     -4       78
  MINIMUM         67   1152 PM  52    1992  67      0       62
  AVERAGE         76                        78     -2       70

PRECIPITATION (IN)
  YESTERDAY        T             2.83 1996   0.15  -0.15     0.00
  MONTH TO DATE    2.30                      2.18   0.12     5.19
  SINCE JUN 1      9.48                     11.40  -1.92    10.12
  SINCE JAN 1     16.95                     24.51  -7.56    24.45

SNOWFALL (IN)
  YESTERDAY        0.0           0.0    MM   0.0    0.0      0.0
  MONTH TO DATE    T                         0.0    0.0      0.0
  SINCE JAN 1     23.1                      11.3   11.8     24.2
  SINCE JUL 1      T                         0.0    0.0      0.0
  SNOW DEPTH       0

DEGREE DAYS
 HEATING
  YESTERDAY        0                         0      0        0
  MONTH TO DATE    0                         0      0        0
  SINCE JUN 1      0                         8     -8        5
  SINCE JUL 1      0                         0      0        0

 COOLING
  YESTERDAY       11                        13     -2        5
  MONTH TO DATE  204                       217    -13      159
  SINCE JUN 1    910                       933    -23      920
  SINCE JAN 1   1127                      1059     68     1065
..................................................................


WIND (MPH)
  HIGHEST WIND SPEED    15   HIGHEST WIND DIRECTION     N (350)
  HIGHEST GUST SPEED    21   HIGHEST GUST DIRECTION     S (180)
  AVERAGE WIND SPEED     5.7


SKY COVER
  AVERAGE SKY COVER 0.5


WEATHER CONDITIONS
 THE FOLLOWING WEATHER WAS RECORDED YESTERDAY.
  LIGHT RAIN
  FOG


RELATIVE HUMIDITY (PERCENT)
 HIGHEST    93           400 AM
 LOWEST     61           400 PM
 AVERAGE    77

..........................................................


THE TOPEKA KS CLIMATE NORMALS FOR TODAY
                         NORMAL    RECORD    YEAR
 MAXIMUM TEMPERATURE (F)   89       109      1936
 MINIMUM TEMPERATURE (F)   66        51      2012


SUNRISE AND SUNSET
AUGUST 17 2014........SUNRISE   638 AM CDT   SUNSET   815 PM CDT
AUGUST 18 2014........SUNRISE   639 AM CDT   SUNSET   813 PM CDT


-  INDICATES NEGATIVE NUMBERS.
R  INDICATES RECORD WAS SET OR TIED.
MM INDICATES DATA IS MISSING.
T  INDICATES TRACE AMOUNT.




$$
