000
CDUS43 KTOP 260631
CLITOP


CLIMATE REPORT
NATIONAL WEATHER SERVICE TOPEKA KS
1230 AM CST SUN NOV 26 2017


...................................

...THE TOPEKA KS CLIMATE SUMMARY FOR NOVEMBER 25 2017...

CLIMATE NORMAL PERIOD 1981 TO 2010
CLIMATE RECORD PERIOD 1887 TO 2017


WEATHER ITEM   OBSERVED TIME   RECORD YEAR NORMAL DEPARTURE LAST
                VALUE   (LST)  VALUE       VALUE  FROM      YEAR
                                                  NORMAL
..................................................................
TEMPERATURE (F)
 YESTERDAY
  MAXIMUM         64    304 PM  71    1981  49     15       54
  MINIMUM         33    742 AM  11    1993  29      4       33
  AVERAGE         49                        39     10       44

PRECIPITATION (IN)
  YESTERDAY        0.00          1.08 1906   0.05  -0.05     0.00
  MONTH TO DATE    0.10                      1.58  -1.48     0.15
  SINCE SEP 1      4.82                      8.27  -3.45     9.25
  SINCE JAN 1     38.29                     34.84   3.45    42.14

SNOWFALL (IN)
  YESTERDAY        0.0           6.1  1975   0.0    0.0      0.0
  MONTH TO DATE    T                         0.6   -0.6      0.0
  SINCE JAN 1      3.9                      12.2   -8.3      3.7
  SINCE JUL 1      0.4                       0.9   -0.5       T
  SNOW DEPTH       0

DEGREE DAYS
 HEATING
  YESTERDAY       16                        26    -10       21
  MONTH TO DATE  497                       499     -2      317
  SINCE SEP 1    752                       853   -101      473
  SINCE JUL 1    752                       855   -103      473

 COOLING
  YESTERDAY        0                         0      0        0
  MONTH TO DATE    0                         0      0       13
  SINCE SEP 1    283                       192     91      310
  SINCE JAN 1   1473                      1420     53     1711
..................................................................


WIND (MPH)
  HIGHEST WIND SPEED    15   HIGHEST WIND DIRECTION     N (350)
  HIGHEST GUST SPEED    20   HIGHEST GUST DIRECTION     N (340)
  AVERAGE WIND SPEED     1.8


SKY COVER
  AVERAGE SKY COVER 0.0


WEATHER CONDITIONS
 THE FOLLOWING WEATHER WAS RECORDED YESTERDAY.
  NO SIGNIFICANT WEATHER WAS OBSERVED.


RELATIVE HUMIDITY (PERCENT)
 HIGHEST   100           600 AM
 LOWEST     30           300 PM
 AVERAGE    65

..........................................................


THE TOPEKA KS CLIMATE NORMALS FOR TODAY
                         NORMAL    RECORD    YEAR
 MAXIMUM TEMPERATURE (F)   49        77      1990
 MINIMUM TEMPERATURE (F)   28         7      1887


SUNRISE AND SUNSET
NOVEMBER 26 2017......SUNRISE   718 AM CST   SUNSET   502 PM CST
NOVEMBER 27 2017......SUNRISE   719 AM CST   SUNSET   501 PM CST


-  INDICATES NEGATIVE NUMBERS.
R  INDICATES RECORD WAS SET OR TIED.
MM INDICATES DATA IS MISSING.
T  INDICATES TRACE AMOUNT.




$$
