946
CDUS43 KTOP 140635
CLITOP


CLIMATE REPORT
NATIONAL WEATHER SERVICE TOPEKA KS
135 AM CDT TUE MAR 14 2017


...................................

...THE TOPEKA KS CLIMATE SUMMARY FOR MARCH 13 2017...

CLIMATE NORMAL PERIOD 1981 TO 2010
CLIMATE RECORD PERIOD 1887 TO 2017


WEATHER ITEM   OBSERVED TIME   RECORD YEAR NORMAL DEPARTURE LAST
                VALUE   (LST)  VALUE       VALUE  FROM      YEAR
                                                  NORMAL
..................................................................
TEMPERATURE (F)
 YESTERDAY
  MAXIMUM         42   1204 AM  83    1918  55    -13       66
  MINIMUM         26   1159 PM   6    1950  32     -6       47
  AVERAGE         34                        44    -10       57

PRECIPITATION (IN)
  YESTERDAY        0.00          1.15 2016   0.08  -0.08     1.15
  MONTH TO DATE    0.26                      0.88  -0.62     1.79
  SINCE MAR 1      0.26                      0.88  -0.62     1.79
  SINCE JAN 1      1.65                      3.06  -1.41     3.06

SNOWFALL (IN)
  YESTERDAY        0.0           3.9  1904   0.1   -0.1      0.0
  MONTH TO DATE    0.7                       0.9   -0.2       T
  SINCE JAN 1      2.9                      10.3   -7.4      2.3
  SINCE JUL 1      6.0                      16.8  -10.8      3.5
  SNOW DEPTH       0

DEGREE DAYS
 HEATING
  YESTERDAY       31                        21     10        8
  MONTH TO DATE  257                       304    -47      162
  SINCE MAR 1    257                       304    -47      162
  SINCE JUL 1   3438                      4271   -833     3414

 COOLING
  YESTERDAY        0                         0      0        0
  MONTH TO DATE    0                         0      0        3
  SINCE MAR 1      0                         0      0        3
  SINCE JAN 1      0                         0      0        3
..................................................................


WIND (MPH)
  HIGHEST WIND SPEED    30   HIGHEST WIND DIRECTION    NW (320)
  HIGHEST GUST SPEED    39   HIGHEST GUST DIRECTION    NW (310)
  AVERAGE WIND SPEED    15.2


SKY COVER
  AVERAGE SKY COVER 0.9


WEATHER CONDITIONS
 THE FOLLOWING WEATHER WAS RECORDED YESTERDAY.
  NO SIGNIFICANT WEATHER WAS OBSERVED.


RELATIVE HUMIDITY (PERCENT)
 HIGHEST    85           100 AM
 LOWEST     63           300 AM
 AVERAGE    74

..........................................................


THE TOPEKA KS CLIMATE NORMALS FOR TODAY
                         NORMAL    RECORD    YEAR
 MAXIMUM TEMPERATURE (F)   56        84      2012
 MINIMUM TEMPERATURE (F)   33         4      1897


SUNRISE AND SUNSET
MARCH 14 2017.........SUNRISE   735 AM CDT   SUNSET   729 PM CDT
MARCH 15 2017.........SUNRISE   733 AM CDT   SUNSET   730 PM CDT


-  INDICATES NEGATIVE NUMBERS.
R  INDICATES RECORD WAS SET OR TIED.
MM INDICATES DATA IS MISSING.
T  INDICATES TRACE AMOUNT.




$$
