000
CDUS43 KTOP 032133
CLITOP


CLIMATE REPORT
NATIONAL WEATHER SERVICE TOPEKA KS
433 PM CDT MON APR 3 2017


...................................

...THE TOPEKA KS CLIMATE SUMMARY FOR APRIL 3 2017...
VALID TODAY AS OF 0400 PM LOCAL TIME.

CLIMATE NORMAL PERIOD 1981 TO 2010
CLIMATE RECORD PERIOD 1887 TO 2017


WEATHER ITEM   OBSERVED TIME   RECORD YEAR NORMAL DEPARTURE LAST
                VALUE   (LST)  VALUE       VALUE  FROM      YEAR
                                                  NORMAL
..................................................................
TEMPERATURE (F)
 TODAY
  MAXIMUM         61    259 PM  92    2011  63     -2       81
  MINIMUM         53   1215 AM  10    1975  39     14       39
  AVERAGE         57                        51      6       60

PRECIPITATION (IN)
  TODAY            0.70          1.62 1947   0.10   0.60     0.00
  MONTH TO DATE    0.81                      0.30   0.51      T
  SINCE MAR 1      4.84                      2.79   2.05     2.30
  SINCE JAN 1      6.23                      4.97   1.26     3.57

SNOWFALL (IN)
  TODAY            0.0           5.0  1920   0.0    0.0      0.0
  MONTH TO DATE    0.0                       0.1   -0.1      0.0
  SINCE JAN 1      3.5                      11.1   -7.6      3.7
  SINCE JUL 1      6.6                      17.6  -11.0      4.9
  SNOW DEPTH       0

DEGREE DAYS
 HEATING
  TODAY            8                        14     -6        5
  MONTH TO DATE   35                        44     -9       42
  SINCE MAR 1    535                       672   -137      470
  SINCE JUL 1   3716                      4639   -923     3722

 COOLING
  TODAY            0                         0      0        0
  MONTH TO DATE    0                         0      0        0
  SINCE MAR 1      9                         3      6        3
  SINCE JAN 1      9                         3      6        3
..................................................................


WIND (MPH)
  HIGHEST WIND SPEED    18   HIGHEST WIND DIRECTION    NW (310)
  HIGHEST GUST SPEED    23   HIGHEST GUST DIRECTION    NW (320)
  AVERAGE WIND SPEED     8.7



WEATHER CONDITIONS
 THE FOLLOWING WEATHER WAS RECORDED TODAY.
  HEAVY RAIN
  RAIN
  LIGHT RAIN
  FOG


RELATIVE HUMIDITY (PERCENT)
 HIGHEST   100          1200 AM
 LOWEST     78           300 PM
 AVERAGE    89

..........................................................


THE TOPEKA KS CLIMATE NORMALS FOR TOMORROW
                         NORMAL    RECORD    YEAR
 MAXIMUM TEMPERATURE (F)   63        93      1942
 MINIMUM TEMPERATURE (F)   39        16      1920


SUNRISE AND SUNSET
APRIL  3 2017.........SUNRISE   704 AM CDT   SUNSET   748 PM CDT
APRIL  4 2017.........SUNRISE   702 AM CDT   SUNSET   749 PM CDT


-  INDICATES NEGATIVE NUMBERS.
R  INDICATES RECORD WAS SET OR TIED.
MM INDICATES DATA IS MISSING.
T  INDICATES TRACE AMOUNT.




$$
