000
CDUS43 KTOP 010632
CLITOP


CLIMATE REPORT
NATIONAL WEATHER SERVICE TOPEKA KS
1231 AM CST SUN JAN 1 2017


...................................

...THE TOPEKA KS CLIMATE SUMMARY FOR DECEMBER 31 2016...

CLIMATE NORMAL PERIOD 1981 TO 2010
CLIMATE RECORD PERIOD 1887 TO 2016


WEATHER ITEM   OBSERVED TIME   RECORD YEAR NORMAL DEPARTURE LAST
                VALUE   (LST)  VALUE       VALUE  FROM      YEAR
                                                  NORMAL
..................................................................
TEMPERATURE (F)
 YESTERDAY
  MAXIMUM         46   1220 AM  66    2011  39      7       41
  MINIMUM         21   1145 PM -10    1976  20      1       25
  AVERAGE         34                        30      4       33

PRECIPITATION (IN)
  YESTERDAY        0.00          0.82 1947   0.03  -0.03     0.00
  MONTH TO DATE    1.05                      1.35  -0.30     2.71
  SINCE DEC 1      1.05                      1.35  -0.30     2.71
  SINCE JAN 1     43.23                     36.46   6.77    49.39

SNOWFALL (IN)
  YESTERDAY        0.0           8.0  1984   0.2   -0.2      0.0
  MONTH TO DATE    3.1                       5.2   -2.1      1.1
  SINCE JAN 1      6.8                      17.8  -11.0      9.1
  SINCE JUL 1      3.1                       6.5   -3.4      1.2
  SNOW DEPTH       0

DEGREE DAYS
 HEATING
  YESTERDAY       31                        35     -4       32
  MONTH TO DATE 1059                      1023     36      771
  SINCE DEC 1   1059                      1023     36      771
  SINCE JUL 1   1632                      2017   -385     1507

 COOLING
  YESTERDAY        0                         0      0        0
  MONTH TO DATE    0                         0      0        0
  SINCE DEC 1      0                         0      0        0
  SINCE JAN 1   1711                      1422    289     1536
..................................................................


WIND (MPH)
  HIGHEST WIND SPEED    16   HIGHEST WIND DIRECTION     N (360)
  HIGHEST GUST SPEED    20   HIGHEST GUST DIRECTION     N (350)
  AVERAGE WIND SPEED     6.0


SKY COVER
  AVERAGE SKY COVER 0.0


WEATHER CONDITIONS
 THE FOLLOWING WEATHER WAS RECORDED YESTERDAY.
  NO SIGNIFICANT WEATHER WAS OBSERVED.


RELATIVE HUMIDITY (PERCENT)
 HIGHEST    84          1100 PM
 LOWEST     42          1200 AM
 AVERAGE    63

..........................................................


THE TOPEKA KS CLIMATE NORMALS FOR TODAY
                         NORMAL    RECORD    YEAR
 MAXIMUM TEMPERATURE (F)   39        67      2005
 MINIMUM TEMPERATURE (F)   20       -20      1974


SUNRISE AND SUNSET
JANUARY  1 2017.......SUNRISE   742 AM CST   SUNSET   511 PM CST
JANUARY  2 2017.......SUNRISE   742 AM CST   SUNSET   512 PM CST


-  INDICATES NEGATIVE NUMBERS.
R  INDICATES RECORD WAS SET OR TIED.
MM INDICATES DATA IS MISSING.
T  INDICATES TRACE AMOUNT.




$$
