000
CDUS43 KTOP 020632
CLITOP


CLIMATE REPORT
NATIONAL WEATHER SERVICE TOPEKA KS
1232 AM CST TUE FEB 2 2016


...................................

...THE TOPEKA KS CLIMATE SUMMARY FOR FEBRUARY 1 2016...

CLIMATE NORMAL PERIOD 1981 TO 2010
CLIMATE RECORD PERIOD 1887 TO 2016


WEATHER ITEM   OBSERVED TIME   RECORD YEAR NORMAL DEPARTURE LAST
                VALUE   (LST)  VALUE       VALUE  FROM      YEAR
                                                  NORMAL
..................................................................
TEMPERATURE (F)
 YESTERDAY
  MAXIMUM         51    403 PM  68    1911  41     10       34
  MINIMUM         36    242 AM -23    1979  20     16        9
  AVERAGE         44                        31     13       22

PRECIPITATION (IN)
  YESTERDAY        T             1.17 1973   0.04  -0.04     0.24
  MONTH TO DATE    T                         0.04  -0.04     0.24
  SINCE DEC 1      3.61                      2.25   1.36     3.63
  SINCE JAN 1      0.90                      0.90   0.00     1.36

SNOWFALL (IN)
  YESTERDAY        0.0           9.1  2011   0.2   -0.2      0.4
  MONTH TO DATE    0.0                       0.2   -0.2      0.4
  SINCE JAN 1      2.1                       5.1   -3.0      1.8
  SINCE JUL 1      3.3                      11.6   -8.3      4.2
  SNOW DEPTH       0

DEGREE DAYS
 HEATING
  YESTERDAY       21                        34    -13       43
  MONTH TO DATE   21                        34    -13       43
  SINCE DEC 1   1841                      2150   -309     1955
  SINCE JUL 1   2577                      3144   -567     2986

 COOLING
  YESTERDAY        0                         0      0        0
  MONTH TO DATE    0                         0      0        0
  SINCE DEC 1      0                         0      0        0
  SINCE JAN 1      0                         0      0        0
..................................................................


WIND (MPH)
  HIGHEST WIND SPEED    23   HIGHEST WIND DIRECTION    NE (60)
  HIGHEST GUST SPEED    28   HIGHEST GUST DIRECTION     E (70)
  AVERAGE WIND SPEED     9.3


SKY COVER
  AVERAGE SKY COVER 0.8


WEATHER CONDITIONS
 THE FOLLOWING WEATHER WAS RECORDED YESTERDAY.
  LIGHT RAIN


RELATIVE HUMIDITY (PERCENT)
 HIGHEST    76          1200 AM
 LOWEST     42           400 PM
 AVERAGE    59

..........................................................


THE TOPEKA KS CLIMATE NORMALS FOR TODAY
                         NORMAL    RECORD    YEAR
 MAXIMUM TEMPERATURE (F)   42        72      1924
 MINIMUM TEMPERATURE (F)   21       -15      1905


SUNRISE AND SUNSET
FEBRUARY  2 2016......SUNRISE   729 AM CST   SUNSET   544 PM CST
FEBRUARY  3 2016......SUNRISE   728 AM CST   SUNSET   545 PM CST


-  INDICATES NEGATIVE NUMBERS.
R  INDICATES RECORD WAS SET OR TIED.
MM INDICATES DATA IS MISSING.
T  INDICATES TRACE AMOUNT.




$$
