000
CDUS43 KTOP 250643
CLITOP


CLIMATE REPORT
NATIONAL WEATHER SERVICE TOPEKA KS
143 AM CDT THU JUN 25 2015


...................................

...THE TOPEKA KS CLIMATE SUMMARY FOR JUNE 24 2015...

CLIMATE NORMAL PERIOD 1981 TO 2010
CLIMATE RECORD PERIOD 1887 TO 2015


WEATHER ITEM   OBSERVED TIME   RECORD YEAR NORMAL DEPARTURE LAST
                VALUE   (LST)  VALUE       VALUE  FROM      YEAR
                                                  NORMAL
..................................................................
TEMPERATURE (F)
 YESTERDAY
  MAXIMUM         96    450 PM 104    1937  87      9       87
                                      1933
  MINIMUM         68    242 AM  50    1974  66      2       63
                                      1961
  AVERAGE         82                        76      6       75

PRECIPITATION (IN)
  YESTERDAY        0.00          1.96 1887   0.18  -0.18     0.00
  MONTH TO DATE    5.16                      4.38   0.78     5.99
  SINCE JUN 1      5.16                      4.38   0.78     5.99
  SINCE JAN 1     19.75                     17.49   2.26    13.46

SNOWFALL (IN)
  YESTERDAY        0.0           T    1992   0.0    0.0      0.0
  MONTH TO DATE    0.0                       0.0    0.0      0.0
  SINCE JAN 1      7.9                      11.3   -3.4     23.1
  SINCE JUL 1     10.3                      17.8   -7.5     27.4
  SNOW DEPTH       0

DEGREE DAYS
 HEATING
  YESTERDAY        0                         0      0        0
  MONTH TO DATE    0                         6     -6        0
  SINCE JUN 1      0                         6     -6        0
  SINCE JUL 1   4874                      5019   -145     5440

 COOLING
  YESTERDAY       17                        12      5       10
  MONTH TO DATE  286                       210     76      253
  SINCE JUN 1    286                       210     76      253
  SINCE JAN 1    368                       336     32      470
..................................................................


WIND (MPH)
  HIGHEST WIND SPEED    21   HIGHEST WIND DIRECTION     S (180)
  HIGHEST GUST SPEED    28   HIGHEST GUST DIRECTION     S (180)
  AVERAGE WIND SPEED    10.3


SKY COVER
  AVERAGE SKY COVER 0.0


WEATHER CONDITIONS
 THE FOLLOWING WEATHER WAS RECORDED YESTERDAY.
  NO SIGNIFICANT WEATHER WAS OBSERVED.


RELATIVE HUMIDITY (PERCENT)
 HIGHEST    97           500 AM
 LOWEST     42           200 PM
 AVERAGE    70

..........................................................


THE TOPEKA KS CLIMATE NORMALS FOR TODAY
                         NORMAL    RECORD    YEAR
 MAXIMUM TEMPERATURE (F)   87       106      1911
 MINIMUM TEMPERATURE (F)   66        50      1974
                                             1958


SUNRISE AND SUNSET
JUNE 25 2015..........SUNRISE   558 AM CDT   SUNSET   852 PM CDT
JUNE 26 2015..........SUNRISE   558 AM CDT   SUNSET   852 PM CDT


-  INDICATES NEGATIVE NUMBERS.
R  INDICATES RECORD WAS SET OR TIED.
MM INDICATES DATA IS MISSING.
T  INDICATES TRACE AMOUNT.




$$
