000
CDUS43 KTOP 260632
CLITOP


CLIMATE REPORT
NATIONAL WEATHER SERVICE TOPEKA KS
131 AM CDT THU OCT 26 2017


...................................

...THE TOPEKA KS CLIMATE SUMMARY FOR OCTOBER 25 2017...

CLIMATE NORMAL PERIOD 1981 TO 2010
CLIMATE RECORD PERIOD 1887 TO 2017


WEATHER ITEM   OBSERVED TIME   RECORD YEAR NORMAL DEPARTURE LAST
                VALUE   (LST)  VALUE       VALUE  FROM      YEAR
                                                  NORMAL
..................................................................
TEMPERATURE (F)
 YESTERDAY
  MAXIMUM         73    444 PM  88    1891  65      8       80
  MINIMUM         35    651 AM  22    1887  42     -7       53
  AVERAGE         54                        54      0       67

PRECIPITATION (IN)
  YESTERDAY        0.00          0.86 2006   0.09  -0.09     0.00
  MONTH TO DATE    2.87                      2.53   0.34     0.91
  SINCE SEP 1      4.65                      6.19  -1.54     8.69
  SINCE JAN 1     38.12                     32.76   5.36    41.58

SNOWFALL (IN)
  YESTERDAY        0.0           0.2  1898   0.0    0.0      0.0
  MONTH TO DATE    0.0                       0.2   -0.2      0.0
  SINCE JAN 1      3.5                      11.5   -8.0      3.7
  SINCE JUL 1      T                         0.2   -0.2       T
  SNOW DEPTH       0

DEGREE DAYS
 HEATING
  YESTERDAY       11                        12     -1        0
  MONTH TO DATE  108                       211   -103      120
  SINCE SEP 1    121                       276   -155      140
  SINCE JUL 1    121                       278   -157      140

 COOLING
  YESTERDAY        0                         0      0        2
  MONTH TO DATE   55                        25     30       42
  SINCE SEP 1    283                       190     93      286
  SINCE JAN 1   1473                      1418     55     1687
..................................................................


WIND (MPH)
  HIGHEST WIND SPEED    14   HIGHEST WIND DIRECTION     W (270)
  HIGHEST GUST SPEED    19   HIGHEST GUST DIRECTION     W (270)
  AVERAGE WIND SPEED     3.7


SKY COVER
  AVERAGE SKY COVER 0.0


WEATHER CONDITIONS
 THE FOLLOWING WEATHER WAS RECORDED YESTERDAY.
  NO SIGNIFICANT WEATHER WAS OBSERVED.


RELATIVE HUMIDITY (PERCENT)
 HIGHEST    89           300 AM
 LOWEST     29           300 PM
 AVERAGE    59

..........................................................


THE TOPEKA KS CLIMATE NORMALS FOR TODAY
                         NORMAL    RECORD    YEAR
 MAXIMUM TEMPERATURE (F)   65        88      2014
 MINIMUM TEMPERATURE (F)   42        22      1887


SUNRISE AND SUNSET
OCTOBER 26 2017.......SUNRISE   744 AM CDT   SUNSET   629 PM CDT
OCTOBER 27 2017.......SUNRISE   745 AM CDT   SUNSET   627 PM CDT


-  INDICATES NEGATIVE NUMBERS.
R  INDICATES RECORD WAS SET OR TIED.
MM INDICATES DATA IS MISSING.
T  INDICATES TRACE AMOUNT.




$$
