000
CDUS43 KTOP 280639
CLITOP


CLIMATE REPORT
NATIONAL WEATHER SERVICE TOPEKA KS
138 AM CDT MON AUG 28 2017


...................................

...THE TOPEKA KS CLIMATE SUMMARY FOR AUGUST 27 2017...

CLIMATE NORMAL PERIOD 1981 TO 2010
CLIMATE RECORD PERIOD 1887 TO 2017


WEATHER ITEM   OBSERVED TIME   RECORD YEAR NORMAL DEPARTURE LAST
                VALUE   (LST)  VALUE       VALUE  FROM      YEAR
                                                  NORMAL
..................................................................
TEMPERATURE (F)
 YESTERDAY
  MAXIMUM         81    441 PM 108    2000  87     -6       89
  MINIMUM         66   1135 PM  50    1967  64      2       66
                                      1910
                                      1906
  AVERAGE         74                        76     -2       78

PRECIPITATION (IN)
  YESTERDAY        0.07          1.88 1989   0.14  -0.07     0.57
  MONTH TO DATE    6.93                      3.71   3.22     4.51
  SINCE JUN 1     18.32                     12.93   5.39    12.26
  SINCE JAN 1     33.47                     26.04   7.43    31.57

SNOWFALL (IN)
  YESTERDAY        0.0           T    1919   0.0    0.0      0.0
  MONTH TO DATE    0.0                       0.0    0.0      0.0
  SINCE JAN 1      3.5                      11.3   -7.8      3.7
  SINCE JUL 1      T                         0.0    0.0       T
  SNOW DEPTH       0

DEGREE DAYS
 HEATING
  YESTERDAY        0                         0      0        0
  MONTH TO DATE    0                         0      0        0
  SINCE JUN 1      0                         8     -8        0
  SINCE JUL 1      0                         0      0        0

 COOLING
  YESTERDAY        9                        11     -2       13
  MONTH TO DATE  232                       346   -114      347
  SINCE JUN 1   1040                      1062    -22     1260
  SINCE JAN 1   1169                      1188    -19     1352
..................................................................


WIND (MPH)
  HIGHEST WIND SPEED    15   HIGHEST WIND DIRECTION     W (270)
  HIGHEST GUST SPEED    20   HIGHEST GUST DIRECTION     W (250)
  AVERAGE WIND SPEED     2.8


SKY COVER
  AVERAGE SKY COVER 0.4


WEATHER CONDITIONS
 THE FOLLOWING WEATHER WAS RECORDED YESTERDAY.
  THUNDERSTORM
  RAIN
  LIGHT RAIN
  FOG


RELATIVE HUMIDITY (PERCENT)
 HIGHEST   100          1000 AM
 LOWEST     67           500 PM
 AVERAGE    84

..........................................................


THE TOPEKA KS CLIMATE NORMALS FOR TODAY
                         NORMAL    RECORD    YEAR
 MAXIMUM TEMPERATURE (F)   87       107      2000
 MINIMUM TEMPERATURE (F)   64        43      1891


SUNRISE AND SUNSET
AUGUST 28 2017........SUNRISE   648 AM CDT   SUNSET   759 PM CDT
AUGUST 29 2017........SUNRISE   649 AM CDT   SUNSET   757 PM CDT


-  INDICATES NEGATIVE NUMBERS.
R  INDICATES RECORD WAS SET OR TIED.
MM INDICATES DATA IS MISSING.
T  INDICATES TRACE AMOUNT.




$$
