000
CDUS43 KTOP 110633
CLITOP


CLIMATE REPORT
NATIONAL WEATHER SERVICE TOPEKA KS
132 AM CDT SAT OCT 11 2014


...................................

...THE TOPEKA KS CLIMATE SUMMARY FOR OCTOBER 10 2014...

CLIMATE NORMAL PERIOD 1981 TO 2010
CLIMATE RECORD PERIOD 1887 TO 2014


WEATHER ITEM   OBSERVED TIME   RECORD YEAR NORMAL DEPARTURE LAST
                VALUE   (LST)  VALUE       VALUE  FROM      YEAR
                                                  NORMAL
..................................................................
TEMPERATURE (F)
 YESTERDAY
  MAXIMUM         56    408 AM  95    1963  71    -15       80
  MINIMUM         49    856 PM  27    1925  47      2       51
  AVERAGE         53                        58     -5       66

PRECIPITATION (IN)
  YESTERDAY        0.18          3.82 1912   0.10   0.08     0.00
  MONTH TO DATE    2.50                      1.10   1.40     1.04
  SINCE SEP 1      6.64                      4.76   1.88     4.31
  SINCE JAN 1     26.48                     31.33  -4.85    28.78

SNOWFALL (IN)
  YESTERDAY        0.0           T    1932   0.0    0.0      0.0
  MONTH TO DATE    0.0                       0.0    0.0      0.0
  SINCE JAN 1     23.1                      11.3   11.8     24.2
  SINCE JUL 1      T                         0.0    0.0      0.0
  SNOW DEPTH       0

DEGREE DAYS
 HEATING
  YESTERDAY       12                         8      4        0
  MONTH TO DATE   52                        65    -13       31
  SINCE SEP 1    101                       130    -29       45
  SINCE JUL 1    101                       132    -31       45

 COOLING
  YESTERDAY        0                         1     -1        1
  MONTH TO DATE   12                        16     -4       33
  SINCE SEP 1    185                       181      4      288
  SINCE JAN 1   1595                      1409    186     1582
..................................................................


WIND (MPH)
  HIGHEST WIND SPEED    20   HIGHEST WIND DIRECTION    NE (50)
  HIGHEST GUST SPEED    25   HIGHEST GUST DIRECTION    NE (40)
  AVERAGE WIND SPEED     9.5


SKY COVER
  AVERAGE SKY COVER 1.0


WEATHER CONDITIONS
 THE FOLLOWING WEATHER WAS RECORDED YESTERDAY.
  LIGHT RAIN
  FOG


RELATIVE HUMIDITY (PERCENT)
 HIGHEST    93          1200 AM
 LOWEST     64           700 AM
 AVERAGE    79

..........................................................


THE TOPEKA KS CLIMATE NORMALS FOR TODAY
                         NORMAL    RECORD    YEAR
 MAXIMUM TEMPERATURE (F)   70        94      1975
 MINIMUM TEMPERATURE (F)   46        31      1987
                                             1909


SUNRISE AND SUNSET
OCTOBER 11 2014.......SUNRISE   728 AM CDT   SUNSET   650 PM CDT
OCTOBER 12 2014.......SUNRISE   729 AM CDT   SUNSET   648 PM CDT


-  INDICATES NEGATIVE NUMBERS.
R  INDICATES RECORD WAS SET OR TIED.
MM INDICATES DATA IS MISSING.
T  INDICATES TRACE AMOUNT.




$$
