000
CDUS43 KTOP 110634
CLITOP


CLIMATE REPORT
NATIONAL WEATHER SERVICE TOPEKA KS
132 AM CDT MON MAY 11 2015


...................................

...THE TOPEKA KS CLIMATE SUMMARY FOR MAY 10 2015...

CLIMATE NORMAL PERIOD 1981 TO 2010
CLIMATE RECORD PERIOD 1887 TO 2015


WEATHER ITEM   OBSERVED TIME   RECORD YEAR NORMAL DEPARTURE LAST
                VALUE   (LST)  VALUE       VALUE  FROM      YEAR
                                                  NORMAL
..................................................................
TEMPERATURE (F)
 YESTERDAY
  MAXIMUM         74    306 PM  92    2011  74      0       86
  MINIMUM         52   1159 PM  35    1981  52      0       53
  AVERAGE         63                        63      0       70

PRECIPITATION (IN)
  YESTERDAY        0.28          1.67 2003   0.16   0.12     0.02
  MONTH TO DATE    2.06                      1.54   0.52     0.13
  SINCE MAR 1      5.23                      7.56  -2.33     4.31
  SINCE JAN 1      7.22                      9.74  -2.52     5.97

SNOWFALL (IN)
  YESTERDAY        0.0           T    1971   0.0    0.0      0.0
  MONTH TO DATE    0.0                       0.0    0.0      T
  SINCE JAN 1      7.9                      11.3   -3.4     23.1
  SINCE JUL 1     10.3                      17.8   -7.5     27.4
  SNOW DEPTH       0

DEGREE DAYS
 HEATING
  YESTERDAY        2                         4     -2        0
  MONTH TO DATE    6                        50    -44       29
  SINCE MAR 1    787                      1000   -213     1051
  SINCE JUL 1   4788                      4967   -179     5373

 COOLING
  YESTERDAY        0                         2     -2        5
  MONTH TO DATE   34                        18     16       49
  SINCE MAR 1     39                        46     -7       72
  SINCE JAN 1     39                        46     -7       72
..................................................................


WIND (MPH)
  HIGHEST WIND SPEED    23   HIGHEST WIND DIRECTION     S (170)
  HIGHEST GUST SPEED    29   HIGHEST GUST DIRECTION    SE (150)
  AVERAGE WIND SPEED     9.6


SKY COVER
  AVERAGE SKY COVER 0.5


WEATHER CONDITIONS
 THE FOLLOWING WEATHER WAS RECORDED YESTERDAY.
  THUNDERSTORM
  RAIN
  LIGHT RAIN
  FOG


RELATIVE HUMIDITY (PERCENT)
 HIGHEST    93          1200 AM
 LOWEST     62          1000 PM
 AVERAGE    78

..........................................................


THE TOPEKA KS CLIMATE NORMALS FOR TODAY
                         NORMAL    RECORD    YEAR
 MAXIMUM TEMPERATURE (F)   74        95      2000
 MINIMUM TEMPERATURE (F)   53        31      1981


SUNRISE AND SUNSET
MAY 11 2015...........SUNRISE   614 AM CDT   SUNSET   825 PM CDT
MAY 12 2015...........SUNRISE   613 AM CDT   SUNSET   826 PM CDT


-  INDICATES NEGATIVE NUMBERS.
R  INDICATES RECORD WAS SET OR TIED.
MM INDICATES DATA IS MISSING.
T  INDICATES TRACE AMOUNT.




$$
