068
CDUS43 KTOP 190633
CLITOP


CLIMATE REPORT
NATIONAL WEATHER SERVICE TOPEKA KS
133 AM CDT TUE MAY 19 2015


...................................

...THE TOPEKA KS CLIMATE SUMMARY FOR MAY 18 2015...

CLIMATE NORMAL PERIOD 1981 TO 2010
CLIMATE RECORD PERIOD 1887 TO 2015


WEATHER ITEM   OBSERVED TIME   RECORD YEAR NORMAL DEPARTURE LAST
                VALUE   (LST)  VALUE       VALUE  FROM      YEAR
                                                  NORMAL
..................................................................
TEMPERATURE (F)
 YESTERDAY
  MAXIMUM         68    345 PM  94    1975  77     -9       74
  MINIMUM         51   1159 PM  38    1976  55     -4       41
  AVERAGE         60                        66     -6       58

PRECIPITATION (IN)
  YESTERDAY        0.00          2.00 1950   0.16  -0.16     0.00
  MONTH TO DATE    5.03                      2.82   2.21     0.84
  SINCE MAR 1      8.20                      8.84  -0.64     5.02
  SINCE JAN 1     10.19                     11.02  -0.83     6.68

SNOWFALL (IN)
  YESTERDAY        0.0           T    1997   0.0    0.0      0.0
  MONTH TO DATE    0.0                       0.0    0.0       T
  SINCE JAN 1      7.9                      11.3   -3.4     23.1
  SINCE JUL 1     10.3                      17.8   -7.5     27.4
  SNOW DEPTH       0

DEGREE DAYS
 HEATING
  YESTERDAY        5                         3      2        7
  MONTH TO DATE   40                        76    -36       96
  SINCE MAR 1    821                      1026   -205     1118
  SINCE JUL 1   4822                      4993   -171     5440

 COOLING
  YESTERDAY        0                         3     -3        0
  MONTH TO DATE   52                        40     12       61
  SINCE MAR 1     57                        68    -11       84
  SINCE JAN 1     57                        68    -11       84
..................................................................


WIND (MPH)
  HIGHEST WIND SPEED    20   HIGHEST WIND DIRECTION     N (10)
  HIGHEST GUST SPEED    25   HIGHEST GUST DIRECTION     N (10)
  AVERAGE WIND SPEED     9.2


SKY COVER
  AVERAGE SKY COVER 0.0


WEATHER CONDITIONS
 THE FOLLOWING WEATHER WAS RECORDED YESTERDAY.
  NO SIGNIFICANT WEATHER WAS OBSERVED.


RELATIVE HUMIDITY (PERCENT)
 HIGHEST    93           300 AM
 LOWEST     52           300 PM
 AVERAGE    73

..........................................................


THE TOPEKA KS CLIMATE NORMALS FOR TODAY
                         NORMAL    RECORD    YEAR
 MAXIMUM TEMPERATURE (F)   77        96      2006
                                             1975
                                             1944
 MINIMUM TEMPERATURE (F)   55        30      1888


SUNRISE AND SUNSET
MAY 19 2015...........SUNRISE   606 AM CDT   SUNSET   832 PM CDT
MAY 20 2015...........SUNRISE   606 AM CDT   SUNSET   833 PM CDT


-  INDICATES NEGATIVE NUMBERS.
R  INDICATES RECORD WAS SET OR TIED.
MM INDICATES DATA IS MISSING.
T  INDICATES TRACE AMOUNT.




$$
