000
CDUS43 KTOP 260634
CLITOP


CLIMATE REPORT
NATIONAL WEATHER SERVICE TOPEKA KS
1233 AM CST WED NOV 26 2014


...................................

...THE TOPEKA KS CLIMATE SUMMARY FOR NOVEMBER 25 2014...

CLIMATE NORMAL PERIOD 1981 TO 2010
CLIMATE RECORD PERIOD 1887 TO 2014


WEATHER ITEM   OBSERVED TIME   RECORD YEAR NORMAL DEPARTURE LAST
                VALUE   (LST)  VALUE       VALUE  FROM      YEAR
                                                  NORMAL
..................................................................
TEMPERATURE (F)
 YESTERDAY
  MAXIMUM         48    258 PM  71    1981  49     -1       43
  MINIMUM         19    736 AM  11    1993  29    -10       29
  AVERAGE         34                        39     -5       36

PRECIPITATION (IN)
  YESTERDAY        0.00          1.08 1906   0.05  -0.05     0.00
  MONTH TO DATE    0.42                      1.58  -1.16     0.88
  SINCE SEP 1      9.02                      8.27   0.75     8.98
  SINCE JAN 1     28.86                     34.84  -5.98    33.45

SNOWFALL (IN)
  YESTERDAY        0.0           6.1  1975   0.0    0.0      0.0
  MONTH TO DATE    0.4                       0.6   -0.2       T
  SINCE JAN 1     23.5                      12.2   11.3     24.2
  SINCE JUL 1      0.4                       0.9   -0.5       T
  SNOW DEPTH       0

DEGREE DAYS
 HEATING
  YESTERDAY       31                        26      5       29
  MONTH TO DATE  662                       499    163      524
  SINCE SEP 1    916                       853     63      841
  SINCE JUL 1    916                       855     61      841

 COOLING
  YESTERDAY        0                         0      0        0
  MONTH TO DATE    0                         0      0        0
  SINCE SEP 1    201                       192      9      292
  SINCE JAN 1   1611                      1420    191     1586
..................................................................


WIND (MPH)
  HIGHEST WIND SPEED    15   HIGHEST WIND DIRECTION     S (180)
  HIGHEST GUST SPEED    18   HIGHEST GUST DIRECTION     S (170)
  AVERAGE WIND SPEED     6.2


SKY COVER
  AVERAGE SKY COVER 0.2


WEATHER CONDITIONS
 THE FOLLOWING WEATHER WAS RECORDED YESTERDAY.
  NO SIGNIFICANT WEATHER WAS OBSERVED.


RELATIVE HUMIDITY (PERCENT)
 HIGHEST    68           800 AM
 LOWEST     29          1100 AM
 AVERAGE    49

..........................................................


THE TOPEKA KS CLIMATE NORMALS FOR TODAY
                         NORMAL    RECORD    YEAR
 MAXIMUM TEMPERATURE (F)   49        77      1990
 MINIMUM TEMPERATURE (F)   28         7      1887


SUNRISE AND SUNSET
NOVEMBER 26 2014......SUNRISE   718 AM CST   SUNSET   502 PM CST
NOVEMBER 27 2014......SUNRISE   719 AM CST   SUNSET   502 PM CST


-  INDICATES NEGATIVE NUMBERS.
R  INDICATES RECORD WAS SET OR TIED.
MM INDICATES DATA IS MISSING.
T  INDICATES TRACE AMOUNT.




$$
